G1 Just freezes completely. (Logcat included) - G1 Q&A, Help & Troubleshooting

Alright, well, I've moved on from my G1, Unfortunately, but with android on my HD2, I think I can live , but that's not what this is about, anyway, so, I turn on my G1, if it does, that in itself is a hassle, which requires removing and putting back the battery several times, etc. and when it does boot, it seems to work fine. Of course that is unless I let it sleep too long, it seems that it just completely freezes and doesn't respond to anything after it's been asleep for a certain time. Nothing I do changes anything, and the charging LED stays on whether its connected or not, or whatever. Anyway, I've had this problem for awhile, tried switching roms, searching around, etc. to no avail, so I decided to post about it, hopefully someone can help. Heres the logcat ( lets see if I can put this on here right >.> ). I'm just putting the last bit of it, since the whole log won't fit, if you need the whole thing I can upload it somewhere I guess, hopefully this is enough.
Code:
gmail-ls( 269): sending notification. Adjusted values are label=-2, oldCount=0, newCount=0, unseenCount=0, getAttention=false
gmail-ls( 269): Sending notification intent: Intent { act=android.intent.action.PROVIDER_CHANGED dat=content://gmail-ls/unread/^^vmi typ=gmail-ls (has extras) }
gmail-ls( 269): sending notification. Adjusted values are label=639654730, oldCount=12, newCount=12, unseenCount=10, getAttention=false
gmail-ls( 269): Sending notification intent: Intent { act=android.intent.action.PROVIDER_CHANGED dat=content://gmail-ls/unread/^i typ=gmail-ls (has extras) }
ActivityManager( 186): Start proc com.google.android.partnersetup for broadcast com.google.android.partnersetup/.GooglePartnerSetup: pid=448 uid=10034 gids={}
dalvikvm( 186): GC freed 13683 objects / 772304 bytes in 326ms
GooglePartnerSetup( 448): GooglePartnerSetup.onReceive
GooglePartnerSetup( 448): Partner Data is Current
GooglePartnerSetup( 448): client_id set to: android-tmobile
GooglePartnerSetup( 448): maps client id: gmm-android-tmobile
GooglePartnerSetup( 448): youtube client id: mvapp-android-tmobile
GooglePartnerSetup( 448): market client id: am-android-tmobile
GooglePartnerSetup( 448): voicesearch client id: ms-android-tmobile
ActivityManager( 186): Start proc com.rechild.advancedtaskkiller for broadcast com.rechild.advancedtaskkiller/.AutoStartReceiver: pid=460 uid=10039 gids={3003, 1015}
MediaScannerService( 319): start scanning volume internal
ActivityManager( 186): Unable to start service Intent { flg=0x10000000 cmp=com.rechild.advancedtaskkiller/.AdvancedTaskKiller }: not found
ActivityManager( 186): Start proc cmupdaterapp.ui for broadcast cmupdaterapp.ui/cmupdaterapp.receiver.StartupReceiver: pid=468 uid=10035 gids={3003, 1015}
dalvikvm( 186): GC freed 6673 objects / 337576 bytes in 190ms
cmupdater( 468): Preferences: Preference Instance set.
cmupdater( 468): Preferences: Notifications Enabled: true
cmupdater( 468): StartupReceiver: Asking UpdateService to check for updates...
ActivityManager( 186): Start proc cmupdaterapp.service.UpdateCheckService for service cmupdaterapp.ui/cmupdaterapp.service.UpdateCheckService: pid=475 uid=10035 gids={3003, 1015}
ActivityManager( 186): Start proc com.google.android.apps.maps:FriendService for broadcast com.google.android.apps.maps/com.google.googlenav.friend.android.ServiceReceiver: pid=477 uid=10022 gids={3003, 1015}
cmupdater( 475): Preferences: Preference Instance set.
cmupdater( 475): Preferences: Board: trout
cmupdater( 475): UpdateCheckService: OnCreate connected: true
cmupdater( 475): UpdateCheckService: System's Mod version:trout
cmupdater( 475): UpdateCheckService: ConnectionChangeReciever connected: true
MediaScanner( 319): prescan time: 863ms
MediaScanner( 319): scan time: 980ms
MediaScanner( 319): postscan time: 0ms
MediaScanner( 319): total time: 1843ms
MediaScannerService( 319): done scanning volume internal
dalvikvm( 251): GC freed 5986 objects / 333712 bytes in 252ms
dalvikvm( 477): GC freed 1859 objects / 142248 bytes in 231ms
ActivityManager( 186): Start proc net.maicas.android.apnoo for broadcast net.maicas.android.apnoo/.WidgetApp: pid=492 uid=10037 gids={}
ActivityManager( 186): Start proc com.google.android.apps.uploader for broadcast com.google.android.apps.uploader/.common.ConnectivityBroadcastReceiver: pid=503 uid=10020 gids={3003, 1015}
( 319): unable to rmdir '/cache/dalvik-cache': Is a directory (errno=21)
ActivityThread( 503): Publishing provider com.google.photos.provider.Album: com.google.android.apps.uploader.picasa.AlbumProvider
ActivityThread( 503): Publishing provider com.google.android.apps.uploader: com.google.android.apps.uploader.common.UploadsContentProvider
MediaUploader( 503): UploaderApplication.onCreate
MediaUploader( 503): No need to wake up
ActivityManager( 186): Start proc com.android.voicedialer for broadcast com.android.voicedialer/.VoiceDialerReceiver: pid=513 uid=10025 gids={3002}
VoiceDialerReceiver( 513): onReceive Intent { act=android.intent.action.PACKAGE_CHANGED dat=package:com.android.stk flg=0x20000000 cmp=com.android.voicedialer/.VoiceDialerReceiver (has extras) }
RecognizerEngine( 513): deleteCachedGrammarFiles /data/data/com.android.voicedialer/files/openentries.txt
ActivityManager( 186): Start proc com.google.android.gm for broadcast com.google.android.gm/.GmailReceiver: pid=520 uid=10012 gids={3003}
MediaScannerService( 319): start scanning volume external
V/MediaProvider 319: /sdcard volume ID: 1371026348
ActivityThread( 520): Publishing provider com.google.android.gmail.SuggestionProvider: com.google.android.gm.SuggestionsProvider
ActivityThread( 520): Publishing provider com.google.android.gm.status: com.google.android.gm.SenderStatusProvider
ActivityThread( 520): Publishing provider com.google.android.gm.attachmentspreviews: com.google.android.gm.AttachmentPreviewProvider
Gmail ( 520): New email for [email protected] unreadCount:12 getAttention:false
V/MediaProvider 319: Attached volume: external
V/MediaScanner 319: pruneDeadThumbnailFiles... [email protected]
V/MediaScanner 319: /pruneDeadThumbnailFiles... [email protected]
MediaScanner( 319): prescan time: 396ms
MediaScanner( 319): scan time: 18ms
MediaScanner( 319): postscan time: 38ms
MediaScanner( 319): total time: 452ms
MediaScannerService( 319): done scanning volume external
/system/xbin/busybox( 47): +++ Shadow Script: renice done
logwrapper( 47): /system/xbin/busybox terminated by exit(0)
skia ( 186): purging 175K from font cache [21 entries]
dalvikvm( 186): GC freed 3155 objects / 140280 bytes in 207ms
dalvikvm( 269): GC freed 6294 objects / 393088 bytes in 226ms
Sensors ( 186): sensors=00000000, real=00000000
WifiService( 186): ACTION_SCREEN_OFF
WifiService( 186): setting ACTION_DEVICE_IDLE timer for 900000ms
AKMD ( 166): Compass CLOSE
SurfaceFlinger( 186): About to give-up screen, flinger = 0x101280
WifiService( 186): ACTION_BATTERY_CHANGED pluggedType: 2
Thanks for any help you guys can offer, I appreciate it!
I've attached the full logcat from pretty much boot too freeze.

Bump... Would really appreciate some help here

Bump.... I really need some help....

Over 100+ views and no one has any ideas? Do you need more info? I really need to get it fixed, ANY help would be greatly appreciated.

Another bump... I could really use any help at all guys....

Related

Camera APP won't OPEN/WORK Blackscreen?

So my screen shattered, and I send my Nexus one to HTC to be repaired.
Before I sent it, my nexus was rooted with Cyanogen 5.0.5.3 with everything working just dandy (camera included.)
After getting my Nexus back from HTC, it was UN-ROOTED, completely wiped.
I re-rooted my phone, and since it was wiped, decided to start fresh with Cyanogen 5.0.6. So i flashed that, then the GAPPs and started up. I used Titanium Backup to restore my 200 something apps.
Everything was working perfectly, EXCEPT clicking the camera app, would lag, then go to a permanent black screen, where the phone will freeze up and then not open. I had restored ALL my apps with Titanium with APPS2SD, so I assumed it was possibly from restoring my camera app onto the SD card that it was not running.
So i wiped my phone, and tried using a NANDROID backup, from the day before my phone screen broke, which is back to Cyanogen 5.0.5.3 or whatever. Everything was restored back to how I used to have it, and that was with Desire camera.
Tried to open the camera App, and NOTHING. Same black screen.
I tried wiping my Nexus again. I wiped the phone in Amon-Ra recovery, then wiped the SD-EXT of Apps2SD, I also wiped the cache, and the dalvrik cache. I rebooted my Nexus, and still when trying to open the camera, it would lag then go to black screen.
Does anyone know what is wrong with the camera? I don't think HTC messed anything up on the camera... but I guess you never know....
post a logcat.
This is the first time I've done a logcat file.... Saved it as a txt, but its too large to attach to a post!
This is the last part of the logcat, right when i attempted to open the camera app.
V/MediaProvider( 430): we got work to do for checkThumbnail: /sdcard/MyLifez/IMG_6789.JPG, there are still 0 tasks left in queue
D/WindowManager( 149): I'm tired mEndcallBehavior=0x2
I/power ( 149): *** set_screen_state 0
D/ViewFlipper( 536): updateRunning() mVisible=false, mStarted=true, mUserPresent=false, mRunning=false
D/dalvikvm( 149): GC freed 2728 objects / 110264 bytes in 100ms
D/SurfaceFlinger( 149): About to give-up screen, flinger = 0x14b408
I/WindowManager( 149): Setting rotation to 0, animFlags=0
I/ActivityManager( 149): Config changed: { scale=1.0 imsi=310/260 loc=en_US touch=3 keys=1/1/2 nav=3/1 orien=1 layout=34}
V/RenderScript( 298): setSurface 480 800 0x11cdc0
W/ActivityManager( 149): Activity pause timeout for HistoryRecord{45d65b88 com.android.camera/.Camera}
D/dalvikvm( 149): GC freed 2882 objects / 139624 bytes in 107ms
I/AudioHardwareQSD( 129): AudioHardware pcm playback is going to standby.
D/dalvikvm( 149): GC freed 3491 objects / 163216 bytes in 82ms
W/ActivityManager( 149): Activity idle timeout for HistoryRecord{45d65b88 com.android.camera/.Camera}
D/dalvikvm( 536): GC freed 3957 objects / 203664 bytes in 68ms
D/KeyguardViewMediator( 149): wakeWhenReadyLocked(26)
D/KeyguardViewMediator( 149): handleWakeWhenReady(26)
D/KeyguardViewMediator( 149): pokeWakelock(5000)
I/power ( 149): *** set_screen_state 1
D/SurfaceFlinger( 149): Screen about to return, flinger = 0x14b408
D/KeyguardViewMediator( 149): pokeWakelock(5000)
D/KeyguardViewMediator( 149): pokeWakelock(5000)
D/ViewFlipper( 536): updateRunning() mVisible=false, mStarted=true, mUserPresent=true, mRunning=false
I/WindowManager( 149): Setting rotation to 1, animFlags=0
I/ActivityManager( 149): Config changed: { scale=1.0 imsi=310/260 loc=en_US touch=3 keys=1/1/2 nav=3/1 orien=2 layout=34}
I/WindowManager( 149): Setting rotation to 0, animFlags=0
I/ActivityManager( 149): Config changed: { scale=1.0 imsi=310/260 loc=en_US touch=3 keys=1/1/2 nav=3/1 orien=1 layout=34}
I/WindowManager( 149): Setting rotation to 1, animFlags=0
I/ActivityManager( 149): Config changed: { scale=1.0 imsi=310/260 loc=en_US touch=3 keys=1/1/2 nav=3/1 orien=2 layout=34}
V/RenderScript( 298): setSurface 800 480 0x11cdc0
D/dalvikvm( 149): GC freed 3546 objects / 178776 bytes in 71ms
I/ActivityManager( 149): Starting activity: Intent { act=android.intent.action.MAIN cat=[android.intent.category.HOME] flg=0x10200000 cmp=com.android.launcher2/.Launcher }
D/NetworkLocationProvider( 149): onDataConnectionStateChanged 8
D/MobileDataStateTracker( 149): default Received state= CONNECTED, old= CONNECTED, reason= (unspecified), apnTypeList= *
D/MobileDataStateTracker( 149): replacing old mInterfaceName (rmnet0) with rmnet0 for mms
D/MobileDataStateTracker( 149): replacing old mInterfaceName (rmnet0) with rmnet0 for supl
D/MobileDataStateTracker( 149): replacing old mInterfaceName (rmnet0) with rmnet0 for dun
D/MobileDataStateTracker( 149): replacing old mInterfaceName (rmnet0) with rmnet0 for hipri
D/NetworkLocationProvider( 149): onCellLocationChanged [38999,33072518]
W/ActivityManager( 149): Activity pause timeout for HistoryRecord{45d65b88 com.android.camera/.Camera}
D/dalvikvm( 149): GC freed 3656 objects / 188152 bytes in 78ms
I/WindowManager( 149): Setting rotation to 0, animFlags=0
V/RenderScript_jni( 536): surfaceCreated
V/RenderScript_jni( 536): surfaceChanged
V/RenderScript( 536): setSurface 800 480 0x44f848
I/ActivityManager( 149): Config changed: { scale=1.0 imsi=310/260 loc=en_US touch=3 keys=1/1/2 nav=3/1 orien=1 layout=34}
D/ViewFlipper( 536): updateRunning() mVisible=true, mStarted=true, mUserPresent=true, mRunning=true
V/RenderScript_jni( 536): surfaceChanged
V/RenderScript( 536): setSurface 480 762 0x44f848
W/InputManagerService( 149): Window already focused, ignoring focus gain of: [email protected]
V/RenderScript( 298): setSurface 480 800 0x11cdc0
D/dalvikvm( 149): GC freed 1800 objects / 100872 bytes in 114ms
D/AlarmManagerService( 149): Kernel timezone updated to 420 minutes west of GMT
D/SystemClock( 302): Setting time of day to sec=1272066532
W/BackupManagerService( 149): dataChanged but no participant pkg='com.android.providers.settings' uid=10040
I/ActivityManager( 149): Starting activity: Intent { act=android.intent.action.MAIN cat=[android.intent.category.LAUNCHER] flg=0x10200000 cmp=com.android.camera/.Camera }
I/WindowManager( 149): Setting rotation to 1, animFlags=0
I/ActivityManager( 149): Config changed: { scale=1.0 imsi=310/260 loc=en_US touch=3 keys=1/1/2 nav=3/1 orien=2 layout=34}
V/RenderScript( 298): setSurface 800 480 0x11cdc0
V/RenderScript_jni( 536): surfaceDestroyed
V/RenderScript( 536): setSurface 0 0 0x0
D/ViewFlipper( 536): updateRunning() mVisible=false, mStarted=true, mUserPresent=true, mRunning=false
D/dalvikvm( 149): GC freed 1775 objects / 87624 bytes in 85ms
W/ActivityManager( 149): Activity idle timeout for HistoryRecord{45d65b88 com.android.camera/.Camera}
D/dalvikvm( 558): GC freed 531 objects / 20392 bytes in 65ms
I/ActivityManager( 149): Starting activity: Intent { act=android.intent.action.MAIN cat=[android.intent.category.HOME] flg=0x10200000 cmp=com.android.launcher2/.Launcher }
W/ActivityManager( 149): Activity pause timeout for HistoryRecord{45d65b88 com.android.camera/.Camera}
I/WindowManager( 149): Setting rotation to 0, animFlags=0
V/RenderScript_jni( 536): surfaceCreated
V/RenderScript_jni( 536): surfaceChanged
V/RenderScript( 536): setSurface 800 480 0x118e40
I/ActivityManager( 149): Config changed: { scale=1.0 imsi=310/260 loc=en_US touch=3 keys=1/1/2 nav=3/1 orien=1 layout=34}
D/ViewFlipper( 536): updateRunning() mVisible=true, mStarted=true, mUserPresent=true, mRunning=true
V/RenderScript_jni( 536): surfaceChanged
V/RenderScript( 536): setSurface 480 762 0x118e40
W/InputManagerService( 149): Window already focused, ignoring focus gain of: [email protected]
V/RenderScript( 298): setSurface 480 800 0x11cdc0
D/dalvikvm( 149): GC freed 2433 objects / 110304 bytes in 79ms
I/power ( 149): *** set_screen_state 0
D/ViewFlipper( 536): updateRunning() mVisible=true, mStarted=true, mUserPresent=false, mRunning=false
D/SurfaceFlinger( 149): About to give-up screen, flinger = 0x14b408
D/dalvikvm( 149): GC freed 3791 objects / 180712 bytes in 63ms
D/dalvikvm( 558): GC freed 414 objects / 16072 bytes in 69ms
D/AlarmManagerService( 149): Kernel timezone updated to 420 minutes west of GMT
D/SystemClock( 302): Setting time of day to sec=1272066671
W/BackupManagerService( 149): dataChanged but no participant pkg='com.android.providers.settings' uid=10040
D/NetworkLocationProvider( 149): onDataConnectionStateChanged 1
D/NetworkLocationProvider( 149): onCellLocationChanged [-1,-1]
D/MobileDataStateTracker( 149): default Received state= CONNECTED, old= CONNECTED, reason= (unspecified), apnTypeList= *
D/MobileDataStateTracker( 149): replacing old mInterfaceName (rmnet0) with rmnet0 for mms
D/MobileDataStateTracker( 149): replacing old mInterfaceName (rmnet0) with rmnet0 for supl
D/MobileDataStateTracker( 149): replacing old mInterfaceName (rmnet0) with rmnet0 for dun
D/MobileDataStateTracker( 149): replacing old mInterfaceName (rmnet0) with rmnet0 for hipri
D/dalvikvm( 467): GC freed 689 objects / 28416 bytes in 63ms
D/dalvikvm( 476): GC freed 2134 objects / 122872 bytes in 76ms
D/AlarmManagerService( 149): Kernel timezone updated to 420 minutes west of GMT
D/SystemClock( 302): Setting time of day to sec=1272066728
W/BackupManagerService( 149): dataChanged but no participant pkg='com.android.providers.settings' uid=10040
D/NetworkLocationProvider( 149): onDataConnectionStateChanged 8
D/MobileDataStateTracker( 149): default Received state= CONNECTED, old= CONNECTED, reason= (unspecified), apnTypeList= *
D/MobileDataStateTracker( 149): replacing old mInterfaceName (rmnet0) with rmnet0 for mms
D/MobileDataStateTracker( 149): replacing old mInterfaceName (rmnet0) with rmnet0 for supl
D/MobileDataStateTracker( 149): replacing old mInterfaceName (rmnet0) with rmnet0 for dun
D/MobileDataStateTracker( 149): replacing old mInterfaceName (rmnet0) with rmnet0 for hipri
D/KeyguardViewMediator( 149): wakeWhenReadyLocked(26)
D/KeyguardViewMediator( 149): handleWakeWhenReady(26)
D/KeyguardViewMediator( 149): pokeWakelock(5000)
I/power ( 149): *** set_screen_state 1
D/SurfaceFlinger( 149): Screen about to return, flinger = 0x14b408
D/dalvikvm( 302): GC freed 10718 objects / 623096 bytes in 106ms
D/NetworkLocationProvider( 149): onCellLocationChanged [38999,33072518]
D/KeyguardViewMediator( 149): pokeWakelock(5000)
D/KeyguardViewMediator( 149): pokeWakelock(5000)
D/ViewFlipper( 536): updateRunning() mVisible=true, mStarted=true, mUserPresent=true, mRunning=true
W/InputManagerService( 149): Window already focused, ignoring focus gain of: [email protected]
I/ActivityManager( 149): Starting activity: Intent { act=android.intent.action.MAIN cat=[android.intent.category.LAUNCHER] flg=0x10200000 cmp=com.android.camera/.Camera }
I/WindowManager( 149): Setting rotation to 1, animFlags=0
I/ActivityManager( 149): Config changed: { scale=1.0 imsi=310/260 loc=en_US touch=3 keys=1/1/2 nav=3/1 orien=2 layout=34}
V/RenderScript( 298): setSurface 800 480 0x11cdc0
D/dalvikvm( 149): GC freed 11263 objects / 518992 bytes in 70ms
V/RenderScript_jni( 536): surfaceDestroyed
V/RenderScript( 536): setSurface 0 0 0x0
D/ViewFlipper( 536): updateRunning() mVisible=false, mStarted=true, mUserPresent=true, mRunning=false
D/dalvikvm( 149): GC freed 2392 objects / 122416 bytes in 86ms
W/ActivityManager( 149): Launch timeout has expired, giving up wake lock!
W/ActivityManager( 149): Activity idle timeout for HistoryRecord{45d65b88 com.android.camera/.Camera}
D/dalvikvm( 536): GC freed 4059 objects / 315512 bytes in 67ms
D/NetworkLocationProvider( 149): onCellLocationChanged [38999,33031887]
D/NetworkLocationProvider( 149): onCellLocationChanged [38999,33072518]
D/NetworkLocationProvider( 149): onCellLocationChanged [38999,33031887]
D/NetworkLocationProvider( 149): onCellLocationChanged [38999,33072518]
D/NetworkLocationProvider( 149): onCellLocationChanged [38999,33031887]
D/NetworkLocationProvider( 149): onCellLocationChanged [38999,33072518]
D/NetworkLocationProvider( 149): onCellLocationChanged [38999,33031887]
D/NetworkLocationProvider( 149): onCellLocationChanged [38999,33072518]
I/power ( 149): *** set_screen_state 0
D/ViewFlipper( 536): updateRunning() mVisible=false, mStarted=true, mUserPresent=false, mRunning=false
D/SurfaceFlinger( 149): About to give-up screen, flinger = 0x14b408
W/ActivityManager( 149): Activity pause timeout for HistoryRecord{45d65b88 com.android.camera/.Camera}
D/dalvikvm( 149): GC freed 3473 objects / 158408 bytes in 62ms
I/WindowManager( 149): Setting rotation to 0, animFlags=0
I/ActivityManager( 149): Config changed: { scale=1.0 imsi=310/260 loc=en_US touch=3 keys=1/1/2 nav=3/1 orien=1 layout=34}
V/RenderScript( 298): setSurface 480 800 0x11cdc0
D/dalvikvm( 149): GC freed 3208 objects / 152456 bytes in 68ms
D/dalvikvm( 149): GC freed 1802 objects / 86504 bytes in 85ms
D/dalvikvm( 558): GC freed 272 objects / 10176 bytes in 63ms
D/KeyguardViewMediator( 149): wakeWhenReadyLocked(26)
D/KeyguardViewMediator( 149): handleWakeWhenReady(26)
D/KeyguardViewMediator( 149): pokeWakelock(5000)
I/power ( 149): *** set_screen_state 1
D/SurfaceFlinger( 149): Screen about to return, flinger = 0x14b408
D/NetworkLocationProvider( 149): onCellLocationChanged [38999,33037676]
D/KeyguardViewMediator( 149): pokeWakelock(5000)
D/KeyguardViewMediator( 149): pokeWakelock(5000)
D/ViewFlipper( 536): updateRunning() mVisible=false, mStarted=true, mUserPresent=true, mRunning=false
I/WindowManager( 149): Setting rotation to 1, animFlags=0
I/ActivityManager( 149): Config changed: { scale=1.0 imsi=310/260 loc=en_US touch=3 keys=1/1/2 nav=3/1 orien=2 layout=34}
I/WindowManager( 149): Setting rotation to 0, animFlags=0
I/ActivityManager( 149): Config changed: { scale=1.0 imsi=310/260 loc=en_US touch=3 keys=1/1/2 nav=3/1 orien=1 layout=34}
I/WindowManager( 149): Setting rotation to 1, animFlags=0
V/RenderScript( 298): setSurface 800 480 0x11cdc0
I/ActivityManager( 149): Config changed: { scale=1.0 imsi=310/260 loc=en_US touch=3 keys=1/1/2 nav=3/1 orien=2 layout=34}
D/dalvikvm( 149): GC freed 6226 objects / 303168 bytes in 79ms
D/NetworkLocationProvider( 149): onCellLocationChanged [38999,33072518]
D/dalvikvm( 149): GC freed 1897 objects / 106376 bytes in 63ms
D/dalvikvm( 149): GC freed 939 objects / 44456 bytes in 81ms
D/WindowManager( 149): I'm tired mEndcallBehavior=0x2
I/power ( 149): *** set_screen_state 0
D/ViewFlipper( 536): updateRunning() mVisible=false, mStarted=true, mUserPresent=false, mRunning=false
I/WindowManager( 149): Setting rotation to 0, animFlags=0
W/SurfaceFlinger( 149): timeout expired mFreezeDisplay=1, mFreezeCount=0
I/ActivityManager( 149): Config changed: { scale=1.0 imsi=310/260 loc=en_US touch=3 keys=1/1/2 nav=3/1 orien=1 layout=34}
D/SurfaceFlinger( 149): About to give-up screen, flinger = 0x14b408
V/RenderScript( 298): setSurface 480 800 0x11cdc0
D/dalvikvm( 149): GC freed 4167 objects / 214248 bytes in 72ms
W/ActivityManager( 149): Activity pause timeout for HistoryRecord{45d65b88 com.android.camera/.Camera}
W/ActivityManager( 149): Activity idle timeout for HistoryRecord{45d65b88 com.android.camera/.Camera}
D/dalvikvm( 149): GC freed 1824 objects / 87480 bytes in 81ms
D/KeyguardViewMediator( 149): wakeWhenReadyLocked(26)
D/KeyguardViewMediator( 149): handleWakeWhenReady(26)
D/KeyguardViewMediator( 149): pokeWakelock(5000)
I/power ( 149): *** set_screen_state 1
D/SurfaceFlinger( 149): Screen about to return, flinger = 0x14b408
D/KeyguardViewMediator( 149): pokeWakelock(5000)
D/KeyguardViewMediator( 149): pokeWakelock(5000)
D/ViewFlipper( 536): updateRunning() mVisible=false, mStarted=true, mUserPresent=true, mRunning=false
I/WindowManager( 149): Setting rotation to 1, animFlags=0
I/ActivityManager( 149): Config changed: { scale=1.0 imsi=310/260 loc=en_US touch=3 keys=1/1/2 nav=3/1 orien=2 layout=34}
I/WindowManager( 149): Setting rotation to 0, animFlags=0
I/ActivityManager( 149): Config changed: { scale=1.0 imsi=310/260 loc=en_US touch=3 keys=1/1/2 nav=3/1 orien=1 layout=34}
V/RenderScript( 298): setSurface 800 480 0x11cdc0
I/WindowManager( 149): Setting rotation to 1, animFlags=0
I/ActivityManager( 149): Config changed: { scale=1.0 imsi=310/260 loc=en_US touch=3 keys=1/1/2 nav=3/1 orien=2 layout=34}
D/dalvikvm( 149): GC freed 3328 objects / 170128 bytes in 73ms
D/skia ( 149): purging 191K from font cache [19 entries]
D/dalvikvm( 149): GC freed 2668 objects / 144832 bytes in 78ms
W/ActivityManager( 149): Activity idle timeout for HistoryRecord{45d65b88 com.android.camera/.Camera}
D/dalvikvm( 536): GC freed 1103 objects / 43160 bytes in 71ms
W/WindowManager( 149): Key dispatching timed out sending to <null>
W/WindowManager( 149): Dispatch state: {{KeyEvent{action=1 code=26 repeat=0 meta=0 scancode=116 mFlags=8} to Window{45d0ec10 Keyguard paused=false} @ 1272067056085 lw=Window{45d0ec10 Keyguard paused=false} [email protected] fin=false gfw=true ed=true tts=0 wf=true fp=false mcf=null}}
I/WindowManager( 149): focus null mToken is null at event dispatch!
W/WindowManager( 149): Current state: {{KeyEvent{action=0 code=4 repeat=0 meta=0 scancode=158 mFlags=72} to null @ 1272067071709 lw=null lb=null fin=true gfw=true ed=true tts=0 wf=false fp=false mcf=null}}
I/ActivityManager( 149): ANR in process: com.android.camera (last in com.android.camera)
I/ActivityManager( 149): Annotation: keyDispatchingTimedOut
I/ActivityManager( 149): CPU usage:
I/ActivityManager( 149): Load: 1.18 / 1.48 / 1.43
I/ActivityManager( 149): CPU usage from 9939ms to 22ms ago:
I/ActivityManager( 149): system_server: 2% = 1% user + 0% kernel / faults: 9 minor
I/ActivityManager( 149): akmd: 1% = 0% user + 1% kernel
I/ActivityManager( 149): droid.launcher2: 0% = 0% user + 0% kernel / faults: 46 minor
I/ActivityManager( 149): flush-31:0: 0% = 0% user + 0% kernel
I/ActivityManager( 149): events/0: 0% = 0% user + 0% kernel
I/ActivityManager( 149): adbd: 0% = 0% user + 0% kernel
I/ActivityManager( 149): m.android.phone: 0% = 0% user + 0% kernel
I/ActivityManager( 149): TOTAL: 4% = 1% user + 2% kernel
I/Process ( 149): Sending signal. PID: 575 SIG: 3
I/dalvikvm( 575): threadid=7: reacting to signal 3
I/dalvikvm( 575): Wrote stack trace to '/data/anr/traces.txt'
I/Process ( 149): Sending signal. PID: 149 SIG: 3
I/dalvikvm( 149): threadid=7: reacting to signal 3
I/dalvikvm( 149): Wrote stack trace to '/data/anr/traces.txt'
I/Process ( 149): Sending signal. PID: 558 SIG: 3
I/dalvikvm( 558): threadid=7: reacting to signal 3
I/dalvikvm( 558): Wrote stack trace to '/data/anr/traces.txt'
I/Process ( 149): Sending signal. PID: 536 SIG: 3
I/dalvikvm( 536): threadid=7: reacting to signal 3
I/dalvikvm( 536): Wrote stack trace to '/data/anr/traces.txt'
I/Process ( 149): Sending signal. PID: 476 SIG: 3
I/dalvikvm( 476): threadid=7: reacting to signal 3
I/dalvikvm( 476): Wrote stack trace to '/data/anr/traces.txt'
I/Process ( 149): Sending signal. PID: 467 SIG: 3
I/dalvikvm( 467): threadid=7: reacting to signal 3
I/dalvikvm( 467): Wrote stack trace to '/data/anr/traces.txt'
I/Process ( 149): Sending signal. PID: 519 SIG: 3
I/dalvikvm( 519): threadid=7: reacting to signal 3
I/dalvikvm( 519): Wrote stack trace to '/data/anr/traces.txt'
I/Process ( 149): Sending signal. PID: 547 SIG: 3
I/dalvikvm( 547): threadid=7: reacting to signal 3
I/dalvikvm( 547): Wrote stack trace to '/data/anr/traces.txt'
I/Process ( 149): Sending signal. PID: 394 SIG: 3
I/dalvikvm( 394): threadid=7: reacting to signal 3
I/dalvikvm( 394): Wrote stack trace to '/data/anr/traces.txt'
I/Process ( 149): Sending signal. PID: 430 SIG: 3
I/dalvikvm( 430): threadid=7: reacting to signal 3
I/dalvikvm( 430): Wrote stack trace to '/data/anr/traces.txt'
I/Process ( 149): Sending signal. PID: 381 SIG: 3
I/dalvikvm( 381): threadid=7: reacting to signal 3
I/dalvikvm( 381): Wrote stack trace to '/data/anr/traces.txt'
I/Process ( 149): Sending signal. PID: 369 SIG: 3
I/dalvikvm( 369): threadid=7: reacting to signal 3
I/dalvikvm( 369): Wrote stack trace to '/data/anr/traces.txt'
I/Process ( 149): Sending signal. PID: 497 SIG: 3
I/dalvikvm( 497): threadid=7: reacting to signal 3
I/dalvikvm( 497): Wrote stack trace to '/data/anr/traces.txt'
I/Process ( 149): Sending signal. PID: 489 SIG: 3
I/dalvikvm( 489): threadid=7: reacting to signal 3
I/dalvikvm( 489): Wrote stack trace to '/data/anr/traces.txt'
I/Process ( 149): Sending signal. PID: 325 SIG: 3
I/dalvikvm( 325): threadid=7: reacting to signal 3
I/dalvikvm( 325): Wrote stack trace to '/data/anr/traces.txt'
I/Process ( 149): Sending signal. PID: 449 SIG: 3
I/dalvikvm( 449): threadid=7: reacting to signal 3
I/dalvikvm( 449): Wrote stack trace to '/data/anr/traces.txt'
I/Process ( 149): Sending signal. PID: 442 SIG: 3
I/dalvikvm( 442): threadid=7: reacting to signal 3
I/dalvikvm( 442): Wrote stack trace to '/data/anr/traces.txt'
I/Process ( 149): Sending signal. PID: 412 SIG: 3
I/dalvikvm( 412): threadid=7: reacting to signal 3
I/dalvikvm( 412): Wrote stack trace to '/data/anr/traces.txt'
I/Process ( 149): Sending signal. PID: 400 SIG: 3
I/dalvikvm( 400): threadid=7: reacting to signal 3
I/dalvikvm( 400): Wrote stack trace to '/data/anr/traces.txt'
I/Process ( 149): Sending signal. PID: 302 SIG: 3
I/dalvikvm( 302): threadid=7: reacting to signal 3
I/dalvikvm( 302): Wrote stack trace to '/data/anr/traces.txt'
I/Process ( 149): Sending signal. PID: 341 SIG: 3
I/dalvikvm( 341): threadid=7: reacting to signal 3
I/dalvikvm( 341): Wrote stack trace to '/data/anr/traces.txt'
I/Process ( 149): Sending signal. PID: 298 SIG: 3
I/dalvikvm( 298): threadid=7: reacting to signal 3
I/dalvikvm( 298): Wrote stack trace to '/data/anr/traces.txt'
D/NetworkLocationProvider( 149): onDataConnectionStateChanged 1
D/MobileDataStateTracker( 149): default Received state= CONNECTED, old= CONNECTED, reason= (unspecified), apnTypeList= *
D/MobileDataStateTracker( 149): replacing old mInterfaceName (rmnet0) with rmnet0 for mms
D/MobileDataStateTracker( 149): replacing old mInterfaceName (rmnet0) with rmnet0 for supl
D/MobileDataStateTracker( 149): replacing old mInterfaceName (rmnet0) with rmnet0 for dun
D/MobileDataStateTracker( 149): replacing old mInterfaceName (rmnet0) with rmnet0 for hipri
D/NetworkLocationProvider( 149): onCellLocationChanged [372,42373]
I/Process ( 149): Sending signal. PID: 299 SIG: 3
I/dalvikvm( 299): threadid=7: reacting to signal 3
I/dalvikvm( 299): Wrote stack trace to '/data/anr/traces.txt'
W/WindowManager( 149): No focus window, dropping: KeyEvent{action=0 code=4 repeat=0 meta=0 scancode=158 mFlags=72}
I/ActivityManager( 149): Start proc com.android.bugreport for broadcast com.android.bugreport/.BugReportReceiver: pid=890 uid=1007 gids={1007, 1015}
I/ActivityManager( 149): Killing process com.android.camera (pid=575) at user's request
I/Process ( 149): Sending signal. PID: 575 SIG: 9
I/ActivityManager( 149): Process com.android.camera (pid 575) has died.
I/WindowManager( 149): Setting rotation to 0, animFlags=0
W/WindowManager( 149): Rebuild removed 3 windows but added 2
I/ActivityManager( 149): Config changed: { scale=1.0 imsi=310/260 loc=en_US touch=3 keys=1/1/2 nav=3/1 orien=1 layout=34}
I/UsageStats( 149): Unexpected resume of com.android.launcher2 while already resumed in com.android.camera
V/RenderScript_jni( 536): surfaceCreated
V/RenderScript_jni( 536): surfaceChanged
V/RenderScript( 536): setSurface 800 480 0x116ec0
D/ViewFlipper( 536): updateRunning() mVisible=true, mStarted=true, mUserPresent=true, mRunning=true
V/RenderScript_jni( 536): surfaceChanged
V/RenderScript( 536): setSurface 480 762 0x116ec0
V/RenderScript( 298): setSurface 480 800 0x11cdc0
W/InputManagerService( 149): Window already focused, ignoring focus gain of: [email protected]
D/AlarmManagerService( 149): Kernel timezone updated to 420 minutes west of GMT
D/SystemClock( 302): Setting time of day to sec=1272067079
W/BackupManagerService( 149): dataChanged but no participant pkg='com.android.providers.settings' uid=10040
D/dalvikvm( 149): GC freed 4944 objects / 254336 bytes in 99ms
D/dalvikvm( 467): GC freed 510 objects / 20736 bytes in 58ms
D/dalvikvm( 476): GC freed 1257 objects / 77432 bytes in 86ms
D/dalvikvm( 558): GC freed 405 objects / 14952 bytes in 78ms
Click to expand...
Click to collapse
Hi Neon! It's me Roxy from nexus forum ~
Anyway, I also have the same problem as you did if I try to use desire camera =O... which is why I went back to the camera that comes with 5.0.6.
Off topic, but how did you shatter your screen? Did you drop it?
Quoted from his post on nexus one forum...
So the horrible has happened last night.
Getting into a car, my hoodie got stuck in the door of the car, not thinking about it, my LOVED nexus was also in the same pocket. It got smushed between the car and the car door.
{
"lightbox_close": "Close",
"lightbox_next": "Next",
"lightbox_previous": "Previous",
"lightbox_error": "The requested content cannot be loaded. Please try again later.",
"lightbox_start_slideshow": "Start slideshow",
"lightbox_stop_slideshow": "Stop slideshow",
"lightbox_full_screen": "Full screen",
"lightbox_thumbnails": "Thumbnails",
"lightbox_download": "Download",
"lightbox_share": "Share",
"lightbox_zoom": "Zoom",
"lightbox_new_window": "New window",
"lightbox_toggle_sidebar": "Toggle sidebar"
}
It actually looked fine until I turned it on. The glass and the BestSkinsEver protector I had on the phone was fine. BUT the amoled display is SHATTERED. It comes up as a black screen, and I can somewhat see the lock screen fragmented.
I have seen people talk about both UrgentIphoneCare, and DrCellphone, but with mixed reviews.
I still need to speak with UrgentIphoneCare, but it seems like they charge about $150++ to have the screen fixed. This price is for the glass/digitizer, and NOT the LCD Amoled screen, so it might actually be in the $200 range.
I spoke with DrCellPhone, and they said they will have the Amoled lcd screens in on Tuesday, and it will cost 160-180 for the replacement.
My biggest issue, is the fact that BOTH companies have had really mixed reviews, some being very negative. What i worry about is if WRONG or CHEAPER screens are used. I've also seen reviews about people saying that these companies put WRONG SIZED screens in their iPhones which obviously won't work correctly, and be a waste of money....
My other option is to purchase a Squaretrade warranty for $115, and wait for 30 days for my coverage to start, then pay the $50 deductable and have them either replace OR refund the FULL price of the Nexus, and purchase a new one? This would ultimately take the longest, but would at least be sure that my phone will be fixed or replaced.
My questions is for anyone who has actually sent in their phone to either of these repair services.... How is your Nexus after it was repaired?
Click to expand...
Click to collapse
Foxy Roxy said:
Hi Neon! It's me Roxy from nexus forum ~
Anyway, I also have the same problem as you did if I try to use desire camera =O... which is why I went back to the camera that comes with 5.0.6.
Click to expand...
Click to collapse
Hello Roxy!
I'm not sure what is wrong with the camera. The DEFAULT camera loaded on Cyan 5.0.6 will go to black screen.
The Cyan 5.0.5.3 DESIRE camera, will show the little Camera image when you first open it, THEN go to black screen.
I heard that having the back cover removed, will trigger the camera not to work like this. So i have removed/replaced the back cover a few times, but it won't solve my camera issue!
androidlicious said:
Off topic, but how did you shatter your screen? Did you drop it?
Click to expand...
Click to collapse
No, the phone was in a hoodie, and the hoodie pocket got caught in a closing door. The Amoled screen, NOT the digitizer shattered.

Bluetooth Timeout Super D 1.10.2 After Cycling Airplane Mode?

Logcat:
Code:
D/BluetoothDeviceService( 148): Bluetooth state 0 -> 1
I/bluedroid( 148): Starting hciattach daemon
D/dalvikvm(15119): GC freed 3430 objects / 232880 bytes in 111ms
I/ActivityManager( 148): Start proc com.estrongs.android.pop for broadcast com.
estrongs.android.pop/backport.android.bluetooth.BluetoothIntentRedirector: pid=1
5127 uid=10094 gids={3003, 3002, 3001, 1015}
D/BluetoothIntentRedirector(15127): receive:Intent { act=android.bluetooth.inten
t.action.BLUETOOTH_STATE_CHANGED flg=0x20000000 cmp=com.estrongs.android.pop/bac
kport.android.bluetooth.BluetoothIntentRedirector (has extras) }
D/dalvikvm(15127): GC freed 1797 objects / 305488 bytes in 101ms
D/BluetoothIntentRedirector(15127): redirect:Intent { act=android.bluetooth.adap
ter.action.STATE_CHANGED (has extras) }
D/skia ( 202): purging 62K from font cache [7 entries]
D/dalvikvm( 202): GC freed 5114 objects / 270912 bytes in 199ms
E/bluedroid( 148): bt_enable: Timeout waiting for HCI device to come up
D/BluetoothDeviceService( 148): Bluetooth state 1 -> 0
Not sure what's going on. If I boot the phone with Airplane mode disabled, BT is fine. Once I enable it and disable it back BT will refuse to enable.

No GPS Functionality

Below are some logs of me trying to access GPS. Any help is appreciated!
Log Collector version: 1.1.0
Device model: T-Mobile G1
Firmware version: 1.6
Kernel version: 2.6.29.6-cyanogenmod
[email protected] )
#1 PREEMPT Tue Mar 2 23:56:16 EST 2010
Build number: DRC83
05-22 15:46:54.536 D/SntpClient( 94): round trip: 213 ms
05-22 15:46:54.536 D/SntpClient( 94): clock offset: 1127 ms
05-22 15:46:54.536 D/GpsLocationProvider( 94): calling native_inject_time: 1274561215456 reference: 55592 certainty: 106
05-22 15:46:54.586 D/libgps ( 94): qct_gps_inject_time(1274561215456, 55592, 106)
05-22 15:46:54.596 D/GpsLocationProvider( 94): NetworkThread wait for 14400000ms
05-22 15:46:54.606 D/GpsLocationProvider( 94): xtraDownloadRequest
05-22 15:46:54.606 D/GpsLocationProvider( 94): NetworkThread out of wake loop
05-22 15:46:54.616 D/GpsXtraDownloader( 94): Downloading XTRA data from
05-22 15:46:54.846 D/dalvikvm( 94): GC freed 13464 objects / 767576 bytes in 206ms
05-22 15:46:54.966 I/ActivityManager( 94): Process com.google.android.apps.maps:FriendService (pid 226) has died.
05-22 15:46:55.286 D/dalvikvm( 245): GC freed 3659 objects / 270944 bytes in 108ms
05-22 15:46:55.386 I/DownloadService( 245): queued 0 downloads
05-22 15:46:55.386 I/DownloadService( 245): DownloadService.onDestroy()
05-22 15:46:55.396 D/dalvikvm( 245): threadid=15 wakeup: interrupted
05-22 15:46:55.396 D/WorkQueueDownloadServer worker( 245): WorkQueue thread loop finished!
05-22 15:46:55.496 V/MediaProvider( 213): Attached volume: external
05-22 15:46:56.416 D/GpsLocationProvider( 94): calling native_inject_xtra_data
05-22 15:46:56.416 D/dalvikvm( 94): threadid=95 wakeup: interrupted
05-22 15:46:56.426 D/libgps ( 94): qct_gps_inject_xtra_data length: 37275 parts: 94
05-22 15:46:58.046 W/WindowManager( 94): Key dispatching timed out sending to com.android.launcher/com.android.launcher.Launcher
05-22 15:46:58.046 W/WindowManager( 94): Dispatch state: {{KeyEvent{action=1 code=82 repeat=0 meta=0 scancode=139 mFlags=8} to Window{43bd8368 com.android.launcher/com.android.launcher.Launcher paused=false} @ 1274561204534 lw=Window{43bd8368 com.android.launcher/com.android.launcher.Launcher paused=false} [email protected] fin=false gfw=true ed=true tts=0 wf=true fp=false mcf=Window{43bb0f60 StatusBarExpanded paused=false}}}
More recent:
05-23 02:09:35.495 I/ActivityManager( 94): Displayed activity com.google.android.apps.maps/com.google.android.maps.MapsActivity: 1707 ms (total 1707 ms)
05-23 02:09:37.185 D/GpsLocationProvider( 94): setMinTime 0
05-23 02:09:37.185 D/GpsLocationProvider( 94): startNavigating
05-23 02:09:37.195 D/libgps ( 94): qct_gps_set_position_mode = 1, fix_frequency = 1
05-23 02:09:37.195 D/libgps ( 94): qct_gps_start
05-23 02:09:37.215 D/GpsLocationProvider( 94): Acquiring wakelock
05-23 02:09:37.235 D/libgps ( 94): PDSM_PD_EVENT_COMM_BEGIN
05-23 02:09:37.235 D/libgps ( 94): calling sAGpsStatusCallback GPS_REQUEST_AGPS_DATA_CONN
05-23 02:09:37.245 D/NetworkLocationProvider( 94): addListener(): apps.maps
05-23 02:09:37.245 D/NetworkLocationProvider( 94): setMinTime: 0
05-23 02:09:37.265 D/NetworkLocationProvider( 94): enableLocationTracking(): true
05-23 02:09:37.285 D/libgps ( 94): qct_agps_data_conn_open: epc.tmobile.com
05-23 02:09:37.285 D/libgps ( 94): DeferredActionThread calling send_pdsm_atl_post_event PDSM_ATL_EVENT_OPEN_SUCCESS epc.tmobile.com
05-23 02:09:37.385 D/libgps ( 94): PDSM_PD_EVENT_GPS_BEGIN
05-23 02:09:37.475 D/NetworkLocationProvider( 94): onCellLocationChanged [10199,7024853]
05-23 02:09:38.835 D/libgps ( 94): PDSM_PD_EVENT_COMM_CONNECTED
05-23 02:09:40.005 D/libgps ( 94): PDSM_PD_EVENT_COMM_DONE
05-23 02:09:40.805 D/libgps ( 94): calling sAGpsStatusCallback GPS_RELEASE_AGPS_DATA_CONN
05-23 02:09:40.805 D/libgps ( 94): qct_agps_data_conn_closed
05-23 02:09:42.345 D/LocationMasfClient( 94): getNetworkLocation(): Returning cache location with accuracy 3011.0
05-23 02:09:42.595 D/dalvikvm( 1537): GC freed 4852 objects / 1001608 bytes in 104ms
05-23 02:09:42.725 D/dalvikvm( 1227): GC freed 93 objects / 3872 bytes in 498ms
05-23 02:09:42.895 D/dalvikvm( 1537): GC freed 233 objects / 8232 bytes in 95ms
05-23 02:09:42.975 I/ActivityManager( 94): Process com.android.settings (pid 1525) has died.
05-23 02:09:47.585 D/dalvikvm( 345): GC freed 579 objects / 29208 bytes in 254ms
05-23 02:10:33.755 D/Sensors ( 94): sensors=00000000, real=00000000
05-23 02:10:33.805 D/LocationManager( 1537): removeUpdates: listener = [email protected]
05-23 02:10:33.825 D/AKMD ( 83): Compass CLOSE
05-23 02:10:33.995 D/dalvikvm( 94): GC freed 6113 objects / 349632 bytes in 192ms
05-23 02:10:34.005 D/NetworkLocationProvider( 94): removeListener(): apps.maps
05-23 02:10:34.005 D/GpsLocationProvider( 94): stopNavigating
05-23 02:10:34.005 D/libgps ( 94): qct_gps_stop
05-23 02:10:34.025 D/NetworkLocationProvider( 94): enableLocationTracking(): false
05-23 02:10:34.045 D/libgps ( 94): PDSM_PD_EVENT_END
05-23 02:10:34.055 D/ ( 1537): unable to unlink '/data/data/com.google.android.apps.maps/files/DATA_PROTO_SAVED_LAYER_STATE': No such file or directory (errno=2)
05-23 02:10:34.065 D/ ( 1537): unable to unlink '/data/data/com.google.android.apps.maps/files/DATA_SAVED_SEARCH_1_DB': No such file or directory (errno=2)
05-23 02:10:34.065 D/ ( 1537): unable to unlink '/data/data/com.google.android.apps.maps/files/DATA_SAVED_SEARCH_1': No such file or directory (errno=2)
05-23 02:10:34.065 D/ ( 1537): unable to unlink '/data/data/com.google.android.apps.maps/files/DATA_PROTO_SAVED_SEARCH_DB': No such file or directory (errno=2)
05-23 02:10:34.065 D/ ( 1537): unable to unlink '/data/data/com.google.android.apps.maps/files/DATA_SAVED_SEARCH_INFO': No such file or directory (errno=2)
05-23 02:10:34.125 D/SurfaceFlinger( 94): About to give-up screen, flinger = 0x104190
05-23 02:10:40.055 D/libgps ( 94): PDSM_PD_EVENT_GPS_DONE
05-23 02:10:40.055 D/GpsLocationProvider( 94): Releasing wakelock
05-23 02:13:46.529 D/KeyguardViewMediator( 94): wakeWhenReadyLocked(4)
05-23 02:13:46.529 D/KeyguardViewMediator( 94): handleWakeWhenReady(4)
05-23 02:13:46.529 D/KeyguardViewMediator( 94): pokeWakelock(5000)
05-23 02:13:46.529 D/Sensors ( 94): sensors=00000001, real=00000001
05-23 02:13:46.539 D/AKMD ( 83): Compass OPEN
05-23 02:13:46.689 D/GpsLocationProvider( 94): setMinTime 0
05-23 02:13:46.689 D/GpsLocationProvider( 94): startNavigating
05-23 02:13:46.689 D/libgps ( 94): qct_gps_set_position_mode = 1, fix_frequency = 1
05-23 02:13:46.689 D/libgps ( 94): qct_gps_start
05-23 02:13:46.699 D/SurfaceFlinger( 94): Screen about to return, flinger = 0x104190
05-23 02:13:46.709 D/GpsLocationProvider( 94): Acquiring wakelock
05-23 02:13:46.769 D/NetworkLocationProvider( 94): addListener(): apps.maps
05-23 02:13:46.769 D/NetworkLocationProvider( 94): setMinTime: 0
05-23 02:13:46.779 D/NetworkLocationProvider( 94): enableLocationTracking(): true
05-23 02:13:46.819 D/libgps ( 94): PDSM_PD_EVENT_GPS_BEGIN
05-23 02:13:46.839 I/WindowManager( 94): onOrientationChanged, rotation changed to 0
05-23 02:13:48.329 D/KeyguardViewMediator( 94): pokeWakelock(5000)
05-23 02:13:48.359 W/InputManagerService( 94): Window already focused, ignoring focus gain of: [email protected]
05-23 02:13:50.559 D/LocationManager( 1537): removeUpdates: listener = [email protected]
05-23 02:13:50.559 D/NetworkLocationProvider( 94): removeListener(): apps.maps
05-23 02:13:50.559 D/GpsLocationProvider( 94): stopNavigating
05-23 02:13:50.559 D/libgps ( 94): qct_gps_stop
05-23 02:13:50.559 D/NetworkLocationProvider( 94): enableLocationTracking(): false
05-23 02:13:50.579 D/libgps ( 94): PDSM_PD_EVENT_END
05-23 02:13:51.124 D/WindowManager( 94): I'm tired mEndcallBehavior=0x2
05-23 02:13:51.369 D/Sensors ( 94): sensors=00000000, real=00000000
05-23 02:13:51.479 D/AKMD ( 83): Compass CLOSE
05-23 02:13:51.709 D/SurfaceFlinger( 94): About to give-up screen, flinger = 0x104190
05-23 02:13:53.639 D/KeyguardViewMediator( 94): wakeWhenReadyLocked(4)
05-23 02:13:53.639 D/KeyguardViewMediator( 94): handleWakeWhenReady(4)
05-23 02:13:53.639 D/KeyguardViewMediator( 94): pokeWakelock(5000)
05-23 02:13:53.649 D/Sensors ( 94): sensors=00000001, real=00000001
05-23 02:13:53.649 D/AKMD ( 83): Compass OPEN
05-23 02:13:53.829 D/SurfaceFlinger( 94): Screen about to return, flinger = 0x104190
05-23 02:13:53.969 I/WindowManager( 94): onOrientationChanged, rotation changed to 0
05-23 02:13:55.059 D/KeyguardViewMediator( 94): pokeWakelock(5000)
05-23 02:13:55.089 W/InputManagerService( 94): Window already focused, ignoring focus gain of: [email protected]
05-23 02:13:56.579 D/libgps ( 94): PDSM_PD_EVENT_GPS_DONE
05-23 02:13:56.579 D/GpsLocationProvider( 94): Releasing wakelock
The most recent. Anybody?
05-23 22:08:00.175 I/ActivityManager( 100): Starting activity: Intent { act=android.intent.action.MAIN cat=[android.intent.category.LAUNCHER] flg=0x10200000 cmp=com.chartcross.gpstest/.GPSTest }
05-23 22:08:00.235 I/ActivityManager( 100): Start proc com.chartcross.gpstest for activity com.chartcross.gpstest/.GPSTest: pid=6463 uid=10040 gids={}
05-23 22:08:00.835 D/dalvikvm( 6463): GC freed 1019 objects / 97200 bytes in 94ms
05-23 22:08:00.895 D/SensorManager( 6463): found sensor: AK8976A 3-axis Accelerometer, handle=0
05-23 22:08:00.895 D/SensorManager( 6463): found sensor: AK8976A 3-axis Magnetic field sensor, handle=1
05-23 22:08:00.895 D/SensorManager( 6463): found sensor: AK8976A Orientation sensor, handle=2
05-23 22:08:00.895 D/SensorManager( 6463): found sensor: AK8976A Temperature sensor, handle=3
05-23 22:08:00.905 D/LocationManager( 6463): Constructor: service = [email protected]
05-23 22:08:00.915 D/GpsLocationProvider( 100): setMinTime 0
05-23 22:08:00.915 D/GpsLocationProvider( 100): startNavigating
05-23 22:08:00.915 D/libgps ( 100): qct_gps_set_position_mode = 1, fix_frequency = 1
05-23 22:08:00.915 D/libgps ( 100): qct_gps_start
05-23 22:08:00.935 D/GpsLocationProvider( 100): Acquiring wakelock
05-23 22:08:00.955 D/Sensors ( 100): sensors=00000005, real=00000005
05-23 22:08:00.975 D/Sensors ( 100): M-Sensor status 2
05-23 22:08:00.995 D/Sensors ( 6463): M-Sensor status 2
05-23 22:08:01.055 D/libgps ( 100): PDSM_PD_EVENT_GPS_BEGIN
05-23 22:08:01.115 I/ActivityManager( 100): Displayed activity com.chartcross.gpstest/.GPSTest: 893 ms (total 893 ms)
05-23 22:08:06.325 D/dalvikvm( 151): GC freed 330 objects / 14632 bytes in 163ms
05-23 22:08:09.275 D/dalvikvm( 6463): GC freed 9531 objects / 478120 bytes in 91ms
05-23 22:08:12.665 D/Sensors ( 6463): M-Sensor status 0
05-23 22:08:12.665 D/Sensors ( 100): M-Sensor status 0
05-23 22:08:17.245 D/dalvikvm( 6463): GC freed 11141 objects / 541952 bytes in 102ms
05-23 22:08:25.205 D/dalvikvm( 6463): GC freed 10784 objects / 524480 bytes in 90ms
05-23 22:08:32.255 D/dalvikvm( 6463): GC freed 10806 objects / 524816 bytes in 91ms
05-23 22:08:40.205 D/dalvikvm( 6463): GC freed 10750 objects / 523640 bytes in 93ms
05-23 22:08:47.255 D/dalvikvm( 6463): GC freed 10783 objects / 523680 bytes in 94ms
05-23 22:08:55.215 D/dalvikvm( 6463): GC freed 10782 objects / 524720 bytes in 92ms
05-23 22:09:02.265 D/dalvikvm( 6463): GC freed 10802 objects / 524304 bytes in 95ms
05-23 22:09:10.225 D/dalvikvm( 6463): GC freed 10782 objects / 524672 bytes in 91ms
05-23 22:09:17.275 D/dalvikvm( 6463): GC freed 10769 objects / 523768 bytes in 93ms
05-23 22:09:25.225 D/dalvikvm( 6463): GC freed 10777 objects / 524376 bytes in 93ms
05-23 22:09:33.185 D/dalvikvm( 6463): GC freed 10780 objects / 523312 bytes in 102ms
05-23 22:09:40.225 D/dalvikvm( 6463): GC freed 10796 objects / 525048 bytes in 89ms
05-23 22:09:48.185 D/dalvikvm( 6463): GC freed 10718 objects / 523024 bytes in 95ms
05-23 22:09:55.235 D/dalvikvm( 6463): GC freed 10876 objects / 529584 bytes in 89ms
05-23 22:10:00.949 D/libgps ( 100): PDSM_PD_EVENT_END
05-23 22:10:03.185 D/dalvikvm( 6463): GC freed 10593 objects / 514344 bytes in 95ms
05-23 22:10:10.245 D/dalvikvm( 6463): GC freed 10979 objects / 534192 bytes in 89ms
05-23 22:10:18.205 D/dalvikvm( 6463): GC freed 10782 objects / 524424 bytes in 93ms
05-23 22:10:25.265 D/dalvikvm( 6463): GC freed 10806 objects / 524976 bytes in 93ms
05-23 22:10:33.215 D/dalvikvm( 6463): GC freed 10744 objects / 523504 bytes in 103ms
05-23 22:10:40.265 D/dalvikvm( 6463): GC freed 10786 objects / 523888 bytes in 103ms
05-23 22:10:47.325 D/dalvikvm( 100): GC freed 20176 objects / 956808 bytes in 219ms
05-23 22:10:47.625 I/ActivityManager( 100): Start proc com.google.android.apps.maps:LocationFriendService for service com.google.android.apps.maps/com.google.googlenav.friend.android.LocationFriendService: pid=6470 uid=10002 gids={3003, 1015}
05-23 22:10:48.335 D/dalvikvm( 6463): GC freed 10780 objects / 524616 bytes in 166ms
05-23 22:10:48.405 I/ActivityManager( 100): Process com.google.android.gm (pid 6424) has died.
05-23 22:10:48.775 D/LocationManager( 6470): Constructor: service = [email protected]
05-23 22:10:55.265 D/dalvikvm( 6463): GC freed 10802 objects / 524360 bytes in 91ms
05-23 22:11:03.225 D/dalvikvm( 6463): GC freed 10788 objects / 524872 bytes in 91ms
05-23 22:11:05.295 D/dalvikvm( 165): GC freed 749 objects / 35184 bytes in 225ms
05-23 22:11:05.575 D/LocationManager( 6463): removeUpdates: listener = [email protected]
05-23 22:11:05.575 D/GpsLocationProvider( 100): stopNavigating
05-23 22:11:05.575 D/libgps ( 100): qct_gps_stop
05-23 22:11:05.585 D/Sensors ( 100): sensors=00000001, real=00000001
05-23 22:11:05.615 D/libgps ( 100): PDSM_PD_EVENT_END
05-23 22:11:07.475 I/ActivityManager( 100): Start proc com.android.settings for broadcast com.android.settings/.widget.SettingsAppWidgetProvider: pid=6478 uid=1000 gids={3003, 3002, 3001}
