05-23 22:11:07.495 I/ActivityManager( 100): Starting activity: Intent { act=android.intent.action.MAIN cat=[android.intent.category.HOME] flg=0x10200000 cmp=com.android.launcher/.Launcher }
05-23 22:11:07.685 D/dalvikvm( 83): GC freed 293 objects / 11160 bytes in 217ms
05-23 22:11:07.875 D/dalvikvm( 83): GC freed 52 objects / 2320 bytes in 169ms
05-23 22:11:08.015 D/dalvikvm( 83): GC freed 2 objects / 56 bytes in 143ms
05-23 22:11:08.075 I/ActivityManager( 100): Process com.chartcross.gpstest (pid 6463) has died.

Data Issues with multiple roms on rogers captivate on bell

I have an Unlocked Rogers Captivate. I am using it on bell. I have had no issues until about 2 weeks ago. My data just stopped working. Now heres the kicker, its onlyh in the browser.
I have the correct apn settings and the data works for email/gmail/market perfectly. I am currently running axura but have tried cog, cm6 etc. The only way I can get data to work is with the stock rogers rom. Not even stock att works.
I have ran logcat when attempting a data connection in the browser and here is the output:
Code:
D/dalvikvm( 2830): GC_EXPLICIT freed 4606 objects / 299768 bytes in 251ms
I/PowerManagerService( 2830): Light Animator Finished curIntValue=70
W/PowerManagerService( 2830): Timer 0x3->0x1|0x0
I/PowerManagerService( 2830): Ulight 3->1|0
I/PowerManagerService( 2830): Setting target 2: cur=70.0 target=20 delta=-3.125
nominalCurrentValue=70
I/PowerManagerService( 2830): Scheduling light animator!
I/PowerManagerService( 2830): Light Animator Finished curIntValue=20
V/WindowManager( 2830): Dsptch > Window{485a7558 com.android.browser/com.android
.browser.BrowserActivity paused=false}
V/InputDevice( 2830): ID[0]=0(0) Dn(0=>1)
I/PowerManagerService( 2830): Ulight 1->7|0
I/PowerManagerService( 2830): Setting target 2: cur=20.0 target=70 delta=3.33333
33 nominalCurrentValue=20
I/PowerManagerService( 2830): Scheduling light animator!
D/dalvikvm( 2904): GC_FOR_MALLOC freed 9920 objects / 523048 bytes in 77ms
V/WindowManager( 2830): Dsptch > Window{485a7558 com.android.browser/com.android
.browser.BrowserActivity paused=false}
V/InputDevice( 2830): ID[0]=0(0) Up(1=>0)
I/PowerManagerService( 2830): Light Animator Finished curIntValue=70
D/AudioHardwareALSA( 2706):
D/AudioHardwareALSA( 2706): ALSA OPEN mode 0,device 2
I/AudioHardwareALSA( 2706): Try to open ALSA PLAYBACK device AndroidPlayback_Spe
aker_normal
V/browser ( 4752): BrowserActivity.onPageStarted: url = http://www.google.com/
I/AudioHardwareALSA( 2706): Initialized ALSA PLAYBACK device AndroidPlayback_Spe
aker_normal
D/AudioHardwareALSA( 2706): Set PLAYBACK PCM format to S16_LE (Signed 16 bit Lit
tle Endian)
D/AudioHardwareALSA( 2706): Using 2 channels for PLAYBACK.
D/AudioHardwareALSA( 2706): Set PLAYBACK sample rate to 44100 HZ
D/AudioHardwareALSA( 2706): Buffer size: 2048
D/AudioHardwareALSA( 2706): Latency: 46439
W/PowerManagerService( 2830): Timer 0x7->0x3|0x0
I/PowerManagerService( 2830): Ulight 7->3|0
I/AudioHardwareALSA( 2706): Output standby called!!. Turn off PCM device.
D/BatteryService( 2830): update start
D/BatteryService( 2830): updateBattery level:67 scale:100 status:2 health:2 pres
ent:true voltage: 3972 temperature: 380 technology: Li-ion AC powered:false USB
powered:true icon:17302173
I/StatusBarPolicy( 2830): BAT. status:2 health:2
D/dalvikvm( 4001): GC_EXPLICIT freed 5655 objects / 275424 bytes in 162ms
I/WindowManager( 2830): Setting rotation to 3, animFlags=0
I/ActivityManager( 2830): Config changed: { scale=1.0 imsi=302/610 loc=en_US tou
ch=3 keys=1/1/2 nav=1/1 orien=2 layout=34 uiMode=17 seq=6 FlipFont=0}
D/webview ( 4752): onConfigurationChanged
E/Tab ( 4752): onReceivedError -6 http://www.google.com/ The connection to t
he server was unsuccessful.
V/browser ( 4752): BrowserActivity.onProgressChanged: progress == 100 truefalsef
alsefalse
V/browser ( 4752): BrowserActivity.onPageFinished: url = http://www.google.com/w
ebview = [email protected]
D/PowerManagerService( 2830): onSensorChanged: light value: 6
D/dalvikvm( 2830): GC_EXPLICIT freed 2482 objects / 161264 bytes in 221ms
D/PowerManagerService( 2830): lightSensorChangedLocked 6
D/PowerManagerService( 2830): lcdValue 32
D/PowerManagerService( 2830): buttonValue 0
D/PowerManagerService( 2830): keyboardValue 0
I/PowerManagerService( 2830): Setting target 2: cur=70.0 target=32 delta=-0.6333
333 nominalCurrentValue=70
I/PowerManagerService( 2830): lightSensorChangedLocked scheduling light animator
I/PowerManagerService( 2830): Light Animator Finished curIntValue=32
D/dalvikvm( 4329): GC_EXPLICIT freed 10581 objects / 514632 bytes in 156ms
Any help would be greatly appreciated.
Sorry I posted this in the wrong section could a mod please move it?
Nobody has any ideas?
I too have been having problems with data, specifically with the Kik Messenger service which works perfect with a stock rom. I have tried Axura, Cog, and perception (latest available versions to date) all with the same results.
I thought I solved the problem switching modems to the new Telus (JL3) modem, but the problem is still there.
What happens is, to receive a message I have to open the Kik program and start typing a message to someone. About 2 seconds after I do this I receive whatever messages were sent to me (from minutes to hours ago). With the stock rom the messages are received in real-time.
Have you tried flashing the JL3 modem to your phone? I'm not sure if that has anything to do with it, but worth a try.
Yes I have tried this with no affect
devz3r0 said:
I too have been having problems with data, specifically with the Kik Messenger service which works perfect with a stock rom. I have tried Axura, Cog, and perception (latest available versions to date) all with the same results.
I thought I solved the problem switching modems to the new Telus (JL3) modem, but the problem is still there.
What happens is, to receive a message I have to open the Kik program and start typing a message to someone. About 2 seconds after I do this I receive whatever messages were sent to me (from minutes to hours ago). With the stock rom the messages are received in real-time.
Have you tried flashing the JL3 modem to your phone? I'm not sure if that has anything to do with it, but worth a try.
Click to expand...
Click to collapse
I do have the same issue. I tried flashing the JL3 modem, same thing.
Really weird, only issue seems with KIK, I use k9 push and works with the app "open" in the background. Really weird issue.
Not sure what to do to solve it.
Fixed : http://forum.xda-developers.com/showthread.php?p=9862818

Stock Nexus One Gingerbread -Random Crashes

Hey guys. I've been hammering on this problem for about a week now and I'm at wits end. The problem is with a stock Nexus One on AT&T. It has never been rooted or had any kind of custom ROM installed on it. For me the stock Android experience is great. I'm not much of a programmer and have very little experience with linux and java.
After upgrading to Gingerbread (2.3.3) my phone will restart randomly. At first I thought it was a media player app and, for a while, I could recreate the problem by playing music with the Meridian Media Player Autonomy app. After uninstalling the app, the restarts will still occur. I have rolled back to Froyo with PASSION-FRG33 and HBOOT, then went through the whole 2.3.3 upgrade process again. After getting my applications installed, the problem returns. The strange thing is that the problem goes away when I boot my phone up without my Kingston 32GB MicroSD card inserted. This led me to believe that I had narrowed down the offending app to one that was installed on my SD card. It turns out that even after formatting the card and starting fresh, the problem still occurs.
I noticed that something is gnawing away at my available memory. It starts around 250MB of RAM free and I lose about 3 to 5 megabytes every second. This goes on until I have just under 30MB free and then my phone restarts. Something is leaking memory badly. Whatever app it is, I'm sure I can live without it. The problem is just figuring out what app it is.
After poking around the forums and trying to solve this problem on my own, I did learn that it was a good idea to capture and save log files when the problem appears, so I found what looks to be a decent app for the job. I attached a zip file with three separate instances of random restarts and I hope someone can help me pinpoint this problem. I'm not much of a programmer and have very little experience with linux and java. I decided to zip the three text files because each of them were a little bit over the 87.9KB limit for uploaded files with a .txt file extension.
Thanks!
EDIT: The Watchdog Task Manager app is pointing to a system service called mediaserver that is soaking up CPU cycles. This happens as available memory is being drained into a black hole.
EDIT: The text below is my latest crash. It might be easier to sift through than the attached text files here because I know when the restart happened. It's at the very bottom.
03-10 22:11:50.670 V/RenderScript_jni(5359): surfaceCreated
03-10 22:11:50.670 V/RenderScript_jni(5359): surfaceChanged
03-10 22:11:55.890 D/dalvikvm(5359): GC_EXTERNAL_ALLOC freed 39K, 49% free 3051K/5959K, external 7484K/7658K, paused 48ms
03-10 22:11:56.970 I/ActivityManager(4168): Starting: Intent { act=android.appwidget.action.APPWIDGET_PICK cmp=com.android.settings/.AppWidgetPickActivity (has extras) } from pid 5359
03-10 22:11:57.030 I/ActivityManager(4168): Start proc com.android.settings for activity com.android.settings/.AppWidgetPickActivity: pid=5608 uid=1000 gids={3002, 3001, 3003}
03-10 22:11:57.060 W/InputManagerService(4168): Window already focused, ignoring focus gain of: [email protected]
03-10 22:11:57.090 D/dalvikvm(4161): GC_EXPLICIT freed 11K, 53% free 2538K/5379K, external 1625K/2137K, paused 61ms
03-10 22:11:57.180 D/dalvikvm(4161): GC_EXPLICIT freed <1K, 53% free 2538K/5379K, external 1625K/2137K, paused 95ms
03-10 22:11:57.230 D/dalvikvm(4161): GC_EXPLICIT freed <1K, 53% free 2538K/5379K, external 1625K/2137K, paused 44ms
03-10 22:11:57.350 D/dalvikvm(5608): GC_EXTERNAL_ALLOC freed 107K, 51% free 2660K/5379K, external 2132K/2137K, paused 28ms
03-10 22:11:57.370 I/AppWidgetPickActivity(5608): EXTRA_CUSTOM_INFO not present.
03-10 22:11:57.430 D/dalvikvm(5608): GC_EXTERNAL_ALLOC freed 34K, 51% free 2662K/5379K, external 2591K/2598K, paused 25ms
03-10 22:11:57.850 I/ActivityManager(4168): Displayed com.android.settings/.AppWidgetPickActivity: +833ms
03-10 22:11:59.430 W/InputManagerService(4168): Window already focused, ignoring focus gain of: [email protected]
03-10 22:12:02.950 I/ActivityManager(4168): Starting: Intent { flg=0x10000000 cmp=com.google.android.deskclock/com.android.deskclock.AlarmClock bnds=[0,211][240,522] } from pid -1
03-10 22:12:03.090 V/RenderScript_jni(5359): surfaceDestroyed
03-10 22:12:03.210 D/dalvikvm(5491): GC_EXTERNAL_ALLOC freed 77K, 52% free 2613K/5379K, external 2119K/2137K, paused 36ms
03-10 22:12:03.470 I/ActivityManager(4168): Displayed com.google.android.deskclock/com.android.deskclock.AlarmClock: +409ms
03-10 22:12:06.110 W/KeyCharacterMap(5491): No keyboard for id 131074
03-10 22:12:06.110 W/KeyCharacterMap(5491): Using default keymap: /system/usr/keychars/qwerty.kcm.bin
03-10 22:12:06.260 V/RenderScript_jni(5359): surfaceCreated
03-10 22:12:06.260 V/RenderScript_jni(5359): surfaceChanged
03-10 22:12:06.309 W/InputManagerService(4168): Starting input on non-focused client [email protected] (uid=10035 pid=5491)
03-10 22:12:07.500 D/dalvikvm(5359): GC_EXTERNAL_ALLOC freed 50K, 48% free 3105K/5959K, external 8492K/8683K, paused 48ms
03-10 22:12:10.250 I/ActivityManager(4168): Starting: Intent { act=android.appwidget.action.APPWIDGET_PICK cmp=com.android.settings/.AppWidgetPickActivity (has extras) } from pid 5359
03-10 22:12:10.380 W/InputManagerService(4168): Window already focused, ignoring focus gain of: [email protected]
03-10 22:12:10.480 D/dalvikvm(5608): GC_EXTERNAL_ALLOC freed 79K, 50% free 2739K/5447K, external 3217K/3220K, paused 27ms
03-10 22:12:10.490 I/AppWidgetPickActivity(5608): EXTRA_CUSTOM_INFO not present.
03-10 22:12:10.810 I/ActivityManager(4168): Displayed com.android.settings/.AppWidgetPickActivity: +538ms
03-10 22:12:12.319 D/dalvikvm(5608): GC_EXTERNAL_ALLOC freed 95K, 51% free 2698K/5447K, external 2578K/2738K, paused 50ms
03-10 22:12:12.360 D/dalvikvm(5608): GC_EXTERNAL_ALLOC freed 1K, 51% free 2697K/5447K, external 3394K/3423K, paused 27ms
03-10 22:12:12.920 D/dalvikvm(5560): GC_CONCURRENT freed 853K, 59% free 2807K/6727K, external 2425K/2692K, paused 3ms+19ms
03-10 22:12:15.960 D/dalvikvm(5430): GC_EXPLICIT freed 543K, 53% free 3720K/7879K, external 4259K/5207K, paused 148ms
03-10 22:12:21.950 I/ActivityManager(4168): Starting: Intent { act=android.intent.action.MAIN cat=[android.intent.category.HOME] flg=0x10200000 cmp=com.android.launcher/com.android.launcher2.Launcher } from pid 4168
03-10 22:12:22.050 W/InputManagerService(4168): Window already focused, ignoring focus gain of: [email protected]
03-10 22:12:24.910 I/ActivityManager(4168): Starting: Intent { act=android.intent.action.MAIN cat=[android.intent.category.LAUNCHER] flg=0x10200000 cmp=com.android.settings/.Settings bnds=[5,392][115,510] } from pid 5359
03-10 22:12:25.050 V/RenderScript_jni(5359): surfaceDestroyed
03-10 22:12:25.360 I/ActivityManager(4168): Displayed com.android.settings/.Settings: +406ms
03-10 22:12:26.810 W/KeyCharacterMap(5608): No keyboard for id 131074
03-10 22:12:26.810 W/KeyCharacterMap(5608): Using default keymap: /system/usr/keychars/qwerty.kcm.bin
03-10 22:12:27.050 V/RenderScript_jni(5359): surfaceCreated
03-10 22:12:27.050 V/RenderScript_jni(5359): surfaceChanged
03-10 22:12:27.090 W/InputManagerService(4168): Starting input on non-focused client [email protected] (uid=1000 pid=5608)
03-10 22:12:27.750 I/ActivityManager(4168): Starting: Intent { flg=0x10000000 cmp=vader.batterydroid/.PageInfo bnds=[125,231][235,349] } from pid -1
03-10 22:12:28.120 I/ActivityManager(4168): Displayed vader.batterydroid/.PageInfo: +317ms
03-10 22:12:28.870 W/KeyCharacterMap(5578): No keyboard for id 131074
03-10 22:12:28.870 W/KeyCharacterMap(5578): Using default keymap: /system/usr/keychars/qwerty.kcm.bin
03-10 22:12:28.950 I/InputQueue-JNI(5578): Sending finished signal for input channel '408fec30 vader.batterydroid/vader.batterydroid.PageInfo (client)' since it is being unregistered while an input message is still in progress.
03-10 22:12:29.000 I/InputQueue-JNI(5578): Ignoring finish signal on channel that is no longer registered.
03-10 22:12:29.680 I/ActivityManager(4168): Starting: Intent { act=android.intent.action.MAIN cat=[android.intent.category.LAUNCHER] flg=0x10200000 cmp=com.android.settings/.Settings bnds=[5,392][115,510] } from pid 5359
03-10 22:12:29.830 V/RenderScript_jni(5359): surfaceDestroyed
03-10 22:12:30.140 I/ActivityManager(4168): Displayed com.android.settings/.Settings: +361ms
03-10 22:12:31.250 D/dalvikvm(5608): GC_EXTERNAL_ALLOC freed 218K, 52% free 2756K/5639K, external 3506K/3592K, paused 40ms
03-10 22:12:33.000 I/ActivityManager(4168): Starting: Intent { act=android.intent.action.MAIN cmp=com.android.settings/.DateTimeSettings } from pid 5608
03-10 22:12:33.410 I/ActivityManager(4168): Displayed com.android.settings/.DateTimeSettings: +405ms
03-10 22:12:36.790 I/ActivityManager(4168): Starting: Intent { act=android.intent.action.MAIN cat=[android.intent.category.HOME] flg=0x10200000 cmp=com.android.launcher/com.android.launcher2.Launcher } from pid 4168
03-10 22:12:36.830 V/RenderScript_jni(5359): surfaceCreated
03-10 22:12:36.830 V/RenderScript_jni(5359): surfaceChanged
03-10 22:12:44.600 D/dalvikvm(5396): GC_EXPLICIT freed 507K, 53% free 2854K/5959K, external 1625K/2137K, paused 77ms
03-10 22:12:50.570 D/dalvikvm(5491): GC_EXPLICIT freed 69K, 51% free 2656K/5379K, external 2328K/2679K, paused 54ms
03-10 22:12:52.710 D/MediaScannerService(5544): start scanning volume external
03-10 22:12:55.550 D/dalvikvm(5544): GC_EXPLICIT freed 320K, 51% free 2881K/5831K, external 1625K/2137K, paused 40ms
03-10 22:12:56.330 D/dalvikvm(5560): GC_CONCURRENT freed 773K, 59% free 2822K/6727K, external 2425K/2692K, paused 2ms+2ms
03-10 22:13:05.040 D/dalvikvm(5578): GC_EXPLICIT freed 120K, 51% free 2679K/5447K, external 2122K/2137K, paused 37ms
03-10 22:13:36.960 I/power (4168): *** set_screen_state 0
03-10 22:13:37.220 D/SurfaceFlinger(4168): About to give-up screen, flinger = 0x8cfd8
03-10 22:13:37.430 D/AK8973 (2422): Compass CLOSE
03-10 22:13:39.860 D/dalvikvm(5560): GC_CONCURRENT freed 788K, 59% free 2822K/6727K, external 2425K/2692K, paused 3ms+3ms
03-10 22:13:41.050 I/ActivityManager(4168): Process com.verisign.mvip.main (pid 5500) has died.
03-10 22:14:04.520 I/ActivityManager(4168): Process com.mobitobi.android.gentlealarm (pid 5508) has died.
03-10 22:14:04.560 I/ActivityManager(4168): Process com.nolanlawson.logcat (pid 5447) has died.
03-10 22:14:04.560 I/WindowManager(4168): WIN DEATH: Window{4090e870 com.nolanlawson.logcat/com.nolanlawson.logcat.LogcatActivity paused=false}
03-10 22:14:04.570 I/WindowManager(4168): WIN DEATH: Window{4057f8c0 com.nolanlawson.logcat/com.nolanlawson.logcat.SendActionChooser paused=false}
03-10 22:14:04.640 I/ActivityManager(4168): Process com.google.android.gm (pid 5480) has died.
03-10 22:14:04.720 I/ActivityManager(4168): Process com.advancedprocessmanager (pid 5560) has died.
03-10 22:14:04.720 I/WindowManager(4168): WIN DEATH: Window{4078a360 com.advancedprocessmanager/com.advancedprocessmanager.MyActivity paused=false}
03-10 22:14:04.800 I/ActivityManager(4168): Process com.android.vending (pid 5430) has died.
03-10 22:14:04.800 I/WindowManager(4168): WIN DEATH: Window{4054ce40 com.android.vending/com.android.vending.AssetBrowserActivity paused=false}
03-10 22:14:04.800 I/WindowManager(4168): WIN DEATH: Window{4070f0a0 com.android.vending/com.android.vending.MyDownloadsActivity paused=false}
03-10 22:14:04.870 I/ActivityManager(4168): Process com.google.android.deskclock (pid 5491) has died.
03-10 22:14:04.930 I/ActivityManager(4168): Process android.process.acore (pid 5396) has died.
03-10 22:14:04.970 I/ActivityManager(4168): Process com.android.settings (pid 5608) has died.
03-10 22:14:04.970 I/ActivityManager(4168): Low Memory: No more background processes.
03-10 22:14:04.970 I/WindowManager(4168): WIN DEATH: Window{408ac980 com.android.settings/com.android.settings.DateTimeSettings paused=false}
03-10 22:14:04.980 I/WindowManager(4168): WIN DEATH: Window{4099c950 com.android.settings/com.android.settings.Settings paused=false}
03-10 22:14:05.060 I/ActivityManager(4168): Process org.iii.romulus.meridian (pid 5465) has died.
03-10 22:14:05.060 W/ActivityManager(4168): Scheduling restart of crashed service org.iii.romulus.meridian/.MusicPlaybackService in 5000ms
03-10 22:14:05.060 I/ActivityManager(4168): Low Memory: No more background processes.
03-10 22:14:05.060 I/WindowManager(4168): WIN DEATH: Window{40977f10 org.iii.romulus.meridian/org.iii.romulus.meridian.musicactv.StandardMusicPlayActivity paused=false}
03-10 22:14:05.140 I/ActivityManager(4168): Process vader.batterydroid (pid 5578) has died.
03-10 22:14:05.140 W/ActivityManager(4168): Scheduling restart of crashed service vader.batterydroid/.WidgetProvider$WidgetUpdator in 14921ms
03-10 22:14:05.140 I/ActivityManager(4168): Low Memory: No more background processes.
03-10 22:14:05.190 I/ActivityManager(4168): Process android.process.media (pid 5544) has died.
03-10 22:14:05.190 W/ActivityManager(4168): Scheduling restart of crashed service com.android.providers.media/.MediaScannerService in 904328ms
03-10 22:14:05.190 W/ActivityManager(4168): Scheduling restart of crashed service com.android.providers.downloads/.DownloadService in 24868ms
03-10 22:14:05.190 I/ActivityManager(4168): Low Memory: No more background processes.
03-10 22:14:09.530 D/KeyguardViewMediator(4168): wakeWhenReadyLocked(26)
03-10 22:14:09.530 I/power (4168): *** set_screen_state 1
03-10 22:14:09.530 D/SurfaceFlinger(4168): Screen about to return, flinger = 0x8cfd8
03-10 22:14:09.720 D/AK8973 (2422): Compass Start
03-10 22:14:09.780 I/ActivityManager(4168): Process com.touchtype.swiftkey (pid 5417) has died.
03-10 22:14:09.780 W/ActivityManager(4168): Scheduling restart of crashed service com.touchtype.swiftkey/.KeyboardService in 34416ms
03-10 22:14:09.780 I/ActivityManager(4168): Low Memory: No more background processes.
03-10 22:14:09.780 I/WindowManager(4168): WIN DEATH: Window{407bcaf0 InputMethod paused=false}
03-10 22:14:09.900 W/InputManagerService(4168): Session failed to close due to remote exception
03-10 22:14:09.900 W/InputManagerService(4168): android.os.DeadObjectException
03-10 22:14:09.900 W/InputManagerService(4168): at android.os.BinderProxy.transact(Native Method)
03-10 22:14:09.900 W/InputManagerService(4168): at com.android.internal.view.IInputMethodSession$Stub$Proxy.finishSession(IInputMethodSession.java:346)
03-10 22:14:09.900 W/InputManagerService(4168): at com.android.server.InputMethodManagerService.finishSession(InputMethodManagerService.java:896)
03-10 22:14:09.900 W/InputManagerService(4168): at com.android.server.InputMethodManagerService.clearCurMethodLocked(InputMethodManagerService.java:907)
03-10 22:14:09.900 W/InputManagerService(4168): at com.android.server.InputMethodManagerService.onServiceDisconnected(InputMethodManagerService.java:924)
03-10 22:14:09.900 W/InputManagerService(4168): at android.app.LoadedApk$ServiceDispatcher.doDeath(LoadedApk.java:1069)
03-10 22:14:09.900 W/InputManagerService(4168): at android.app.LoadedApk$ServiceDispatcher$RunConnection.run(LoadedApk.java:1083)
03-10 22:14:09.900 W/InputManagerService(4168): at android.os.Handler.handleCallback(Handler.java:587)
03-10 22:14:09.900 W/InputManagerService(4168): at android.os.Handler.dispatchMessage(Handler.java:92)
03-10 22:14:09.900 W/InputManagerService(4168): at android.os.Looper.loop(Looper.java:123)
03-10 22:14:09.900 W/InputManagerService(4168): at com.android.server.ServerThread.run(SystemServer.java:540)
03-10 22:14:09.900 W/InputManagerService(4168): Session failed to close due to remote exception
03-10 22:14:09.900 W/InputManagerService(4168): android.os.DeadObjectException
03-10 22:14:09.900 W/InputManagerService(4168): at android.os.BinderProxy.transact(Native Method)
03-10 22:14:09.900 W/InputManagerService(4168): at com.android.internal.view.IInputMethodSession$Stub$Proxy.finishSession(IInputMethodSession.java:346)
03-10 22:14:09.900 W/InputManagerService(4168): at com.android.server.InputMethodManagerService.finishSession(InputMethodManagerService.java:896)
03-10 22:14:09.900 W/InputManagerService(4168): at com.android.server.InputMethodManagerService.clearCurMethodLocked(InputMethodManagerService.java:911)
03-10 22:14:09.900 W/InputManagerService(4168): at com.android.server.InputMethodManagerService.onServiceDisconnected(InputMethodManagerService.java:924)
03-10 22:14:09.900 W/InputManagerService(4168): at android.app.LoadedApk$ServiceDispatcher.doDeath(LoadedApk.java:1069)
03-10 22:14:09.900 W/InputManagerService(4168): at android.app.LoadedApk$ServiceDispatcher$RunConnection.run(LoadedApk.java:1083)
03-10 22:14:09.900 W/InputManagerService(4168): at android.os.Handler.handleCallback(Handler.java:587)
03-10 22:14:09.900 W/InputManagerService(4168): at android.os.Handler.dispatchMessage(Handler.java:92)
03-10 22:14:09.900 W/InputManagerService(4168): at android.os.Looper.loop(Looper.java:123)
03-10 22:14:09.900 W/InputManagerService(4168): at com.android.server.ServerThread.run(SystemServer.java:540)
03-10 22:14:09.930 D/GeocoderProxy(4168): onServiceDisconnected ComponentInfo{com.google.android.location/com.google.android.location.NetworkLocationService}
03-10 22:14:09.930 D/LocationProviderProxy(4168): LocationProviderProxy.onServiceDisconnected ComponentInfo{com.google.android.location/com.google.android.location.NetworkLocationService}
03-10 22:14:09.930 I/ActivityManager(4168): Process com.google.process.gapps (pid 5362) has died.
03-10 22:14:09.930 W/ActivityManager(4168): Scheduling restart of crashed service com.google.android.location/.NetworkLocationService in 44272ms
03-10 22:14:09.930 W/ActivityManager(4168): Scheduling restart of crashed service com.google.android.gsf/.gtalkservice.service.GTalkService in 54272ms
03-10 22:14:09.930 I/ActivityManager(4168): Low Memory: No more background processes.
03-10 22:14:10.590 W/InputManagerService(4168): Window already focused, ignoring focus gain of: [email protected]
03-10 22:14:12.290 I/ActivityManager(4168): Starting: Intent { act=android.intent.action.MAIN cat=[android.intent.category.LAUNCHER] flg=0x10200000 cmp=com.mobitobi.android.gentlealarm/.Activity_Main bnds=[245,231][355,349] } from pid 5359
03-10 22:14:12.380 I/ActivityManager(4168): Start proc com.mobitobi.android.gentlealarm for activity com.mobitobi.android.gentlealarm/.Activity_Main: pid=5632 uid=10083 gids={1015, 3003, 1007}
03-10 22:14:12.750 V/RenderScript_jni(5359): surfaceDestroyed
03-10 22:14:12.980 D/ACRA (5632): Retrieve application default SharedPreferences.
03-10 22:14:13.010 D/ACRA (5632): Set OnSharedPreferenceChangeListener.
03-10 22:14:13.020 D/ACRA (5632): ACRA is enabled for com.mobitobi.android.gentlealarm, intializing...
03-10 22:14:13.060 D/dalvikvm(4168): GC_CONCURRENT freed 1194K, 44% free 5859K/10311K, external 5371K/5389K, paused 13ms+22ms
03-10 22:14:13.080 D/ACRA (5632): Looking for error files in /data/data/com.mobitobi.android.gentlealarm/files
03-10 22:14:13.100 I/GentleAlarm(5632): AppWrp: onCreate
03-10 22:14:13.130 I/GentleAlarm(5632): Util: update 73 73
03-10 22:14:13.670 I/GentleAlarm(5632): Encryption: init 20110701
03-10 22:14:13.680 I/GentleAlarm(5632): Encryption: 20110701
03-10 22:14:14.080 I/GentleAlarm(5632): FileData: FileData: ensureAppDataDir /mnt/sdcard/mobitobi/gentlealarm
03-10 22:14:14.080 I/GentleAlarm(5632): FileData: createFile /mnt/sdcard/mobitobi/gentlealarm/.nomedia
03-10 22:14:14.120 I/GentleAlarm(5632): UtilDateFormat: is24=false, hasWeekdate=false
03-10 22:14:14.150 D/ACRA (5632): Looking for error files in /data/data/com.mobitobi.android.gentlealarm/files
03-10 22:14:14.200 I/ActivityManager(4168): Start proc org.iii.romulus.meridian for service org.iii.romulus.meridian/.MusicPlaybackService: pid=5640 uid=10073 gids={3003, 1015}
03-10 22:14:14.310 I/GentleAlarm(5632): DbAdapter: 4
03-10 22:14:14.310 I/GentleAlarm(5632): Activity_Main: sanity check
03-10 22:14:14.320 I/ActivityThread(5640): Pub org.iii.romulus.meridian.external.MyBackupPro: org.iii.romulus.meridian.external.MyBackupPro
03-10 22:14:14.340 I/GentleAlarm(5632): Activity_Main: resumeCurrentActivity MAIN
03-10 22:14:14.370 I/ActivityThread(5640): Pub org.iii.romulus.meridian.mediasearch: org.iii.romulus.meridian.MediaSearchProvider
03-10 22:14:14.510 I/GentleAlarm(5632): Activity_Main: doTask init
03-10 22:14:14.510 I/GentleAlarm(5632): FileData: FileData: ensureAppDataDir /mnt/sdcard/mobitobi/gentlealarm
03-10 22:14:14.510 I/GentleAlarm(5632): FileData: moveFile /sdcard/mobitobi_ga.log -> /mnt/sdcard/mobitobi/gentlealarm/gentlealarm.log
03-10 22:14:14.510 I/GentleAlarm(5632): Activity_Main: doTask startUI
03-10 22:14:14.510 I/GentleAlarm(5632): Activity_Main: setState false
03-10 22:14:14.510 I/GentleAlarm(5632): ToastManager: displayToast 'All alarms are now turned off!' add, 1
03-10 22:14:14.520 E/ActivityThread(5640): Failed to find provider info for org.iii.romulus.meridian.proverifier.keyprovider
03-10 22:14:14.540 I/GentleAlarm(5632): Alarm: cancelScheduledAlarm
03-10 22:14:14.540 I/GentleAlarm(5632): Alarm: storeScheduledAlarm => id=-1, type=NONE, time=1969.12.31 at 18:00:00, name=, playAsTest=false, played=false
03-10 22:14:14.550 I/GentleAlarm(5632): Alarm: loadScheduledAlarmAsCurrent => id=-1, type=NONE, time=1969.12.31 at 18:00:00, name=, playAsTest=false, played=false
03-10 22:14:14.550 I/GentleAlarm(5632): DbAdapter: getSkipTimesCount
03-10 22:14:14.560 I/GentleAlarm(5632): Activity_Main: welcome
03-10 22:14:14.670 D/dalvikvm(5632): GC_EXTERNAL_ALLOC freed 263K, 52% free 2787K/5703K, external 1915K/2137K, paused 68ms
03-10 22:14:14.750 I/GentleAlarm(5632): Alarm: loadScheduledAlarmAsCurrent => id=-1, type=NONE, time=1969.12.31 at 18:00:00, name=, playAsTest=false, played=false
03-10 22:14:14.760 I/GentleAlarm(5632): DbAdapter: DELETE FROM Alarms WHERE date>0 AND date<? [20110310]
03-10 22:14:14.760 I/GentleAlarm(5632): Alarm: scheduleNextAlarm
03-10 22:14:14.760 I/GentleAlarm(5632): Alarm: cancelScheduledAlarm
03-10 22:14:14.770 I/GentleAlarm(5632): Alarm: storeScheduledAlarm => id=-1, type=NONE, time=1969.12.31 at 18:00:00, name=, playAsTest=false, played=false
03-10 22:14:14.770 I/GentleAlarm(5632): Background: setBackground MAIN wallpaper
03-10 22:14:14.770 I/GentleAlarm(5632): Background: setBackground discarding cache
03-10 22:14:14.810 D/dalvikvm(5632): GC_EXPLICIT freed 75K, 52% free 2771K/5703K, external 2285K/2825K, paused 37ms
03-10 22:14:14.810 I/GentleAlarm(5632): DbAdapter: DELETE FROM Skip WHERE _datetime <= ? [1299816854824]
03-10 22:14:14.820 I/GentleAlarm(5632): Alarm: loadScheduledAlarmAsCurrent => id=-1, type=NONE, time=1969.12.31 at 18:00:00, name=, playAsTest=false, played=false
03-10 22:14:14.820 I/GentleAlarm(5632): DbAdapter: getSkipTimesCount
03-10 22:14:15.070 I/ActivityManager(4168): Displayed com.mobitobi.android.gentlealarm/.Activity_Main: +2s711ms
03-10 22:14:16.240 I/GentleAlarm(5632): Activity_Main: mobitobi
03-10 22:14:22.920 W/InputManagerService(4168): Window already focused, ignoring focus gain of: [email protected]
03-10 22:14:24.200 I/ActivityManager(4168): Start proc vader.batterydroid for service vader.batterydroid/.WidgetProvider$WidgetUpdator: pid=5648 uid=10086 gids={}
03-10 22:14:25.710 I/ActivityManager(4168): Start proc com.touchtype.swiftkey for service com.touchtype.swiftkey/.KeyboardService: pid=5655 uid=10061 gids={1015, 3003}
03-10 22:14:25.960 D/szipinf (5655): Initializing inflate state
03-10 22:14:25.980 D/szipinf (5655): Initializing inflate state
03-10 22:14:26.000 D/szipinf (5655): Initializing inflate state
03-10 22:14:26.030 I/SwiftKey(5655): Registering default exceptions handler
03-10 22:14:26.030 D/SwiftKey(5655): Looking for exceptions in: /data/data/com.touchtype.swiftkey/files
03-10 22:14:26.030 D/SwiftKey(5655): Found 0 stacktrace(s)
03-10 22:14:26.050 D/dalvikvm(5655): Trying to load lib /data/data/com.touchtype.swiftkey/lib/libfluencyApi.so 0x405132f0
03-10 22:14:26.120 D/dalvikvm(5655): Added shared lib /data/data/com.touchtype.swiftkey/lib/libfluencyApi.so 0x405132f0
03-10 22:14:34.200 I/ActivityManager(4168): Start proc android.process.media for service com.android.providers.downloads/.DownloadService: pid=5665 uid=10012 gids={1015, 2001, 3003}
03-10 22:14:34.260 I/ActivityThread(5665): Pub media: com.android.providers.media.MediaProvider
03-10 22:14:34.290 V/MediaProvider(5665): Attached volume: internal
03-10 22:14:34.290 V/MediaProvider(5665): /mnt/sdcard volume ID: -2103637498
03-10 22:14:34.360 V/MediaProvider(5665): Attached volume: external
03-10 22:14:34.360 I/ActivityThread(5665): Pub downloads: com.android.providers.downloads.DownloadProvider
03-10 22:14:34.380 I/ActivityThread(5665): Pub drm: com.android.providers.drm.DrmProvider
03-10 22:14:34.390 I/ActivityManager(4168): Starting: Intent { act=android.intent.action.MAIN cat=[android.intent.category.HOME] flg=0x10200000 cmp=com.android.launcher/com.android.launcher2.Launcher } from pid 4168
03-10 22:14:34.410 V/RenderScript_jni(5359): surfaceCreated
03-10 22:14:34.410 V/RenderScript_jni(5359): surfaceChanged
03-10 22:14:37.150 I/ActivityManager(4168): Starting: Intent { act=android.intent.action.MAIN cat=[android.intent.category.LAUNCHER] flg=0x10200000 cmp=com.advancedprocessmanager/.MyActivity bnds=[245,392][355,510] } from pid 5359
03-10 22:14:37.180 I/ActivityManager(4168): Start proc com.advancedprocessmanager for activity com.advancedprocessmanager/.MyActivity: pid=5677 uid=10067 gids={3001, 3002, 3003, 1015}
03-10 22:14:37.310 V/RenderScript_jni(5359): surfaceDestroyed
03-10 22:14:37.520 I/AdMobSDK(5677): AdMob SDK version is 20101109-ANDROID-3312276cc1406347
03-10 22:14:37.530 I/AdMobSDK(5677): Requesting fresh ads every 13 seconds.
03-10 22:14:37.580 D/dalvikvm(5677): GC_EXTERNAL_ALLOC freed 93K, 51% free 2653K/5379K, external 1817K/2137K, paused 47ms
03-10 22:14:37.680 I/AdMobSDK(5677): To get test ads on this device use AdManager.setTestDevices( new String[] { "7CF2A2A1F53D728EC96E01EC66574556" } )
03-10 22:14:37.700 I/AdMobSDK(5677): Publisher ID set to a14cefa1e76cfaf
03-10 22:14:37.810 I/ActivityManager(4168): Displayed com.advancedprocessmanager/.MyActivity: +637ms
03-10 22:14:38.770 I/AdMobSDK(5677): Ad returned (1250 ms): Farm On Ur Nexus One!
03-10 22:14:38.770 I/AdMobSDK(5677): Requesting fresh ads every 40 seconds.
03-10 22:14:39.090 I/ActivityManager(4168): Process com.mobitobi.android.gentlealarm (pid 5632) has died.
03-10 22:14:39.090 I/ActivityManager(4168): Low Memory: No more background processes.
03-10 22:14:39.090 I/WindowManager(4168): WIN DEATH: Window{4053a290 com.mobitobi.android.gentlealarm/com.mobitobi.android.gentlealarm.Activity_Main paused=false}
03-10 22:14:42.290 I/ActivityManager(4168): Starting: Intent { act=android.intent.action.MAIN cat=[android.intent.category.HOME] flg=0x10200000 cmp=com.android.launcher/com.android.launcher2.Launcher } from pid 4168
03-10 22:14:42.300 D/PhoneWindow(5677): couldn't save which view has focus because the focused view [email protected] has no id.
03-10 22:14:42.320 V/RenderScript_jni(5359): surfaceCreated
03-10 22:14:42.320 V/RenderScript_jni(5359): surfaceChanged
03-10 22:14:42.600 I/ActivityManager(4168): Process android.process.media (pid 5665) has died.
03-10 22:14:42.600 W/ActivityManager(4168): Scheduling restart of crashed service com.android.providers.downloads/.DownloadService in 99472ms
03-10 22:14:42.600 I/ActivityManager(4168): Low Memory: No more background processes.
03-10 22:14:42.650 W/InputManagerService(4168): Starting input on non-focused client [email protected] (uid=10067 pid=5677)
03-10 22:14:42.670 I/ActivityManager(4168): Process org.iii.romulus.meridian (pid 5640) has died.
03-10 22:14:42.670 W/ActivityManager(4168): Scheduling restart of crashed service org.iii.romulus.meridian/.MusicPlaybackService in 31533ms
03-10 22:14:44.090 I/ActivityManager(4168): Starting: Intent { act=android.intent.action.MAIN cat=[android.intent.category.LAUNCHER] flg=0x10200000 cmp=com.nolanlawson.logcat/.LogcatActivity bnds=[125,553][235,671] } from pid 5359
03-10 22:14:44.120 I/ActivityManager(4168): Start proc com.nolanlawson.logcat for activity com.nolanlawson.logcat/.SendActionChooser: pid=5693 uid=10095 gids={1007, 1015}
03-10 22:14:44.230 V/RenderScript_jni(5359): surfaceDestroyed
03-10 22:14:44.470 E/InputDispatcher(4168): channel '4083e7d0 com.advancedprocessmanager/com.advancedprocessmanager.MyActivity (server)' ~ Consumer closed input channel or an error occurred. events=0x8
03-10 22:14:44.470 E/InputDispatcher(4168): channel '4083e7d0 com.advancedprocessmanager/com.advancedprocessmanager.MyActivity (server)' ~ Channel is unrecoverably broken and will be disposed!
03-10 22:14:44.470 I/ActivityManager(4168): Process com.advancedprocessmanager (pid 5677) has died.
03-10 22:14:44.480 I/ActivityManager(4168): Low Memory: No more background processes.
03-10 22:14:44.480 I/WindowManager(4168): WIN DEATH: Window{4083e7d0 com.advancedprocessmanager/com.advancedprocessmanager.MyActivity paused=false}
03-10 22:14:44.570 D/dalvikvm(5693): GC_EXTERNAL_ALLOC freed 90K, 52% free 2612K/5379K, external 2124K/2137K, paused 39ms
03-10 22:14:44.600 E/JavaBinder(4168): !!! FAILED BINDER TRANSACTION !!!
03-10 22:14:44.600 E/JavaBinder(4168): !!! FAILED BINDER TRANSACTION !!!

Categories

Resources