D/dalvikvm( 1048): GC_EXPLICIT freed 119 objects / 24472 bytes in 13ms
D/dalvikvm( 1048): GC_EXPLICIT freed 264 objects / 17936 bytes in 13ms
D/dalvikvm( 1048): GC_EXPLICIT freed 348 objects / 18872 bytes in 14ms
D/GpsLocationProvider( 1048): Call android_location_GpsLocationProvider_class_init_native
D/dalvikvm( 1048): GC_EXPLICIT freed 437 objects / 27176 bytes in 14ms
D/dalvikvm( 1048): GC_EXPLICIT freed 159 objects / 16544 bytes in 14ms
D/dalvikvm( 1048): GC_EXPLICIT freed 412 objects / 41776 bytes in 15ms
D/dalvikvm( 1048): GC_EXPLICIT freed 626 objects / 33984 bytes in 15ms
D/dalvikvm( 1048): GC_EXPLICIT freed 862 objects / 46912 bytes in 16ms
D/dalvikvm( 1048): GC_EXPLICIT freed 1745 objects / 85544 bytes in 16ms
D/dalvikvm( 1048): GC_EXPLICIT freed 454 objects / 29600 bytes in 16ms
D/dalvikvm( 1048): GC_EXPLICIT freed 317 objects / 20328 bytes in 17ms
I/Zygote ( 1048): ...preloaded 1264 classes in 1842ms.
E/Zygote ( 1048): setreuid() failed. errno: 17
D/dalvikvm( 1048): GC_EXPLICIT freed 102 objects / 14024 bytes in 16ms
I/Zygote ( 1048): Preloading resources...
D/dalvikvm( 1048): GC_EXPLICIT freed 312 objects / 15600 bytes in 18ms
W/Zygote ( 1048): Preloaded drawable resource #0x1080225 (res/drawable-hdpi/jog_tab_bar_left_end_confirm_gray.9.png) that vari
es with configuration!!
W/Zygote ( 1048): Preloaded drawable resource #0x1080229 (res/drawable-hdpi/jog_tab_bar_left_end_normal.9.png) that varies wit
h configuration!!
W/Zygote ( 1048): Preloaded drawable resource #0x108022a (res/drawable-hdpi/jog_tab_bar_left_end_pressed.9.png) that varies wi
th configuration!!
W/Zygote ( 1048): Preloaded drawable resource #0x108022e (res/drawable-hdpi/jog_tab_bar_right_end_confirm_gray.9.png) that var
ies with configuration!!
W/Zygote ( 1048): Preloaded drawable resource #0x1080232 (res/drawable-hdpi/jog_tab_bar_right_end_normal.9.png) that varies wi
th configuration!!
W/Zygote ( 1048): Preloaded drawable resource #0x1080233 (res/drawable-hdpi/jog_tab_bar_right_end_pressed.9.png) that varies w
ith configuration!!
W/Zygote ( 1048): Preloaded drawable resource #0x1080238 (res/drawable-hdpi/jog_tab_left_confirm_gray.png) that varies with co
nfiguration!!
W/Zygote ( 1048): Preloaded drawable resource #0x108023d (res/drawable-hdpi/jog_tab_left_normal.png) that varies with configur
ation!!
D/dalvikvm( 1048): GC_EXPLICIT freed 409 objects / 25608 bytes in 17ms
W/Zygote ( 1048): Preloaded drawable resource #0x108023e (res/drawable-hdpi/jog_tab_left_pressed.png) that varies with configu
ration!!
W/Zygote ( 1048): Preloaded drawable resource #0x1080240 (res/drawable-hdpi/jog_tab_right_confirm_gray.png) that varies with c
onfiguration!!
W/Zygote ( 1048): Preloaded drawable resource #0x1080246 (res/drawable-hdpi/jog_tab_right_normal.png) that varies with configu
ration!!
W/Zygote ( 1048): Preloaded drawable resource #0x1080247 (res/drawable-hdpi/jog_tab_right_pressed.png) that varies with config
uration!!
W/Zygote ( 1048): Preloaded drawable resource #0x108024a (res/drawable-hdpi/jog_tab_target_gray.png) that varies with configur
ation!!
I/Zygote ( 1048): ...preloaded 59 resources in 73ms.
I/Zygote ( 1048): ...preloaded 15 resources in 3ms.
D/dalvikvm( 1048): GC_EXPLICIT freed 309 objects / 18400 bytes in 17ms
D/dalvikvm( 1048): GC_EXPLICIT freed 109 objects / 4376 bytes in 17ms
D/dalvikvm( 1048): GC_EXPLICIT freed 2 objects / 48 bytes in 17ms
I/dalvikvm( 1048): System server process 1137 has been created
I/Zygote ( 1048): Accepting command socket connections
V/NvOmxCameraSettings( 1137): NvOmxCameraModeParams()
W/dalvikvm( 1137): ERROR: Unable to find decl for native Lcom/android/server/SensorService;.set_touch_value (I)I
E/JNIHelp ( 1137): RegisterNatives failed for 'com/android/server/SensorService'
I/sysproc ( 1137): Entered system_init()
I/sysproc ( 1137): ServiceManager: 0x12dac0
D/sysproc ( 1137): >>> at_cbc [START]
E/AT+CBC ( 1137): reset check ERROR
I/AT+CBC ( 1137): Backlight off: -1
E/AT+CBC ( 1137): Backlight off ERROR
I/AT+CBC ( 1137): Start at_cbc program!
D/AT+CBC ( 1137): Success to open Serial Device!
I/AT+CBC ( 1137): AT+CBC
I/AT+CBC ( 1137): [AT+CBC]
I/AT+CBC ( 1137): try to send atcmd three times
I/AT+CBC ( 1137): AT+CBC
I/AT+CBC ( 1137): [AT+CBC] AT+CBC
I/AT+CBC ( 1137): +CBC: 4116,92
I/AT+CBC ( 1137):
I/AT+CBC ( 1137): OK
I/AT+CBC ( 1137):
I/AT+CBC ( 1137): voltage string: (4116)
I/AT+CBC ( 1137): value(4116)
I/AT+CBC ( 1137): percent string: (92)
I/AT+CBC ( 1137): value(92)
I/AT+CBC ( 1137): calculated capacity (100)
I/AT+CBC ( 1137): diff (-8)
E/AT+CBC ( 1137): go to fail because open the true_guage
E/AT+CBC ( 1137): sk2:go to fail because open the true_guage
I/AT+CBC ( 1137): Close the uart_fd & restore uart setting
D/sysproc ( 1137): >>> at_cbc [END]
I/SurfaceFlinger( 1137): SurfaceFlinger is starting
D/ ( 1137): [HDMI] -> MainRegisterHPD
D/ ( 1055): nvrm_daemon: rt_exist from client: 0
D/ ( 1055): nvrm_daemon: rt_exist to client: 2
D/ ( 1137): [HDMI] -> MainHPDEventThread
D/ ( 1137): [HDMI] <-MainRegisterHPD
D/ ( 1137): [HDMI] wait HDMI Main detect
I/SurfaceFlinger( 1137): SurfaceFlinger's main thread ready to run. Initializing graphics H/W...
D/ ( 1055): nvrm_daemon: rt_exist from client: 2
D/ ( 1055): rt_exist=2, add client ref
D/ ( 1055): nvrm_daemon: rt_exist to client: 2
D/ ( 1137): NvGrFbDevOpen: Opened fb0 on disp 0 size 480x800 format 1 rate 72.000000
D/libEGL ( 1137): loaded /system/lib/egl/libGLES_android.so
D/libEGL ( 1137): loaded /system/lib/egl/libEGL_tegra.so
D/libEGL ( 1137): loaded /system/lib/egl/libGLESv1_CM_tegra.so
D/libEGL ( 1137): loaded /system/lib/egl/libGLESv2_tegra.so
I/SurfaceFlinger( 1137): EGL informations:
I/SurfaceFlinger( 1137): # of configs : 56
I/SurfaceFlinger( 1137): vendor : Android
I/SurfaceFlinger( 1137): version : 1.4 Android META-EGL
I/SurfaceFlinger( 1137): extensions: EGL_KHR_image EGL_KHR_image_base EGL_KHR_image_pixmap EGL_KHR_gl_texture_2D_image EGL_KHR_
gl_texture_cubemap_image EGL_KHR_gl_renderbuffer_image EGL_ANDROID_image_native_buffer EGL_ANDROID_swap_rectangle EGL_ANDROID_g
et_render_buffer
I/SurfaceFlinger( 1137): Client API: OpenGL ES
I/SurfaceFlinger( 1137): EGLSurface: 8-8-8-8, config=0x3
E/libEGL ( 1137): eglSetSwapRectangleANDROID:1861 error 3008 (EGL_BAD_DISPLAY)
I/SurfaceFlinger( 1137): flags : 00100000
I/SurfaceFlinger( 1137): OpenGL informations:
I/SurfaceFlinger( 1137): vendor : NVIDIA Corporation
I/SurfaceFlinger( 1137): renderer : NVIDIA AP
I/SurfaceFlinger( 1137): version : OpenGL ES-CM 1.1
I/SurfaceFlinger( 1137): extensions: GL_OES_byte_coordinates GL_OES_fixed_point GL_OES_single_precision GL_OES_read_format GL_O
ES_query_matrix GL_OES_compressed_paletted_texture GL_OES_matrix_palette GL_OES_extended_matrix_palette GL_OES_point_sprite GL_
OES_point_size_array GL_OES_draw_texture GL_OES_matrix_get GL_OES_compressed_ETC1_RGB8_texture GL_OES_texture_cube_map GL_OES_f
ramebuffer_object GL_OES_fbo_render_mipmap GL_OES_stencil8 GL_OES_rgb8_rgba8 GL_OES_vertex_half_float GL_OES_EGL_image GL_EXT_t
exture_compression_dxt1 GL_EXT_texture_compression_s3tc GL_EXT_bgra GL_EXT_texture_format_BGRA8888 GL_ARB_texture_non_power_of_
two
I/SurfaceFlinger( 1137): GL_MAX_TEXTURE_SIZE = 3839
I/SurfaceFlinger( 1137): GL_MAX_VIEWPORT_DIMS = 3839
I/sysproc ( 1137): System server: starting Android runtime.
I/sysproc ( 1137): System server: starting Android services.
I/sysproc ( 1137): System server: entering thread pool.
I/SystemServer( 1137): Entered the Android system server!
I/SystemServer( 1137): Entropy Service
I/SystemServer( 1137): Power Manager
I/SystemServer( 1137): Activity Manager
I/ActivityManager( 1137): Memory class: 32
W/UsageStats( 1137): Usage stats version changed; dropping
D/BootAnimation( 1150): newMediaPlayer() mEnable = 2
V/MediaPlayerService( 1049): Client(1) constructor
V/MediaPlayerService( 1049): Create new client(1) from pid 1150, url=/system/media/audio/poweron/PowerOn.mp3, connId=1
V/MediaPlayerService( 1049): setDataSource(/system/media/audio/poweron/PowerOn.mp3)
V/MediaPlayerService( 1049): player type = 6
E/MediaPlayerService( 1049): create BoardHWPlayer
V/OMXPlayer( 1049): Creating new NVOMXPlayer: 0xebd8
V/OMXPlayer( 1049): onFirstRef
V/OMXPlayer( 1049): onFirstRef --
V/MediaPlayerService( 1049): setDataSource
V/OMXPlayer( 1049): setDataSource url=/system/media/audio/poweron/PowerOn.mp3, fd=-1
V/OMXPlayer( 1049): setDataSource delete 0
V/OMXPlayer( 1049): 0xebd8 setDataSource url=/system/media/audio/poweron/PowerOn.mp3
V/OMXPlayer( 1049): setDataSource mState != STATE_SUSPEND
V/OMXPlayer( 1049): Worker Thread Enter +
V/OMXPlayer( 1049): render thread(1154) started: 0xebd8
V/OMXPlayer( 1049): setDataSource exit
V/MediaPlayerService( 1049): [1] setAudioStreamType(1)
V/MediaPlayerService( 1049): [1] prepareAsync
V/OMXPlayer( 1049): prepareAsync: 0xebd8
V/OMXPlayer( 1049): prepareAsync mCondition.signal
V/OMXPlayer( 1049): prepareAsync done
V/OMXPlayer( 1049): worker calling prepare()
V/OMXPlayer( 1049): 1 prepare 0xebd8
V/OMXPlayer( 1049): setDataSource_I enter
D/ ( 1049): Graph_EventHandler: Cmd Complete for clock [2]
D/ ( 1049): Graph_EventHandler: Sem signalled for clock OMX.Nvidia.clock.component
D/ ( 1049
D:\LG OPTIMUS 2x\Adroid\Tools\android_SDK\android_SDK\tools>
Click to expand...
Click to collapse
The thread at the MIUI forum has disappeared...not looking good.
Edit: Thread is back
xAdaM-- said:
The thread at the MIUI forum has disappeared...not looking good.
Click to expand...
Click to collapse
No, it didnt. Its still there, at the same place : http://forums.miui-dev.com/showthread.php?4679-ROM-WIP-LG-Optimus-2X-Port-In-Development
xAdaM-- said:
The thread at the MIUI forum has disappeared...not looking good.
Click to expand...
Click to collapse
this thread?
http://www.miui-dev.com/forums/showthread.php?4679-ROM-WIP-LG-Optimus-2X-Port-In-Development
edit: beat me to it

Don't work wifi AOSP+ roms

i have standard i9000 sgs 8 gb.wifi working good on all stock roms.
1-i tried all aosp roms(cm7,cm9,icssgs 4.2) and custom roms.
2-i tried different kernels(patwip,devil,semophore,glitch)
3-i did always clean install wipe cache factory reset etc. ,full wipe and installing two and three times.
4-Triying fix permission,
5-After installing rom trying remove battery. waiting and again boot)
6-Removed sim card and sd card again tried.
All of them dont work.Wifi dont work on aosp roms with my phone.
cm7 logcat is
I/PowerWidget( 307): Setting up widget
I/PowerWidget( 307): Default buttons being loaded
I/PowerWidget( 307): Button list: toggleWifi|toggleBluetooth|toggleGPS|toggleSo
und
I/PowerWidget( 307): Setting up button: toggleWifi
I/PowerWidget( 307): Setting up button: toggleBluetooth
I/PowerWidget( 307): Setting up button: toggleGPS
I/PowerWidget( 307): Setting up button: toggleSound
I/Main thread( 1252): Focus lost
E/libEGL ( 1252): call to OpenGL ES API with no current context (logged once pe
r thread)
I/Process ( 1252): Sending signal. PID: 1252 SIG: 9
I/ActivityManager( 252): Process jp.co.capcom.android.sf4hd (pid 1252) has died
.
I/WindowManager( 252): WIN DEATH: Window{40904940 jp.co.capcom.android.sf4hd/jp
.gltest2.android.GlTest2Activity paused=false}
I/WindowManager( 252): WIN DEATH: Window{4090ba58 SurfaceView paused=false}
D/MediaScanner( 1241): prescan time: 601ms
D/MediaScanner( 1241): scan time: 19555ms
D/MediaScanner( 1241): postscan time: 48ms
D/MediaScanner( 1241): total time: 20204ms
I/BootReceiver( 1214): Got intent with action android.intent.action.MEDIA_SCANNE
R_FINISHED
D/MediaScannerService( 1241): done scanning volume external
D/MediaScannerService( 1241): start scanning volume external
I/CacheService( 1214): Starting CacheService
D/dalvikvm( 1241): GC_CONCURRENT freed 801K, 54% free 2891K/6215K, external 0K/0
K, paused 2ms+1ms
D/dalvikvm( 1241): GC_CONCURRENT freed 53K, 48% free 3232K/6215K, external 0K/0K
, paused 1ms+1ms
D/MediaScanner( 1241): prescan time: 123ms
D/MediaScanner( 1241): scan time: 126ms
D/MediaScanner( 1241): postscan time: 21ms
D/MediaScanner( 1241): total time: 270ms
I/BootReceiver( 1214): Got intent with action android.intent.action.MEDIA_SCANNE
R_FINISHED
D/MediaScannerService( 1241): done scanning volume external
I/CacheService( 1214): Preparing DiskCache for all thumbnails.
D/dalvikvm( 1214): GC_EXTERNAL_ALLOC freed 212K, 52% free 2770K/5703K, external
201K/521K, paused 14ms
D/dalvikvm( 1214): GC_EXTERNAL_ALLOC freed 242K, 52% free 2776K/5767K, external
225K/545K, paused 14ms
D/dalvikvm( 1214): GC_FOR_MALLOC freed 327K, 52% free 2784K/5767K, external 321K
/545K, paused 11ms
D/dalvikvm( 1241): GC_EXPLICIT freed 740K, 54% free 2890K/6215K, external 0K/0K,
paused 17ms
D/dalvikvm( 252): GC_EXPLICIT freed 365K, 47% free 5005K/9351K, external 4565K/
5701K, paused 37ms
D/dalvikvm( 1214): GC_EXTERNAL_ALLOC freed 381K, 53% free 2792K/5831K, external
345K/545K, paused 21ms
D/dalvikvm( 1214): GC_FOR_MALLOC freed 425K, 53% free 2799K/5831K, external 417K
/545K, paused 11ms
D/dalvikvm( 1241): GC_EXPLICIT freed 194K, 54% free 2921K/6215K, external 0K/0K,
paused 16ms
I/ActivityManager( 252): Starting: Intent { act=com.android.launcher.action.lau
ncheraction flg=0x10000000 cmp=com.android.launcher/.CustomShirtcutActivity bnds
=[192,723][288,800] (has extras) } from pid 340
D/dalvikvm( 340): GC_EXTERNAL_ALLOC freed 232K, 49% free 3464K/6727K, external
8203K/8208K, paused 20ms
D/AudioHardware( 162): AudioHardware pcm playback is going to standby.
V/AudioHardware( 162): closeMixer_l() mMixerOpenCnt: 1
D/AudioHardware( 162): closePcmOut_l() mPcmOpenCnt: 1
W/InputManagerService( 252): Window already focused, ignoring focus gain of: co
m.android.internal.view.IInputMethodClient$Stub$Pr [email protected]
D/dalvikvm( 1214): GC_CONCURRENT freed 370K, 52% free 2824K/5831K, external 369K
/545K, paused 1ms+2ms
D/dalvikvm( 252): GC_EXPLICIT freed 178K, 47% free 4995K/9351K, external 4565K/
5701K, paused 28ms
D/dalvikvm( 1214): GC_CONCURRENT freed 383K, 52% free 2829K/5831K, external 393K
/545K, paused 2ms+1ms
D/dalvikvm( 1241): GC_EXPLICIT freed 195K, 53% free 2952K/6215K, external 0K/0K,
paused 16ms
D/dalvikvm( 1214): GC_CONCURRENT freed 389K, 52% free 2832K/5831K, external 393K
/545K, paused 1ms+1ms
D/dalvikvm( 1214): GC_CONCURRENT freed 388K, 52% free 2835K/5831K, external 393K
/545K, paused 1ms+2ms
W/Database( 1241): Reached MAX size for compiled-sql statement cache for databas
e /data/data/com.android.providers.media/databases/external-78331ee9.db; i.e., N
O space for this sql statement in cache: SELECT _id, _data FROM thumbnails WHERE
(image_id=122). Please change your sql statements to use '?' for bindargs, inst
ead of using actual values
I/CacheService( 1214): DiskCache ready for all thumbnails.
D/dalvikvm( 1241): GC_EXPLICIT freed 192K, 53% free 2973K/6215K, external 0K/0K,
paused 16ms
D/dalvikvm( 252): GC_EXPLICIT freed 144K, 47% free 4993K/9351K, external 4565K/
5701K, paused 44ms
D/dalvikvm( 1241): GC_EXPLICIT freed 171K, 53% free 2974K/6215K, external 0K/0K,
paused 16ms
D/dalvikvm( 1214): GC_EXPLICIT freed 257K, 52% free 2836K/5831K, external 177K/5
45K, paused 15ms
D/SettingsAppWidgetProvider( 568): Widget is from a previous version... Let's u
pdate
D/SettingsAppWidgetProvider( 568): No instances yet... Wait for at least one in
stance to exist before adding global settings
D/dalvikvm( 1241): GC_EXPLICIT freed 106K, 52% free 3045K/6215K, external 0K/0K,
paused 21ms
D/Vold ( 157): USB connected
D/Vold ( 157): Share method ums now available
I/StorageNotification( 307): UMS connection changed to true (media state mounte
d)
D/Tethering( 252): sendTetherStateChangedBroadcast 1, 0, 0
D/Tethering( 252): interfaceAdded :usb0
D/BluetoothNetworkService( 252): updating tether state
D/BluetoothNetworkService( 252): interface usb0
D/Vold ( 157): USB connected
E/Tethering( 252): active iface (usb0) reported as added, ignoring
D/dalvikvm( 1214): GC_EXPLICIT freed 184K, 52% free 2816K/5831K, external 9K/521
K, paused 19ms
D/dalvikvm( 252): GC_EXPLICIT freed 272K, 47% free 5012K/9351K, external 4565K/
5701K, paused 34ms
W/ActivityManager( 252): Activity destroy timeout for HistoryRecord{40885d88 jp
.co.capcom.android.sf4hd/jp.gltest2.android.GlTest2Activity}
D/dalvikvm( 307): GC_CONCURRENT freed 604K, 50% free 3200K/6343K, external 1839
K/2265K, paused 16ms+3ms
D/dalvikvm( 568): GC_EXPLICIT freed 22K, 49% free 3406K/6663K, external 2185K/2
729K, paused 61ms
I/power ( 252): *** set_screen_state 0
D/SurfaceFlinger( 252): About to give-up screen, flinger = 0x2b5908
D/dalvikvm( 252): GC_EXTERNAL_ALLOC freed 121K, 47% free 5044K/9351K, external
5385K/5701K, paused 249ms
W/IInputConnectionWrapper( 252): showStatusIcon on inactive InputConnection
D/SntpClient( 252): request time failed: java.net.UnknownHostException: north-a
merica.pool.ntp.org
D/SntpClient( 252): request time failed: java.net.UnknownHostException: north-a
merica.pool.ntp.org
D/SntpClient( 252): request time failed: java.net.UnknownHostException: north-a
merica.pool.ntp.org
D/KeyguardViewMediator( 252): wakeWhenReadyLocked(3)
I/power ( 252): *** set_screen_state 1
D/SurfaceFlinger( 252): Screen about to return, flinger = 0x2b5908
D/SettingsAppWidgetProvider( 568): Widget is from a previous version... Let's u
pdate
D/SettingsAppWidgetProvider( 568): No instances yet... Wait for at least one in
stance to exist before adding global settings
W/InputManagerService( 252): Window already focused, ignoring focus gain of: co
m.android.internal.view.IInputMethodClient$Stub$Pr [email protected]
W/InputManagerService( 252): Starting input on non-focused client android.view.
[email protected] (uid=1000 pid=252)
I/ActivityManager( 252): Starting: Intent { act=android.settings.SETTINGS flg=0
x10200000 cmp=com.android.settings/.Settings } from pid 340
I/ActivityManager( 252): Displayed com.android.settings/.Settings: +338ms (tota
l +2m46s642ms)
I/ActivityManager( 252): Starting: Intent { act=android.intent.action.MAIN cmp=
com.android.settings/.WirelessSettings } from pid 568
I/ActivityManager( 252): Displayed com.android.settings/.WirelessSettings: +253
ms
I/ActivityManager( 252): Starting: Intent { act=android.intent.action.MAIN cmp=
com.android.settings/.wifi.WifiSettings } from pid 568
I/ActivityManager( 252): Displayed com.android.settings/.wifi.WifiSettings: +23
5ms
D/SettingsAppWidgetProvider( 568): Widget is from a previous version... Let's u
pdate
D/SettingsAppWidgetProvider( 568): No instances yet... Wait for at least one in
stance to exist before adding global settings
D/dalvikvm( 340): GC_EXPLICIT freed 162K, 49% free 3438K/6727K, external 8445K/
8636K, paused 37ms
D/WifiService( 252): ACTION_BATTERY_CHANGED pluggedType: 2
E/wpa_supplicant(11510): ioctl[SIOCGIFFLAGS]
E/wpa_supplicant(11510): ioctl[SIOCSIWPMKSA]
E/wpa_supplicant(11510): ioctl[SIOCSIWMODE]
E/wpa_supplicant(11510): ioctl[SIOCGIRANGE]
E/wpa_supplicant(11510): ioctl[SIOCGIWMODE]
E/wpa_supplicant(11510): ioctl[SIOCSIWAP]
E/wpa_supplicant(11510): ioctl[SIOCSIWENCODEEXT]
E/wpa_supplicant(11510): ioctl[SIOCSIWENCODE]
E/wpa_supplicant(11510): ioctl[SIOCSIWENCODEEXT]
E/wpa_supplicant(11510): ioctl[SIOCSIWENCODE]
E/wpa_supplicant(11510): ioctl[SIOCSIWENCODEEXT]
E/wpa_supplicant(11510): ioctl[SIOCSIWENCODE]
E/wpa_supplicant(11510): ioctl[SIOCSIWENCODEEXT]
E/wpa_supplicant(11510): ioctl[SIOCSIWENCODE]
I/wpa_supplicant(11510): CTRL-EVENT-STATE-CHANGE id=-1 state=0 BSSID=00:00:00:00
:00:00
E/wpa_supplicant(11510): Failed to disable WPA in the driver.
E/wpa_supplicant(11510): ioctl[SIOCGIWMODE]
E/wpa_supplicant(11510): ioctl[SIOCSIWAP]
E/wpa_supplicant(11510): ioctl[SIOCGIFFLAGS]
D/WifiStateTracker( 252): Reset connections and stopping DHCP
W/ActivityManager( 252): Timeout of broadcast BroadcastRecord{40a293b8 android.
net.wifi.WIFI_STATE_CHANGED} - [email protected], started
10000ms ago
W/ActivityManager( 252): Receiver during timeout: ResolveInfo{409ab298 com.andr
oid.settings.widget.SettingsAppWidgetProvider p=0 o=0 m=0x108000}
I/Process ( 252): Sending signal. PID: 568 SIG: 3
I/dalvikvm( 568): threadid=4: reacting to signal 3
I/dalvikvm( 568): Wrote stack traces to '/data/anr/traces.txt'
I/Process ( 252): Sending signal. PID: 252 SIG: 3
I/dalvikvm( 252): threadid=4: reacting to signal 3
I/dalvikvm( 252): Wrote stack traces to '/data/anr/traces.txt'
I/Process ( 252): Sending signal. PID: 328 SIG: 3
I/dalvikvm( 328): threadid=4: reacting to signal 3
I/dalvikvm( 328): Wrote stack traces to '/data/anr/traces.txt'
I/Process ( 252): Sending signal. PID: 307 SIG: 3
I/dalvikvm( 307): threadid=4: reacting to signal 3
I/dalvikvm( 307): Wrote stack traces to '/data/anr/traces.txt'
D/dalvikvm( 252): GC_EXPLICIT freed 952K, 44% free 5263K/9351K, external 6946K/
7231K, paused 31ms
E/ActivityManager( 252): ANR in com.android.settings
E/ActivityManager( 252): Reason: Broadcast of Intent { act=android.net.wifi.WIF
I_STATE_CHANGED flg=0x10000000 cmp=com.android.settings/.widget.SettingsAppWidge
tProvider (has extras) }
E/ActivityManager( 252): Load: 1.32 / 1.97 / 1.69
E/ActivityManager( 252): CPU usage from 5015ms to 0ms ago:
E/ActivityManager( 252): 2.9% 252/system_server: 1.3% user + 1.5% kernel / fa
ults: 3 minor
E/ActivityManager( 252): 1.1% 307/com.android.systemui: 1.1% user + 0% kernel
/ faults: 4 minor
E/ActivityManager( 252): 0.3% 70/vsync_workqueue: 0% user + 0.3% kernel
E/ActivityManager( 252): 0.1% 16/kondemand/0: 0% user + 0.1% kernel
E/ActivityManager( 252): 0.1% 93/gp2a_wq: 0% user + 0.1% kernel
E/ActivityManager( 252): 0% 160/rild: 0% user + 0% kernel
E/ActivityManager( 252): 4.8% TOTAL: 2.8% user + 2% kernel
E/ActivityManager( 252): CPU usage from 126ms to 636ms later with 99% awake:
E/ActivityManager( 252): 9% 252/system_server: 3.6% user + 5.4% kernel
E/ActivityManager( 252): 9% 268/ActivityManager: 3.6% user + 5.4% kernel
E/ActivityManager( 252): 3.8% TOTAL: 1.9% user + 1.9% kernel
D/WifiStateTracker( 252): Disabling interface
D/SettingsAppWidgetProvider( 568): Widget is from a previous version... Let's u
pdate
D/SettingsAppWidgetProvider( 568): No instances yet... Wait for at least one in
stance to exist before adding global settings
W/ActivityManager( 252): finishReceiver called but no pending broadcasts
E/WifiHW ( 252): Supplicant not running, cannot connect
W/ActivityManager( 252): Force finishing activity com.android.settings/.wifi.
WifiSettings
I/Process ( 252): Sending signal. PID: 568 SIG: 9
I/ActivityManager( 252): Killing com.android.settings (pid=568): user's request
I/ActivityManager( 252): Process com.android.settings (pid 568) has died.
I/WindowManager( 252): WIN DEATH: Window{408c5188 com.android.settings/com.andr
oid.settings.Settings paused=false}
I/WindowManager( 252): WIN DEATH: Window{409ecf78 com.android.settings/com.andr
oid.settings.WirelessSettings paused=false}
I/WindowManager( 252): WIN DEATH: Window{40a81ac8 com.android.settings/com.andr
oid.settings.wifi.WifiSettings paused=true}
I/ActivityManager( 252): Start proc com.android.settings for activity com.andro
id.settings/.WirelessSettings: pid=11575 uid=1000 gids={1015, 3002, 3001, 3003}
D/szipinf (11575): Initializing inflate state
D/dalvikvm(11575): GC_EXTERNAL_ALLOC freed 76K, 49% free 2780K/5379K, external 0
K/0K, paused 19ms
V/NFC (11575): this device does not have NFC support
D/dalvikvm(11575): GC_EXTERNAL_ALLOC freed 65K, 48% free 2870K/5447K, external 5
06K/519K, paused 17ms
W/InputManagerService( 252): Got RemoteException sending setActive(false) notif
ication to pid 568 uid 1000
I/ActivityManager( 252): Displayed com.android.settings/.WirelessSettings: +310
ms
E/WifiHW ( 252): Supplicant not running, cannot connect
D/WifiStateTracker( 252): Reset connections and stopping DHCP
D/SettingsAppWidgetProvider(11575): Widget is from a previous version... Let's u
pdate
D/SettingsAppWidgetProvider(11575): No instances yet... Wait for at least one in
stance to exist before adding global settings
D/WifiStateTracker( 252): Disabling interface
D/SettingsAppWidgetProvider(11575): Widget is from a previous version... Let's u
pdate
D/SettingsAppWidgetProvider(11575): No instances yet... Wait for at least one in
stance to exist before adding global settings
E/WifiHW ( 252): Supplicant not running, cannot connect
V/WifiStateTracker( 252): Connection to supplicant lost
I/ActivityManager( 252): Starting: Intent { act=android.intent.action.MAIN cmp=
com.android.settings/.wifi.WifiSettings } from pid 11575
I/ActivityManager( 252): Displayed com.android.settings/.wifi.WifiSettings: +26
0ms
D/dalvikvm(11575): GC_CONCURRENT freed 108K, 47% free 2988K/5575K, external 677K
/1034K, paused 2ms+1ms
D/SettingsAppWidgetProvider(11575): Widget is from a previous version... Let's u
pdate
D/SettingsAppWidgetProvider(11575): No instances yet... Wait for at least one in
stance to exist before adding global settings
E/wpa_supplicant(11607): ioctl[SIOCGIFFLAGS]
E/wpa_supplicant(11607): ioctl[SIOCSIWPMKSA]
E/wpa_supplicant(11607): ioctl[SIOCSIWMODE]
E/wpa_supplicant(11607): ioctl[SIOCGIRANGE]
E/wpa_supplicant(11607): ioctl[SIOCGIWMODE]
E/wpa_supplicant(11607): ioctl[SIOCSIWAP]
E/wpa_supplicant(11607): ioctl[SIOCSIWENCODEEXT]
E/wpa_supplicant(11607): ioctl[SIOCSIWENCODE]
E/wpa_supplicant(11607): ioctl[SIOCSIWENCODEEXT]
E/wpa_supplicant(11607): ioctl[SIOCSIWENCODE]
E/wpa_supplicant(11607): ioctl[SIOCSIWENCODEEXT]
E/wpa_supplicant(11607): ioctl[SIOCSIWENCODE]
E/wpa_supplicant(11607): ioctl[SIOCSIWENCODEEXT]
E/wpa_supplicant(11607): ioctl[SIOCSIWENCODE]
I/wpa_supplicant(11607): CTRL-EVENT-STATE-CHANGE id=-1 state=0 BSSID=00:00:00:00
:00:00
E/wpa_supplicant(11607): Failed to disable WPA in the driver.
E/wpa_supplicant(11607): ioctl[SIOCGIWMODE]
E/wpa_supplicant(11607): ioctl[SIOCSIWAP]
E/wpa_supplicant(11607): ioctl[SIOCGIFFLAGS]
E/WifiService( 252): Failed to start supplicant daemon.
D/SettingsAppWidgetProvider(11575): Widget is from a previous version... Let's u
pdate
D/SettingsAppWidgetProvider(11575): No instances yet... Wait for at least one in
stance to exist before adding global settings
cm9 logcat is;
I/PowerManagerService( 229): animating: 16
E/WifiHW ( 229): Supplicant not running, cannot connect
I/power ( 229): *** set_screen_state 0
D/Sensors ( 229): Smb380Sensor::~enable(0, 0)
D/Sensors ( 229): Smb380Sensor::~enable(0, 0) open /sys/class/input/event1/devi
ce/enable
D/Sensors ( 229): Smb380Sensor::~enable(0, 0) opened /sys/class/input/event1/de
vice/enable
D/Sensors ( 229): Smb380Sensor::~setDelay(0, 66667000)
D/SurfaceFlinger( 156): About to give-up screen, flinger = 0x1c62918
E/WifiHW ( 229): Supplicant not running, cannot connect
E/WifiStateMachine( 229): Failed to setup control channel, restart supplicant
D/dalvikvm( 229): GC_FOR_ALLOC freed 598K, 9% free 13579K/14791K, paused 39ms
I/dalvikvm-heap( 229): Grow heap (frag case) to 13.437MB for 104992-byte alloca
tion
D/dalvikvm( 229): GC_FOR_ALLOC freed 23K, 9% free 13658K/14919K, paused 43ms
D/dalvikvm( 229): GC_FOR_ALLOC freed 14K, 8% free 13749K/14919K, paused 36ms
D/dalvikvm( 229): GC_FOR_ALLOC freed 8K, 8% free 13860K/15047K, paused 38ms
V/TransportControlView( 229): Create TCV com.android.internal.widget.TransportC
[email protected]
D/PhoneStatusBar( 296): disable: < expand icons alerts ticker system_info back
home RECENT* clock >
W/IInputConnectionWrapper( 229): showStatusIcon on inactive InputConnection
W/InputManagerService( 229): Starting input on non-focused client com.android.i
[email protected] 8 (uid=1000 pid=1194)
D/PhoneStatusBar( 296): disable: < expand icons alerts ticker system_info BACK*
HOME* RECENT CLOCK* >
D/SoftapController( 154): Softap fwReload - Ok
D/NetworkManagementService( 229): rsp <213 00:00:00:00:00:00 0.0.0.0 0 [down br
oadcast multicast]>
D/NetworkManagementService( 229): flags <[down broadcast multicast]>
D/CommandListener( 154): Setting iface cfg
D/CommandListener( 154): Trying to bring down wlan0
D/CommandListener( 154): broadcast flag ignored
D/CommandListener( 154): multicast flag ignored
I/wpa_supplicant( 1294): rfkill: Cannot open RFKILL control device
E/WifiConfigStore( 229): Error parsing configurationjava.io.FileNotFoundExcepti
on: /data/misc/wifi/ipconfig.txt: open failed: ENOENT (No such file or directory
)
E/wpa_supplicant( 1294): wpa_driver_nl80211_driver_cmd: failed to issue private
commands
E/wpa_supplicant( 1294): wpa_driver_nl80211_driver_cmd: failed to issue private
commands
E/wpa_supplicant( 1294): wpa_driver_nl80211_driver_cmd: failed to issue private
commands
E/wpa_supplicant( 1294): wpa_driver_nl80211_driver_cmd: failed to issue private
commands
E/WifiStateMachine( 229): Failed to set country code TR
E/wpa_supplicant( 1294): wpa_driver_nl80211_driver_cmd: failed to issue private
commands
I/wpa_supplicant( 1294): wlan0: CTRL-EVENT-DRIVER-STATE HANGED
E/WifiStateMachine( 229): Failed to set frequency band 0
D/CommandListener( 154): Clearing all IP addresses on wlan0
I/wpa_supplicant( 1294): wlan0: CTRL-EVENT-TERMINATING
D/SoftapController( 154): Softap fwReload - Ok
D/NetworkManagementService( 229): rsp <213 00:00:00:00:00:00 0.0.0.0 0 [down br
oadcast multicast]>
D/NetworkManagementService( 229): flags <[down broadcast multicast]>
D/CommandListener( 154): Setting iface cfg
D/CommandListener( 154): Trying to bring down wlan0
D/CommandListener( 154): broadcast flag ignored
D/CommandListener( 154): multicast flag ignored
I/wpa_supplicant( 1298): rfkill: Cannot open RFKILL control device
E/wpa_supplicant( 1298): Could not set interface wlan0 flags: Operation not perm
itted
E/wpa_supplicant( 1298): nl80211: Could not set interface 'wlan0' UP
E/wpa_supplicant( 1298): wlan0: Failed to initialize driver interface
E/WifiHW ( 229): Supplicant not running, cannot connect
E/WifiHW ( 229): Supplicant not running, cannot connect
E/WifiHW ( 229): Supplicant not running, cannot connect
E/WifiHW ( 229): Supplicant not running, cannot connect
E/WifiHW ( 229): Supplicant not running, cannot connect
E/WifiStateMachine( 229): Failed to setup control channel, restart supplicant
D/SoftapController( 154): Softap fwReload - Ok
D/NetworkManagementService( 229): rsp <213 00:00:00:00:00:00 0.0.0.0 0 [down br
oadcast multicast]>
D/NetworkManagementService( 229): flags <[down broadcast multicast]>
D/CommandListener( 154): Setting iface cfg
D/CommandListener( 154): Trying to bring down wlan0
D/CommandListener( 154): broadcast flag ignored
D/CommandListener( 154): multicast flag ignored
I/wpa_supplicant( 1300): rfkill: Cannot open RFKILL control device
E/WifiConfigStore( 229): Error parsing configurationjava.io.FileNotFoundExcepti
on: /data/misc/wifi/ipconfig.txt: open failed: ENOENT (No such file or directory
)
E/wpa_supplicant( 1300): wpa_driver_nl80211_driver_cmd: failed to issue private
commands
E/wpa_supplicant( 1300): wpa_driver_nl80211_driver_cmd: failed to issue private
commands
E/wpa_supplicant( 1300): wpa_driver_nl80211_driver_cmd: failed to issue private
commands
E/wpa_supplicant( 1300): wpa_driver_nl80211_driver_cmd: failed to issue private
commands
E/WifiStateMachine( 229): Failed to set country code TR
E/wpa_supplicant( 1300): wpa_driver_nl80211_driver_cmd: failed to issue private
commands
I/wpa_supplicant( 1300): wlan0: CTRL-EVENT-DRIVER-STATE HANGED
E/WifiStateMachine( 229): Failed to set frequency band 0
D/CommandListener( 154): Clearing all IP addresses on wlan0
I/wpa_supplicant( 1300): wlan0: CTRL-EVENT-TERMINATING
D/SoftapController( 154): Softap fwReload - Ok
D/CommandListener( 154): Setting iface cfg
D/CommandListener( 154): Trying to bring down wlan0
D/CommandListener( 154): broadcast flag ignored
D/CommandListener( 154): multicast flag ignored
D/NetworkManagementService( 229): rsp <213 00:00:00:00:00:00 0.0.0.0 0 [down br
oadcast multicast]>
D/NetworkManagementService( 229): flags <[down broadcast multicast]>
I/wpa_supplicant( 1304): rfkill: Cannot open RFKILL control device
E/wpa_supplicant( 1304): Could not set interface wlan0 flags: Operation not perm
itted
E/wpa_supplicant( 1304): nl80211: Could not set interface 'wlan0' UP
E/wpa_supplicant( 1304): wlan0: Failed to initialize driver interface
E/WifiHW ( 229): Supplicant not running, cannot connect
E/WifiHW ( 229): Supplicant not running, cannot connect
E/WifiHW ( 229): Supplicant not running, cannot connect
E/WifiHW ( 229): Supplicant not running, cannot connect
E/WifiHW ( 229): Supplicant not running, cannot connect
E/WifiStateMachine( 229): Failed to setup control channel, restart supplicant
D/SoftapController( 154): Softap fwReload - Ok
D/NetworkManagementService( 229): rsp <213 00:00:00:00:00:00 0.0.0.0 0 [down br
oadcast multicast]>
D/NetworkManagementService( 229): flags <[down broadcast multicast]>
D/CommandListener( 154): Setting iface cfg
D/CommandListener( 154): Trying to bring down wlan0
D/CommandListener( 154): broadcast flag ignored
D/CommandListener( 154): multicast flag ignored
I/wpa_supplicant( 1306): rfkill: Cannot open RFKILL control device
E/WifiConfigStore( 229): Error parsing configurationjava.io.FileNotFoundExcepti
on: /data/misc/wifi/ipconfig.txt: open failed: ENOENT (No such file or directory
)
E/wpa_supplicant( 1306): wpa_driver_nl80211_driver_cmd: failed to issue private
commands
E/wpa_supplicant( 1306): wpa_driver_nl80211_driver_cmd: failed to issue private
commands
E/wpa_supplicant( 1306): wpa_driver_nl80211_driver_cmd: failed to issue private
commands
E/wpa_supplicant( 1306): wpa_driver_nl80211_driver_cmd: failed to issue private
commands
E/WifiStateMachine( 229): Failed to set country code TR
E/wpa_supplicant( 1306): wpa_driver_nl80211_driver_cmd: failed to issue private
commands
I/wpa_supplicant( 1306): wlan0: CTRL-EVENT-DRIVER-STATE HANGED
E/WifiStateMachine( 229): Failed to set frequency band 0
D/CommandListener( 154): Clearing all IP addresses on wlan0
I/wpa_supplicant( 1306): wlan0: CTRL-EVENT-TERMINATING
D/SoftapController( 154): Softap fwReload - Ok
D/CommandListener( 154): Setting iface cfg
D/CommandListener( 154): Trying to bring down wlan0
D/CommandListener( 154): broadcast flag ignored
D/CommandListener( 154): multicast flag ignored
D/NetworkManagementService( 229): rsp <213 00:00:00:00:00:00 0.0.0.0 0 [down br
oadcast multicast]>
D/NetworkManagementService( 229): flags <[down broadcast multicast]>
I/wpa_supplicant( 1310): rfkill: Cannot open RFKILL control device
E/wpa_supplicant( 1310): Could not set interface wlan0 flags: Operation not perm
itted
E/wpa_supplicant( 1310): nl80211: Could not set interface 'wlan0' UP
E/wpa_supplicant( 1310): wlan0: Failed to initialize driver interface
E/WifiHW ( 229): Supplicant not running, cannot connect
E/WifiHW ( 229): Supplicant not running, cannot connect
E/WifiHW ( 229): Supplicant not running, cannot connect
E/WifiHW ( 229): Supplicant not running, cannot connect
E/WifiHW ( 229): Supplicant not running, cannot connect
E/WifiStateMachine( 229): Failed to setup control channel, restart supplicant
D/SoftapController( 154): Softap fwReload - Ok
D/NetworkManagementService( 229): rsp <213 00:00:00:00:00:00 0.0.0.0 0 [down br
oadcast multicast]>
D/NetworkManagementService( 229): flags <[down broadcast multicast]>
D/CommandListener( 154): Setting iface cfg
D/CommandListener( 154): Trying to bring down wlan0
D/CommandListener( 154): broadcast flag ignored
D/CommandListener( 154): multicast flag ignored
I/wpa_supplicant( 1317): rfkill: Cannot open RFKILL control device
E/WifiConfigStore( 229): Error parsing configurationjava.io.FileNotFoundExcepti
on: /data/misc/wifi/ipconfig.txt: open failed: ENOENT (No such file or directory
)
E/wpa_supplicant( 1317): wpa_driver_nl80211_driver_cmd: failed to issue private
commands
E/wpa_supplicant( 1317): wpa_driver_nl80211_driver_cmd: failed to issue private
commands
E/wpa_supplicant( 1317): wpa_driver_nl80211_driver_cmd: failed to issue private
commands
E/wpa_supplicant( 1317): wpa_driver_nl80211_driver_cmd: failed to issue private
commands
E/WifiStateMachine( 229): Failed to set country code TR
E/wpa_supplicant( 1317): wpa_driver_nl80211_driver_cmd: failed to issue private
commands
I/wpa_supplicant( 1317): wlan0: CTRL-EVENT-DRIVER-STATE HANGED
E/WifiStateMachine( 229): Failed to set frequency band 0
D/CommandListener( 154): Clearing all IP addresses on wlan0
I/wpa_supplicant( 1317): wlan0: CTRL-EVENT-TERMINATING
D/SoftapController( 154): Softap fwReload - Ok
D/NetworkManagementService( 229): rsp <213 00:00:00:00:00:00 0.0.0.0 0 [down br
oadcast multicast]>
D/NetworkManagementService( 229): flags <[down broadcast multicast]>
D/CommandListener( 154): Setting iface cfg
D/CommandListener( 154): Trying to bring down wlan0
D/CommandListener( 154): broadcast flag ignored
D/CommandListener( 154): multicast flag ignored
I/wpa_supplicant( 1321): rfkill: Cannot open RFKILL control device
E/wpa_supplicant( 1321): Could not set interface wlan0 flags: Operation not perm
itted
E/wpa_supplicant( 1321): nl80211: Could not set interface 'wlan0' UP
E/wpa_supplicant( 1321): wlan0: Failed to initialize driver interface
E/WifiHW ( 229): Supplicant not running, cannot connect
E/WifiHW ( 229): Supplicant not running, cannot connect
E/WifiHW ( 229): Supplicant not running, cannot connect
E/WifiStateMachine( 229): Failed to setup control channel, restart supplicant
D/SoftapController( 154): Softap fwReload - Ok
D/NetworkManagementService( 229): rsp <213 00:00:00:00:00:00 0.0.0.0 0 [down br
oadcast multicast]>
D/NetworkManagementService( 229): flags <[down broadcast multicast]>
D/CommandListener( 154): Setting iface cfg
D/CommandListener( 154): Trying to bring down wlan0
D/CommandListener( 154): broadcast flag ignored
D/CommandListener( 154): multicast flag ignored
I/wpa_supplicant( 1324): rfkill: Cannot open RFKILL control device
E/WifiConfigStore( 229): Error parsing configurationjava.io.FileNotFoundExcepti
on: /data/misc/wifi/ipconfig.txt: open failed: ENOENT (No such file or directory
)
E/wpa_supplicant( 1324): wpa_driver_nl80211_driver_cmd: failed to issue private
commands
E/wpa_supplicant( 1324): wpa_driver_nl80211_driver_cmd: failed to issue private
commands
E/wpa_supplicant( 1324): wpa_driver_nl80211_driver_cmd: failed to issue private
commands
E/WifiStateMachine( 229): Failed to set country code TR
E/wpa_supplicant( 1324): wpa_driver_nl80211_driver_cmd: failed to issue private
commands
I/wpa_supplicant( 1324): wlan0: CTRL-EVENT-DRIVER-STATE HANGED
E/WifiStateMachine( 229): Failed to set frequency band 0
D/CommandListener( 154): Clearing all IP addresses on wlan0
I/wpa_supplicant( 1324): wlan0: CTRL-EVENT-TERMINATING
D/SoftapController( 154): Softap fwReload - Ok
D/NetworkManagementService( 229): rsp <213 00:00:00:00:00:00 0.0.0.0 0 [down br
oadcast multicast]>
D/NetworkManagementService( 229): flags <[down broadcast multicast]>
D/CommandListener( 154): Setting iface cfg
D/CommandListener( 154): Trying to bring down wlan0
D/CommandListener( 154): broadcast flag ignored
D/CommandListener( 154): multicast flag ignored
I/wpa_supplicant( 1328): rfkill: Cannot open RFKILL control device
E/wpa_supplicant( 1328): Could not set interface wlan0 flags: Operation not perm
itted
Any solution about this problem or anybody has too?
And sgs phones have different wlan adapter sometimes?How can i learn about my wlan card adapter model?
Waiting for help. Thank u..

Categories

Resources