[Q] Bluetooth logcat... - G1 Q&A, Help & Troubleshooting

does anyone understand this? lol im trying to fix bluetooth on senselx rom..
D/MCPMonitorService( 272): starting daemon!
D/MCPMonitorService( 272): state of daemon after start: running started: true
D/skia ( 272): purging 167K from font cache [18 entries]
D/dalvikvm( 272): GC freed 17074 objects / 878752 bytes in 270ms
D/JBtlBmg ( 272): destroy: Entered
D/ ( 272): NativeJBtlBmg_Destroy: Entered
D/ ( 272): NativeJBtlBmg_Destroy: Calling BTL_BMG_Destroy
D/ ( 272): NativeJBtlBmg_Destroy: BTL_BMG_Destroy returned 1
D/ ( 272): NativeJBtlBmg_Destroy:Exiting Successfully
D/JBtlBmg ( 272): After NativeJBtlBmg_Destroy, status=FAILED
D/JBtlBmg ( 272): destroy: Exiting
D/JBtlBmg ( 272): create: Entered
D/JBtlBmg ( 272): Calling NativeJBtlBmg_Create
D/ ( 272): NativeJBtlBmg_Create: Entered
D/ ( 272): NativeJBtlBmg_Create: Calling BTL_BMG_Remote_Create
D/ ( 272): NativeJBtlBmg_Create: BTL_BMG_Remote_Create returned 0, context: 1
D/ ( 272): NativeJBtlBmg_Create: Calling BTL_BMG_SetEventForwardingMode
D/ ( 272): NativeJBtlBmg_Create: BTL_BMG_SetEventForwardingMode returned 0
D/JBtlProfileContext( 272): setValue: setValue called, value:1
D/ ( 272): NativeJBtlBmg_Create:Exiting Successfully
D/JBtlBmg ( 272): After NativeJBtlBmg_Create, status=SUCCESS, Context = 1
D/JBtlBmg ( 272): create: Exiting
D/JBtlCommon( 272): radioOn: Entered
D/JBtlCommonNative( 272): NativeJBtlCommon_RadioOn: Calling BTL_RadioOn
D/JBtlCommonNative( 272): NativeJBtlCommon_RadioOn: BTL_RadioOn Returned 2
D/JBtlCommon( 272): radioOn: After NativeJBtlCommon_RadioOn, status=PENDING
D/BluetoothService( 272): Bluetooth state 10 -> 11
D/BluetoothService( 272): Sending ACTION_STATE_CHANGED intent, new mBluetoothState = 11
D/BluetoothAvrcpService( 272): Received intent with action: android.bluetooth.adapter.action.STATE_CHANGED
D/BluetoothPbapService( 272): Received intent with action: android.bluetooth.adapter.action.STATE_CHANGED
D/BluetoothA2dpService( 272): Received intent with action: android.bluetooth.adapter.action.STATE_CHANGED
D/JBtlCommonNative( 272): signal_BTL_EVENT_HCI_INIT_ERROR: status = 0
D/JBtlCommon( 272): In hciInitError
D/BluetoothService( 272): Callback - hciInitError, status = SUCCESS
D/JBtlCommonNative( 272): After the call to HCI Init Error
V/BluetoothEventRedirector( 4859): Received android.bluetooth.adapter.action.STATE_CHANGED
D/BT HS/HF( 436): gsmAsuToSignal=28
D/dalvikvm( 436): GC freed 1729 objects / 82656 bytes in 128ms
D/JBtlCommonNative( 272): signal_BTL_EVENT_HCI_INIT_ERROR: status = 0
D/JBtlCommon( 272): In hciInitError
D/BluetoothService( 272): Callback - hciInitError, status = SUCCESS
D/JBtlCommonNative( 272): After the call to HCI Init Error
D/BT HS/HF( 436): gsmAsuToSignal=27
D/BT HS/HF( 436): gsmAsuToSignal=28
D/dalvikvm( 440): GC freed 219 objects / 7576 bytes in 127ms
D/BT HS/HF( 436): gsmAsuToSignal=29
E/BluetoothService( 272): got timeout (or bad status) switching bluetooth state! indicating non-responsiveness to MCPMonitor
D/MCPMonitorService( 272): indicateNotResponding: refcount: 1
D/MCPMonitorService( 272): will stop deamon and reset refcount
D/MCPMonitorService( 272): stopping daemon. force: true
D/MCPMonitorService( 272): calling all onStop callbacks
D/BluetoothService( 272): onDeamonStop: forceStop: true
D/BluetoothService( 272): onDeamonStop: forceStop - simulating radio off
D/BluetoothService( 272): Callback - radioOffComplete, status = SUCCESS
D/MCPMonitorService( 272): state of daemon after stop: stopped stopped: true
D/MCPMonitorService( 272): shuting down chip...
D/BluetoothService( 272): Bluetooth state 11 -> 10
D/BluetoothService( 272): Sending ACTION_STATE_CHANGED intent, new mBluetoothState = 10
D/BluetoothAvrcpService( 272): Received intent with action: android.bluetooth.adapter.action.STATE_CHANGED
D/BluetoothPbapService( 272): Received intent with action: android.bluetooth.adapter.action.STATE_CHANGED
D/BluetoothA2dpService( 272): Received intent with action: android.bluetooth.adapter.action.STATE_CHANGED
V/BluetoothEventRedirector( 4859): Received android.bluetooth.adapter.action.STATE_CHANGED
D/BT HS/HF( 436): gsmAsuToSignal=30
D/BT HS/HF( 436): gsmAsuToSignal=29
D/dalvikvm( 433): GC freed 69 objects / 3152 bytes in 102ms
D/skia ( 779): purging 93K from font cache [12 entries]
D/dalvikvm( 779): GC freed 2455 objects / 120680 bytes in 151ms

Related

Recovery Error! Please help!

The error I get is E:Can't mount /dev/block/mmcblk0p1 (or /dev/block/mmcblk0) (I/0 error) . I just flashed superD 1.10.3 and I know he said something about I/0... I also used JIT before this error came up. This only happens in Recovery. When I boot into the normal system, I get a motherload of fc's, and the phone says that my sd card is "blank." PLEASE HELP! If flashing a ROM via fastboot might work, let me know! HELP!!
I can post a logcat as well.
blackjackboy said:
The error I get is E:Can't mount /dev/block/mmcblk0p1 (or /dev/block/mmcblk0) (I/0 error) . I just flashed superD 1.10.3 and I know he said something about I/0... I also used JIT before this error came up. This only happens in Recovery. When I boot into the normal system, I get a motherload of fc's, and the phone says that my sd card is "blank." PLEASE HELP! If flashing a ROM via fastboot might work, let me know! HELP!!
I can post a logcat as well.
Click to expand...
Click to collapse
post the logcat.. that may help people figure out the problem
I think I may have figured it out... I used the sd so much that it corrupted. It has nothing on it, I reformat it, and it dies... SuperD boots, but I think that It's the sd card. I'm going to buy an new one.
logcat
What follows is a logcat from deleting a file, mounting the sdcard, and remounting the sdcard.
D/dalvikvm( 552): GC freed 8088 objects / 482216 bytes in 226ms
D/SearchDialog( 119): launching Intent { act=android.intent.action.SEARCH flg=0x10000000 cmp=com.android.vending/.SearchAssetListActivity (has extras) }
I/SearchDialog( 119): Starting (as ourselves) #Intent;action=android.intent.action.SEARCH;launchFlags=0x10000000;component=com.android.vending/.SearchAssetListActivity;S.query=astro;S.user_query=astro;end
I/ActivityManager( 119): Starting activity: Intent { act=android.intent.action.SEARCH flg=0x10000000 cmp=com.android.vending/.SearchAssetListActivity (has extras) }
D/dalvikvm( 474): GC freed 12330 objects / 816520 bytes in 130ms
I/ActivityManager( 119): Starting activity: Intent { act=android.intent.action.VIEW cmp=com.android.vending/.AssetInfoActivity (has extras) }
I/ActivityManager( 119): Displayed activity com.android.vending/.AssetInfoActivity: 643 ms (total 643 ms)
D/dalvikvm( 474): GC freed 4629 objects / 367384 bytes in 133ms
I/installd( 102): free_cache(2128735) avail 87453696
I/ActivityManager( 119): Starting activity: Intent { act=android.intent.action.VIEW cmp=com.android.vending/.AssetPermissionsSubActivity (has extras) }
I/ActivityManager( 119): Displayed activity com.android.vending/.AssetPermissionsSubActivity: 667 ms (total 667 ms)
I/NotificationService( 119): enqueueToast pkg=com.android.vending [email protected] duration=1
I/vending ( 474): com.android.vending.api.RequestDispatcher$RequestContext.<init>(): Some requests use secure token but dont require SSL. Forcing SSL.
W/Smack/Packet( 170): notify conn break (IOEx), close connection
D/Smack ( 170): [XMPPConn] close connection, notifyClosed=false
I/ActivityManager( 119): Starting activity: Intent { act=android.intent.action.MAIN cat=[android.intent.category.HOME] flg=0x10200000 cmp=com.android.nexuslauncher/.Launcher }
D/NExusthings( 188): NEW INTENT
D/WindowManager( 119): I'm tired mEndcallBehavior=0x2
D/Sensors ( 119): sensors=00000000, real=00000000
D/WifiService( 119): ACTION_SCREEN_OFF
D/AKMD ( 105): Compass CLOSE
D/WifiService( 119): setting ACTION_DEVICE_IDLE timer for 900000ms
D/SurfaceFlinger( 119): About to give-up screen, flinger = 0x101100
D/dalvikvm( 474): GC freed 6639 objects / 470128 bytes in 164ms
D/OpenSSLSessionImpl( 474): Freeing OpenSSL session
D/SmsProvider( 185): insert url=content://sms/inbox, match=2
V/Telephony( 185): getOrCreateThreadId uri: content://mms-sms/threadID?recipient=%2B17705971495
V/MmsSmsProvider( 185): getThreadId THREAD_QUERY: SELECT _id FROM threads WHERE recipient_ids = ?
V/MmsSmsProvider( 185): getThreadId cursor count: 1
V/Telephony( 185): getOrCreateThreadId cursor cnt: 1
W/AudioFlinger( 100): write blocked for 122 msecs
D/KeyguardViewMediator( 119): wakeWhenReadyLocked(82)
D/KeyguardViewMediator( 119): handleWakeWhenReady(82)
D/KeyguardViewMediator( 119): pokeWakelock(5000)
D/Sensors ( 119): sensors=00000001, real=00000001
D/AKMD ( 105): Compass OPEN
D/WifiService( 119): ACTION_SCREEN_ON
D/SurfaceFlinger( 119): Screen about to return, flinger = 0x101100
I/WindowManager( 119): onOrientationChanged, rotation changed to 0
D/KeyguardViewMediator( 119): pokeWakelock(5000)
W/InputManagerService( 119): Window already focused, ignoring focus gain of: [email protected]
D/TrackingPatternView( 119): width=320 textureWidth=120
D/TrackingPatternView( 119): width=320 textureWidth=120
I/ActivityManager( 119): Starting activity: Intent { act=android.intent.action.VIEW dat=content://mms-sms/conversations/1 flg=0x14000000 cmp=com.android.mms/.ui.ComposeMessageActivity }
I/ActivityManager( 119): Displayed activity com.android.mms/.ui.ComposeMessageActivity: 984 ms (total 984 ms)
I/vending ( 474): com.android.vending.AssetDownloader.startDownload(): Download request row inserted at content://downloads/download/4
D/ ( 413): unable to rmdir '/cache/dalvik-cache': Is a directory (errno=21)
D/dalvikvm( 119): threadid=15: bogus mon 1+0>0; adjusting
D/dalvikvm( 119): GC freed 19687 objects / 1027120 bytes in 267ms
D/dalvikvm( 170): GC freed 2587 objects / 152264 bytes in 479ms
D/OpenSSLSessionImpl( 170): Freeing OpenSSL session
D/dalvikvm( 413): threadid=33 wakeup: interrupted
D/vending ( 474): com.android.vending.AssetDownloader$DownloadManagerBroadcastReceiver.handleDownloadCompletedAction(): Got a download completed intent.
D/PackageParser( 119): Scanning package: /data/app/vmdl69040.tmp
D/dalvikvm( 119): GC freed 8460 objects / 528568 bytes in 195ms
D/dalvikvm( 119): GC freed 621 objects / 92336 bytes in 197ms
D/dalvikvm( 119): GC freed 99 objects / 51464 bytes in 161ms
I/dalvikvm-heap( 119): Grow heap (frag case) to 6.930MB for 42434-byte allocation
D/dalvikvm( 119): GC freed 0 objects / 0 bytes in 176ms
V/Telephony( 560): getOrCreateThreadId uri: content://mms-sms/threadID?recipient=%2B17705971495
V/MmsSmsProvider( 185): getThreadId THREAD_QUERY: SELECT _id FROM threads WHERE recipient_ids = ?
V/MmsSmsProvider( 185): getThreadId cursor count: 1
V/Telephony( 560): getOrCreateThreadId cursor cnt: 1
D/SmsProvider( 185): insert url=content://sms/outbox, match=8
D/dalvikvm( 185): GC freed 4525 objects / 286928 bytes in 159ms
D/WindowManager( 119): I'm tired mEndcallBehavior=0x2
D/Sensors ( 119): sensors=00000000, real=00000000
I/System.out( 560): null
D/WifiService( 119): ACTION_SCREEN_OFF
D/WifiService( 119): setting ACTION_DEVICE_IDLE timer for 900000ms
D/AKMD ( 105): Compass CLOSE
D/SurfaceFlinger( 119): About to give-up screen, flinger = 0x101100
D/dalvikvm( 119): GC freed 16136 objects / 876288 bytes in 192ms
I/PackageManager( 119): /data/app/vmdl69040.tmp changed; unpacking
D/installd( 102): CheckZipAlign: --- END '/data/app/vmdl69040.tmp' (not needed) ---
D/installd( 102): DexInv: --- BEGIN '/data/app/vmdl69040.tmp' ---
D/dalvikvm( 693): Unable to stat classpath element '/system/framework/com.htc.framework.jar'
D/dalvikvm( 693): DexOpt: 'Lorg/apache/commons/logging/Log;' has an earlier definition; blocking out
D/dalvikvm( 693): DexOpt: 'Lorg/apache/commons/logging/LogConfigurationException;' has an earlier definition; blocking out
D/dalvikvm( 693): DexOpt: 'Lorg/apache/commons/logging/LogFactory$1;' has an earlier definition; blocking out
D/dalvikvm( 693): DexOpt: 'Lorg/apache/commons/logging/LogFactory$2;' has an earlier definition; blocking out
D/dalvikvm( 693): DexOpt: 'Lorg/apache/commons/logging/LogFactory$3;' has an earlier definition; blocking out
D/dalvikvm( 693): DexOpt: 'Lorg/apache/commons/logging/LogFactory$4;' has an earlier definition; blocking out
D/dalvikvm( 693): DexOpt: 'Lorg/apache/commons/logging/LogFactory$5;' has an earlier definition; blocking out
D/dalvikvm( 693): DexOpt: 'Lorg/apache/commons/logging/LogFactory;' has an earlier definition; blocking out
D/dalvikvm( 693): DexOpt: 'Lorg/apache/commons/logging/LogSource;' has an earlier definition; blocking out
D/dalvikvm( 693): DexOpt: 'Lorg/apache/commons/logging/impl/Jdk14Logger;' has an earlier definition; blocking out
D/dalvikvm( 693): DexOpt: 'Lorg/apache/commons/logging/impl/LogFactoryImpl;' has an earlier definition; blocking out
D/dalvikvm( 693): DexOpt: 'Lorg/apache/commons/logging/impl/NoOpLog;' has an earlier definition; blocking out
D/dalvikvm( 693): DexOpt: 'Lorg/apache/commons/logging/impl/SimpleLog$1;' has an earlier definition; blocking out
D/dalvikvm( 693): DexOpt: 'Lorg/apache/commons/logging/impl/SimpleLog;' has an earlier definition; blocking out
D/dalvikvm( 693): DexOpt: 'Lorg/apache/commons/logging/impl/WeakHashtable$1;' has an earlier definition; blocking out
D/dalvikvm( 693): DexOpt: 'Lorg/apache/commons/logging/impl/WeakHashtable$Entry;' has an earlier definition; blocking out
D/dalvikvm( 693): DexOpt: 'Lorg/apache/commons/logging/impl/WeakHashtable$Referenced;' has an earlier definition; blocking out
D/dalvikvm( 693): DexOpt: 'Lorg/apache/commons/logging/impl/WeakHashtable$WeakKey;' has an earlier definition; blocking out
D/dalvikvm( 693): DexOpt: 'Lorg/apache/commons/logging/impl/WeakHashtable;' has an earlier definition; blocking out
D/dalvikvm( 693): DexOpt: not verifying 'Lorg/apache/commons/logging/Log;': multiple definitions
D/dalvikvm( 693): DexOpt: not verifying 'Lorg/apache/commons/logging/LogConfigurationException;': multiple definitions
D/dalvikvm( 693): DexOpt: not verifying 'Lorg/apache/commons/logging/LogFactory$1;': multiple definitions
D/dalvikvm( 693): DexOpt: not verifying 'Lorg/apache/commons/logging/LogFactory$2;': multiple definitions
D/dalvikvm( 693): DexOpt: not verifying 'Lorg/apache/commons/logging/LogFactory$3;': multiple definitions
D/dalvikvm( 693): DexOpt: not verifying 'Lorg/apache/commons/logging/LogFactory$4;': multiple definitions
D/dalvikvm( 693): DexOpt: not verifying 'Lorg/apache/commons/logging/LogFactory$5;': multiple definitions
D/dalvikvm( 693): DexOpt: not verifying 'Lorg/apache/commons/logging/LogFactory;': multiple definitions
D/dalvikvm( 693): DexOpt: not verifying 'Lorg/apache/commons/logging/LogSource;': multiple definitions
D/dalvikvm( 693): DexOpt: not verifying 'Lorg/apache/commons/logging/impl/Jdk14Logger;': multiple definitions
I/dalvikvm( 693): DexOpt: not resolving ambiguous class 'Lorg/apache/commons/logging/impl/LogFactoryImpl;'
D/dalvikvm( 693): DexOpt: not verifying 'Lorg/apache/commons/logging/impl/LogFactoryImpl;': multiple definitions
D/dalvikvm( 693): DexOpt: not verifying 'Lorg/apache/commons/logging/impl/NoOpLog;': multiple definitions
D/dalvikvm( 693): DexOpt: not verifying 'Lorg/apache/commons/logging/impl/SimpleLog$1;': multiple definitions
D/dalvikvm( 693): DexOpt: not verifying 'Lorg/apache/commons/logging/impl/SimpleLog;': multiple definitions
D/dalvikvm( 693): DexOpt: not verifying 'Lorg/apache/commons/logging/impl/WeakHashtable$1;': multiple definitions
D/dalvikvm( 693): DexOpt: not verifying 'Lorg/apache/commons/logging/impl/WeakHashtable$Entry;': multiple definitions
D/dalvikvm( 693): DexOpt: not verifying 'Lorg/apache/commons/logging/impl/WeakHashtable$Referenced;': multiple definitions
D/dalvikvm( 693): DexOpt: not verifying 'Lorg/apache/commons/logging/impl/WeakHashtable$WeakKey;': multiple definitions
D/dalvikvm( 693): DexOpt: not verifying 'Lorg/apache/commons/logging/impl/WeakHashtable;': multiple definitions
D/dalvikvm( 693): DexOpt: load 1173ms, verify 2507ms, opt 106ms
D/installd( 102): DexInv: --- END '/data/app/vmdl69040.tmp' (success) ---
I/installd( 102): move /data/dalvik-cache/[email protected]@[email protected] -> /data/dalvik-cache/[email protected]@[email protected]
D/PackageManager( 119): New package installed in /data/app/com.metago.astro.apk
D/dalvikvm( 119): GC freed 12202 objects / 642144 bytes in 223ms
D/vending ( 474): com.android.vending.AssetDownloader$DownloadManagerBroadcastReceiver$MyPackageInstallObserver.packageInstalled(): Package 'com.metago.astro' installed!
W/ResourceType( 119): No package identifier when getting value for resource number 0x7f060001
I/ActivityManager( 119): Start proc com.android.voicedialer for broadcast com.android.voicedialer/.VoiceDialerReceiver: pid=694 uid=10011 gids={3002}
D/vending ( 474): com.android.vending.VendingNotificationManager.showNotification(): Showing notification: [AssetID=-4981732741258226688, NotificationID=12246700, Title=ASTRO File Manager, Message=Successfully installed.]
D/VoiceDialerReceiver( 694): onReceive Intent { act=android.intent.action.PACKAGE_ADDED dat=package:com.metago.astro flg=0x20000000 cmp=com.android.voicedialer/.VoiceDialerReceiver (has extras) }
D/RecognizerEngine( 694): deleteCachedGrammarFiles /data/data/com.android.voicedialer/files/openentries.txt
I/ActivityManager( 119): Start proc com.svox.pico for broadcast com.svox.pico/.VoiceDataInstallerReceiver: pid=712 uid=10017 gids={}
I/ActivityManager( 119): Process com.android.voicedialer (pid 694) has died.
I/ActivityManager( 119): Process com.svox.pico (pid 712) has died.
I/CheckinService( 119): Checkin triggered: Intent { act=android.server.checkin.CHECKIN (has extras) }, market only = true
I/CheckinService( 119): Sending checkin request (1066 bytes)...
W/CheckinService( 119): Request failed: java.io.IOException: Read error: I/O error during system call, Connection reset by peer
D/dalvikvm( 413): GC freed 3821 objects / 260504 bytes in 151ms
D/SmsProvider( 185): insert url=content://sms/inbox, match=2
V/Telephony( 185): getOrCreateThreadId uri: content://mms-sms/threadID?recipient=%2B17705971495
V/MmsSmsProvider( 185): getThreadId THREAD_QUERY: SELECT _id FROM threads WHERE recipient_ids = ?
V/MmsSmsProvider( 185): getThreadId cursor count: 1
V/Telephony( 185): getOrCreateThreadId cursor cnt: 1
W/AudioFlinger( 100): write blocked for 92 msecs
D/dalvikvm( 335): GC freed 746 objects / 70648 bytes in 166ms
D/KeyguardViewMediator( 119): wakeWhenReadyLocked(82)
D/KeyguardViewMediator( 119): handleWakeWhenReady(82)
D/KeyguardViewMediator( 119): pokeWakelock(5000)
D/Sensors ( 119): sensors=00000001, real=00000001
D/AKMD ( 105): Compass OPEN
D/WifiService( 119): ACTION_SCREEN_ON
D/SurfaceFlinger( 119): Screen about to return, flinger = 0x101100
I/WindowManager( 119): onOrientationChanged, rotation changed to 0
D/KeyguardViewMediator( 119): pokeWakelock(5000)
W/InputManagerService( 119): Window already focused, ignoring focus gain of: [email protected]
I/ActivityManager( 119): Starting activity: Intent { act=android.intent.action.MAIN cat=[android.intent.category.HOME] flg=0x10200000 cmp=com.android.nexuslauncher/.Launcher }
I/System.out( 560): null
D/NExusthings( 188): NEW INTENT
W/IInputConnectionWrapper( 560): showStatusIcon on inactive InputConnection
D/dalvikvm( 552): GC freed 9395 objects / 507040 bytes in 685ms
I/WindowManager( 119): onOrientationChanged, rotation changed to 3
D/dalvikvm( 119): GC freed 9317 objects / 523368 bytes in 193ms
I/WindowManager( 119): Setting rotation to 3, animFlags=0
I/WindowManager( 119): Config changed: { scale=1.0 imsi=0/0 loc=en_US touch=3 keys=2/1/2 nav=3 orien=2 layout=18}
I/ActivityManager( 119): Config changed: { scale=1.0 imsi=310/410 loc=en_US touch=3 keys=2/1/2 nav=3 orien=2 layout=18}
W/UsageStats( 119): Something wrong here, didn't expect com.android.nexuslauncher to be resumed
D/NExusthings( 188): BIND DESKTOP ITEMS
D/NExusthings( 188): RESTOREINSTANCE
I/WindowManager( 119): onOrientationChanged, rotation changed to 0
D/dalvikvm( 119): GC freed 3166 objects / 177944 bytes in 244ms
I/WindowManager( 119): Setting rotation to 0, animFlags=0
I/WindowManager( 119): Config changed: { scale=1.0 imsi=0/0 loc=en_US touch=3 keys=2/1/2 nav=3 orien=1 layout=18}
I/ActivityManager( 119): Config changed: { scale=1.0 imsi=310/410 loc=en_US touch=3 keys=2/1/2 nav=3 orien=1 layout=18}
W/UsageStats( 119): Something wrong here, didn't expect com.android.nexuslauncher to be resumed
D/dalvikvm( 188): GC freed 13857 objects / 733608 bytes in 414ms
D/NExusthings( 188): BIND DESKTOP ITEMS
D/NExusthings( 188): RESTOREINSTANCE
D/dalvikvm( 119): GC freed 1021 objects / 46552 bytes in 209ms
D/dalvikvm( 462): GC freed 935 objects / 48720 bytes in 129ms
D/dalvikvm( 560): GC freed 8364 objects / 372568 bytes in 265ms
I/ActivityManager( 119): Starting activity: Intent { act=android.intent.action.MAIN cat=[android.intent.category.LAUNCHER] flg=0x10200000 cmp=com.metago.astro/.FileManagerActivity }
I/ActivityManager( 119): Start proc com.metago.astro for activity com.metago.astro/.FileManagerActivity: pid=734 uid=10042 gids={3003, 1015}
I/ActivityThread( 734): Publishing provider com.metago.astro.filesystem: com.metago.astro.provider.FileSystemProvider
I/ActivityThread( 734): Publishing provider com.metago.astro.network.sftp: com.metago.astro.provider.FTPFileProvider
I/ActivityThread( 734): Publishing provider com.metago.astro.compressed: com.metago.astro.provider.CompressedFileProvider
I/ActivityThread( 734): Publishing provider com.metago.astro.extension: com.metago.astro.provider.FileExtensionProvider
E/IconManager( 734): Icon id icon.android_application not found in cache
D/DBOpenHelper( 734): Creating DB dir /sdcard/tmp/.astro
D/DatabaseHelper( 734): creating DB
D/ ( 734): unable to unlink '/data/data/com.metago.astro/shared_prefs/FileManagerActivity.xml.bak': No such file or directory (errno=2)
D/dalvikvm( 734): GC freed 3605 objects / 277608 bytes in 127ms
I/global ( 734): Default buffer size used in BufferedReader constructor. It would be better to be explicit if an 8k-char buffer is required.
D/dalvikvm( 734): GC freed 2406 objects / 368192 bytes in 97ms
D/ ( 734): unable to unlink '/data/data/com.metago.astro/shared_prefs/eula.xml.bak': No such file or directory (errno=2)
I/ActivityManager( 119): Displayed activity com.metago.astro/.FileManagerActivity: 11770 ms (total 11770 ms)
D/MediaScannerService( 413): start scanning volume external
D/ ( 443): unable to unlink '/data/data/com.android.music/shared_prefs/Music.xml.bak': No such file or directory (errno=2)
D/MediaScanner( 413): found .nomedia, skipping directory
V/MediaScanner( 413): pruneDeadThumbnailFiles... [email protected]
V/MediaScanner( 413): /pruneDeadThumbnailFiles... [email protected]
logcat (cont)
D/MediaScanner( 413): prescan time: 420ms
D/MediaScanner( 413): scan time: 63ms
D/MediaScanner( 413): postscan time: 61ms
D/MediaScanner( 413): total time: 544ms
D/MediaScannerService( 413): done scanning volume external
I/ActivityManager( 119): Starting activity: Intent { act=android.intent.action.MAIN cat=[android.intent.category.HOME] flg=0x10200000 cmp=com.android.nexuslauncher/.Launcher }
D/NExusthings( 188): NEW INTENT
I/ActivityManager( 119): Starting activity: Intent { act=android.intent.action.MAIN cat=[android.intent.category.LAUNCHER] flg=0x10200000 cmp=com.metago.astro/.FileManagerActivity }
I/ActivityManager( 119): Starting activity: Intent { act=android.intent.action.MAIN cat=[android.intent.category.HOME] flg=0x10200000 cmp=com.android.nexuslauncher/.Launcher }
D/NExusthings( 188): NEW INTENT
I/ActivityManager( 119): Starting activity: Intent { act=android.intent.action.MAIN cat=[android.intent.category.LAUNCHER] flg=0x10200000 cmp=com.android.browser/.BrowserActivity }
I/ActivityManager( 119): Start proc com.android.browser for activity com.android.browser/.BrowserActivity: pid=751 uid=10030 gids={3003, 1015}
I/ActivityManager( 119): Process cmupdaterapp.service.UpdateCheckService (pid 335) has died.
W/ActivityManager( 119): Scheduling restart of crashed service cmupdaterapp.ui/cmupdaterapp.service.UpdateCheckService in 5000ms
I/ActivityThread( 751): Publishing provider browser: com.android.browser.BrowserProvider
I/ActivityManager( 119): Process com.android.vending (pid 474) has died.
I/WindowManager( 119): WIN DEATH: Window{43ac11d0 com.android.vending/com.android.vending.AssetBrowserActivity paused=false}
I/WindowManager( 119): WIN DEATH: Window{43bb11e0 com.android.vending/com.android.vending.SearchAssetListActivity paused=false}
D/GTalkService( 170): [GTalkService.1] logoutAllSessions
I/ActivityManager( 119): Displayed activity com.android.browser/.BrowserActivity: 2527 ms (total 2527 ms)
W/dalvikvm( 751): JNI WARNING: DeleteLocalRef(0x43a42d40) failed to find entry (valid=1)
D/dalvikvm( 751): GC freed 3322 objects / 222984 bytes in 103ms
I/ActivityManager( 119): Start proc cmupdaterapp.service.UpdateCheckService for service cmupdaterapp.ui/cmupdaterapp.service.UpdateCheckService: pid=786 uid=10010 gids={3003, 1015}
D/LocationManager( 751): Constructor: service = [email protected]
D/NetworkLocationProvider( 119): addListener(): browser
I/WindowManager( 119): WIN DEATH: Window{43aeb238 com.android.mms/com.android.mms.ui.ConversationList paused=false}
I/ActivityManager( 119): Process com.android.mms (pid 560) has died.
I/WindowManager( 119): WIN DEATH: Window{43b70440 com.android.mms/com.android.mms.ui.ComposeMessageActivity paused=false}
D/NetworkLocationProvider( 119): setMinTime: 0
D/NetworkLocationProvider( 119): enableLocationTracking(): true
D/NetworkLocationProvider( 119): getLocation(): triggering a wifi scan
D/cmupdater( 786): Preferences: Preference Instance set.
D/LocationMasfClient( 119): getNetworkLocation(): Returning cache location with accuracy 1716.0
D/cmupdater( 786): Preferences: Board: trout
D/cmupdater( 786): UpdateCheckService: OnCreate connected: true
D/NetworkLocationProvider( 119): updateWifIScanResults(): 1 APs
D/LocationMasfClient( 119): getNetworkLocation(): Returning cache location with accuracy 1716.0
D/cmupdater( 786): UpdateCheckService: System's Mod version:trout
D/cmupdater( 786): UpdateCheckService: ConnectionChangeReciever connected: true
I/ActivityManager( 119): Starting activity: Intent { act=android.intent.action.MAIN cat=[android.intent.category.HOME] flg=0x10200000 cmp=com.android.nexuslauncher/.Launcher }
D/NExusthings( 188): NEW INTENT
D/LocationManager( 751): removeUpdates: listener = [email protected]
D/NetworkLocationProvider( 119): removeListener(): browser
D/NetworkLocationProvider( 119): enableLocationTracking(): false
W/InputManagerService( 119): Starting input on non-focused client [email protected] (uid=10030 pid=751)
I/ActivityManager( 119): Starting activity: Intent { act=android.intent.action.MAIN cat=[android.intent.category.LAUNCHER] flg=0x10200000 cmp=com.metago.astro/.FileManagerActivity }
D/dalvikvm( 734): GC freed 5477 objects / 347640 bytes in 119ms
D/dalvikvm( 734): GC freed 2084 objects / 140992 bytes in 121ms
D/dalvikvm( 170): GC freed 529 objects / 25400 bytes in 409ms
D/TrackingPatternView( 119): width=320 textureWidth=120
D/TrackingPatternView( 119): width=320 textureWidth=120
I/ActivityManager( 119): Starting activity: Intent { cmp=android/com.android.internal.app.UsbStorageActivity }
W/ActivityManager( 119): startActivity called from non-Activity context; forcing Intent.FLAG_ACTIVITY_NEW_TASK for: Intent { flg=0x800000 cmp=android/com.android.internal.app.UsbStorageActivity }
I/ActivityManager( 119): Displayed activity android/com.android.internal.app.UsbStorageActivity: 507 ms (total 507 ms)
D/vold ( 96): dispatch_cmd(enable_ums):
I/vold ( 96): volmngr quick stop umount(/sdcard) attempt 1 (Device or resource busy)
D/MountListener( 119): handleEvent volume_ejecting:/sdcard
V/MediaProvider( 413): Detached volume: external
W/InputManagerService( 119): Window already focused, ignoring focus gain of: [email protected]
E/Cursor ( 413): Invalid statement in fillWindow()
I/vold ( 96): volmngr quick stop umount(/sdcard) attempt 2 (Device or resource busy)
I/vold ( 96): volmngr quick stop umount(/sdcard) attempt 3 (Device or resource busy)
I/vold ( 96): volmngr quick stop umount(/sdcard) attempt 4 (Device or resource busy)
I/vold ( 96): volmngr quick stop umount(/sdcard) attempt 5 (Device or resource busy)
W/vold ( 96): Volume /sdcard is busy (-1) - uncaging the reaper
W/vold ( 96): Reaper here - working on /sdcard
W/vold ( 96): volmngr reaper umount(/sdcard) attempt 1 (Device or resource busy)
W/vold ( 96): volmngr reaper umount(/sdcard) attempt 2 (Device or resource busy)
W/vold ( 96): volmngr reaper umount(/sdcard) attempt 3 (Device or resource busy)
W/vold ( 96): volmngr reaper umount(/sdcard) attempt 4 (Device or resource busy)
W/vold ( 96): volmngr reaper umount(/sdcard) attempt 5 (Device or resource busy)
E/vold ( 96): KillProcessesWithOpenFiles /sdcard
E/vold ( 96): process com.metago.astro (734) has open file /sdcard/tmp/.astro/astro.db
E/vold ( 96): Killing process 734
D/Zygote ( 99): Process 734 terminated by signal (15)
I/WindowManager( 119): WIN DEATH: Window{43b33b48 com.metago.astro/com.metago.astro.FileManagerActivity paused=false}
I/ActivityManager( 119): Process com.metago.astro (pid 734) has died.
W/UsageStats( 119): Unexpected resume of com.android.nexuslauncher while already resumed in com.metago.astro
W/vold ( 96): volmngr reaper umount(/sdcard) attempt 6 (Unknown error: 0)
I/vold ( 96): Reaper sucessfully unmounted /sdcard
D/MountListener( 119): handleEvent volume_unmounted:/sdcard
D/vold ( 96): ums_enable(/dev/block//vold/179:0, /devices/platform/usb_mass_storage/lun0):
D/MountListener( 119): handleEvent volume_ums:/sdcard
W/InputManagerService( 119): Got RemoteException sending setActive(false) notification to pid 734 uid 10042
D/dalvikvm( 413): GC freed 4096 objects / 176592 bytes in 333ms
D/TrackingPatternView( 119): width=320 textureWidth=120
D/TrackingPatternView( 119): width=320 textureWidth=120
I/ActivityManager( 119): Starting activity: Intent { cmp=android/com.android.internal.app.UsbStorageStopActivity }
W/ActivityManager( 119): startActivity called from non-Activity context; forcing Intent.FLAG_ACTIVITY_NEW_TASK for: Intent { flg=0x800000 cmp=android/com.android.internal.app.UsbStorageStopActivity }
I/ActivityManager( 119): Displayed activity android/com.android.internal.app.UsbStorageStopActivity: 288 ms (total 288 ms)
D/vold ( 96): dispatch_cmd(disable_ums):
D/vold ( 96): Kick-starting volume 179:0 after UMS disable
I/vold ( 96): Evaluating dev '/devices/platform/msm_sdcc.2/mmc_host/mmc1/mmc1:aaaa/block/mmcblk0' for mountable filesystems for '/sdcard'
D/MountListener( 119): handleEvent volume_checking:/sdcard
I//system/bin/fsck_msdos( 96): ** /dev/block//vold/179:1
I//system/bin/fsck_msdos( 96): ** Phase 1 - Read and Compare FATs
I//system/bin/fsck_msdos( 96): Attempting to allocate 3198 KB for FAT
W/InputManagerService( 119): Window already focused, ignoring focus gain of: [email protected]
D/MusicUtils( 443): sd card: checking
W/AudioFlinger( 100): write blocked for 101 msecs
I/ActivityManager( 119): Process com.android.browser (pid 751) has died.
I/WindowManager( 119): WIN DEATH: Window{43a35510 com.android.browser/com.android.browser.BrowserActivity paused=false}
I//system/bin/fsck_msdos( 96): Attempting to allocate 3198 KB for FAT
I/ActivityManager( 119): Process com.android.settings (pid 462) has died.
I/WindowManager( 119): WIN DEATH: Window{43a6a850 com.android.settings/com.android.settings.Settings paused=false}
I/WindowManager( 119): WIN DEATH: Window{43ac07d8 com.android.settings/com.android.settings.LanguageSettings paused=false}
I/ActivityManager( 119): Low Memory: No more background processes.
I/ActivityManager( 119): Process com.android.music (pid 443) has died.
I/WindowManager( 119): WIN DEATH: Window{43b84de0 com.android.music/com.android.music.ArtistAlbumBrowserActivity paused=false}
W/ActivityManager( 119): Scheduling restart of crashed service com.android.music/.MediaPlaybackService in 5000ms
I/ActivityManager( 119): Low Memory: No more background processes.
I/ActivityManager( 119): Process android.process.media (pid 413) has died.
I/ActivityManager( 119): Low Memory: No more background processes.
I//system/bin/fsck_msdos( 96): ** Phase 2 - Check Cluster Chains
I//system/bin/fsck_msdos( 96): ** Phase 3 - Checking Directories
I//system/bin/fsck_msdos( 96): ** Phase 4 - Checking for Lost Files
I//system/bin/fsck_msdos( 96): Next free cluster in FSInfo block (11238) not free
I//system/bin/fsck_msdos( 96): FIXED
I//system/bin/fsck_msdos( 96): 69 files, 3227156 free (806789 clusters)
I/logwrapper( 96): /system/bin/fsck_msdos terminated by exit(0)
D/vold ( 96): Filesystem check completed OK
I/vold ( 96): Sucessfully mounted vfat filesystem 179:1 on /sdcard (safe-mode off)
D/MountListener( 119): handleEvent volume_mounted:/sdcard
I/ActivityManager( 119): Start proc android.process.media for broadcast com.android.providers.media/.MediaScannerReceiver: pid=807 uid=10021 gids={1015, 1006, 2001, 3003}
D/dalvikvm( 119): GC freed 13333 objects / 835096 bytes in 590ms
I/ActivityThread( 807): Publishing provider media: com.android.providers.media.MediaProvider
V/MediaProvider( 807): Attached volume: internal
V/MediaProvider( 807): /sdcard volume ID: 1845081507
V/MediaProvider( 807): Attached volume: external
I/ActivityThread( 807): Publishing provider downloads: com.android.providers.downloads.DownloadProvider
I/ActivityThread( 807): Publishing provider drm: com.android.providers.drm.DrmProvider
D/MediaScannerService( 807): start scanning volume external
D/MediaScanner( 807): found .nomedia, skipping directory
V/MediaScanner( 807): pruneDeadThumbnailFiles... [email protected]
V/MediaScanner( 807): /pruneDeadThumbnailFiles... [email protected]
D/MediaScanner( 807): prescan time: 62ms
D/MediaScanner( 807): scan time: 39ms
D/MediaScanner( 807): postscan time: 16ms
D/MediaScanner( 807): total time: 117ms
D/MediaScannerService( 807): done scanning volume external
I/ActivityManager( 119): Start proc com.android.music for service com.android.music/.MediaPlaybackService: pid=819 uid=10019 gids={3003, 1015}
D/dalvikvm( 99): GC freed 281 objects / 10712 bytes in 301ms
D/dalvikvm( 99): GC freed 47 objects / 2080 bytes in 369ms
D/dalvikvm( 99): GC freed 2 objects / 48 bytes in 233ms
I/ActivityManager( 119): Starting activity: Intent { act=android.intent.action.MAIN cat=[android.intent.category.LAUNCHER] flg=0x10200000 cmp=com.metago.astro/.FileManagerActivity }
I/ActivityManager( 119): Start proc com.metago.astro for activity com.metago.astro/.FileManagerActivity: pid=825 uid=10042 gids={3003, 1015}
I/ActivityThread( 825): Publishing provider com.metago.astro.filesystem: com.metago.astro.provider.FileSystemProvider
I/ActivityThread( 825): Publishing provider com.metago.astro.network.sftp: com.metago.astro.provider.FTPFileProvider
I/ActivityThread( 825): Publishing provider com.metago.astro.compressed: com.metago.astro.provider.CompressedFileProvider
I/ActivityThread( 825): Publishing provider com.metago.astro.extension: com.metago.astro.provider.FileExtensionProvider
E/IconManager( 825): Icon id icon.android_application not found in cache
D/DBOpenHelper( 825): Creating DB dir /sdcard/tmp/.astro
D/DatabaseHelper( 825): creating DB
D/dalvikvm( 825): GC freed 3437 objects / 268472 bytes in 96ms
D/dalvikvm( 825): GC freed 2152 objects / 130160 bytes in 92ms
I/ActivityManager( 119): Displayed activity com.metago.astro/.FileManagerActivity: 3043 ms (total 3043 ms)
D/skia ( 188): purging 35K from font cache [4 entries]
D/dalvikvm( 188): GC freed 6067 objects / 314584 bytes in 169ms
D/skia ( 119): purging 296K from font cache [33 entries]
D/dalvikvm( 119): GC freed 5166 objects / 244960 bytes in 192ms
D/skia ( 552): purging 349K from font cache [41 entries]
D/dalvikvm( 552): GC freed 2034 objects / 117040 bytes in 186ms
D/skia ( 185): purging 6K from font cache [1 entries]
D/dalvikvm( 185): GC freed 4264 objects / 214544 bytes in 190ms
D/skia ( 170): purging 6K from font cache [1 entries]
D/dalvikvm( 170): GC freed 46 objects / 1808 bytes in 118ms
D/Sensors ( 119): sensors=00000000, real=00000000
D/WifiService( 119): ACTION_SCREEN_OFF
D/AKMD ( 105): Compass CLOSE
D/WifiService( 119): setting ACTION_DEVICE_IDLE timer for 900000ms
D/SurfaceFlinger( 119): About to give-up screen, flinger = 0x101100
D/dalvikvm( 807): GC freed 1802 objects / 118904 bytes in 120ms
D/dalvikvm( 819): GC freed 1317 objects / 117000 bytes in 143ms
D/KeyguardViewMediator( 119): wakeWhenReadyLocked(82)
D/KeyguardViewMediator( 119): handleWakeWhenReady(82)
D/KeyguardViewMediator( 119): pokeWakelock(5000)
D/Sensors ( 119): sensors=00000001, real=00000001
D/AKMD ( 105): Compass OPEN
D/WifiService( 119): ACTION_SCREEN_ON
D/SurfaceFlinger( 119): Screen about to return, flinger = 0x101100
I/WindowManager( 119): onOrientationChanged, rotation changed to 0
D/KeyguardViewMediator( 119): pokeWakelock(5000)
W/InputManagerService( 119): Window already focused, ignoring focus gain of: [email protected]
D/NetworkLocationProvider( 119): onCellLocationChanged [4211,21072]
D/MediaScannerService( 807): start scanning volume external
D/MediaScanner( 807): found .nomedia, skipping directory
V/MediaScanner( 807): pruneDeadThumbnailFiles... [email protected]
V/MediaScanner( 807): /pruneDeadThumbnailFiles... [email protected]
D/MediaScanner( 807): prescan time: 315ms
D/MediaScanner( 807): scan time: 44ms
D/MediaScanner( 807): postscan time: 26ms
D/MediaScanner( 807): total time: 385ms
D/MediaScannerService( 807): done scanning volume external
D/MediaScannerService( 807): start scanning volume external
D/MediaScanner( 807): found .nomedia, skipping directory
V/MediaScanner( 807): pruneDeadThumbnailFiles... [email protected]
V/MediaScanner( 807): /pruneDeadThumbnailFiles... [email protected]
D/MediaScanner( 807): prescan time: 292ms
D/MediaScanner( 807): scan time: 2ms
D/MediaScanner( 807): postscan time: 16ms
D/MediaScanner( 807): total time: 310ms
D/MediaScannerService( 807): done scanning volume external
D/TrackingPatternView( 119): width=320 textureWidth=120
D/TrackingPatternView( 119): width=320 textureWidth=120
D/NetworkLocationProvider( 119): onCellLocationChanged [4211,40372]
I/ActivityManager( 119): Starting activity: Intent { cmp=android/com.android.internal.app.UsbStorageActivity }
W/ActivityManager( 119): startActivity called from non-Activity context; forcing Intent.FLAG_ACTIVITY_NEW_TASK for: Intent { flg=0x800000 cmp=android/com.android.internal.app.UsbStorageActivity }
I/ActivityManager( 119): Displayed activity android/com.android.internal.app.UsbStorageActivity: 491 ms (total 491 ms)
D/vold ( 96): dispatch_cmd(enable_ums):
I/vold ( 96): volmngr quick stop umount(/sdcard) attempt 1 (Device or resource busy)
D/MountListener( 119): handleEvent volume_ejecting:/sdcard
V/MediaProvider( 807): Detached volume: external
W/InputManagerService( 119): Window already focused, ignoring focus gain of: [email protected]
I/vold ( 96): volmngr quick stop umount(/sdcard) attempt 2 (Device or resource busy)
I/vold ( 96): volmngr quick stop umount(/sdcard) attempt 3 (Device or resource busy)
I/vold ( 96): volmngr quick stop umount(/sdcard) attempt 4 (Device or resource busy)
I/vold ( 96): volmngr quick stop umount(/sdcard) attempt 5 (Device or resource busy)
W/vold ( 96): Volume /sdcard is busy (-1) - uncaging the reaper
W/vold ( 96): Reaper here - working on /sdcard
W/vold ( 96): volmngr reaper umount(/sdcard) attempt 1 (Device or resource busy)
W/vold ( 96): volmngr reaper umount(/sdcard) attempt 2 (Device or resource busy)
W/vold ( 96): volmngr reaper umount(/sdcard) attempt 3 (Device or resource busy)
W/vold ( 96): volmngr reaper umount(/sdcard) attempt 4 (Device or resource busy)
D/TrackingPatternView( 119): width=320 textureWidth=120
D/TrackingPatternView( 119): width=320 textureWidth=120
W/InputManagerService( 119): Window already focused, ignoring focus gain of: [email protected]
W/vold ( 96): volmngr reaper umount(/sdcard) attempt 5 (Device or resource busy)
E/vold ( 96): KillProcessesWithOpenFiles /sdcard
E/vold ( 96): process com.metago.astro (825) has open file /sdcard/tmp/.astro/astro.db
E/vold ( 96): Killing process 825
D/Zygote ( 99): Process 825 terminated by signal (15)
I/ActivityManager( 119): Process com.metago.astro (pid 825) has died.
I/WindowManager( 119): WIN DEATH: Window{43a69418 com.metago.astro/com.metago.astro.FileManagerActivity paused=false}
W/UsageStats( 119): Unexpected resume of com.android.nexuslauncher while already resumed in com.metago.astro
W/vold ( 96): volmngr reaper umount(/sdcard) attempt 6 (Unknown error: 0)
I/vold ( 96): Reaper sucessfully unmounted /sdcard
D/MountListener( 119): handleEvent volume_unmounted:/sdcard
D/vold ( 96): ums_enable(/dev/block//vold/179:0, /devices/platform/usb_mass_storage/lun0):
D/MountListener( 119): handleEvent volume_ums:/sdcard
W/InputManagerService( 119): Got RemoteException sending setActive(false) notification to pid 825 uid 10042
D/dalvikvm( 807): GC freed 1195 objects / 57320 bytes in 110ms
D/TrackingPatternView( 119): width=320 textureWidth=120
D/TrackingPatternView( 119): width=320 textureWidth=120
I/ActivityManager( 119): Starting activity: Intent { cmp=android/com.android.internal.app.UsbStorageStopActivity }
W/ActivityManager( 119): startActivity called from non-Activity context; forcing Intent.FLAG_ACTIVITY_NEW_TASK for: Intent { flg=0x800000 cmp=android/com.android.internal.app.UsbStorageStopActivity }
I/ActivityManager( 119): Displayed activity android/com.android.internal.app.UsbStorageStopActivity: 262 ms (total 262 ms)
D/vold ( 96): dispatch_cmd(disable_ums):
D/vold ( 96): Kick-starting volume 179:0 after UMS disable
I/vold ( 96): Evaluating dev '/devices/platform/msm_sdcc.2/mmc_host/mmc1/mmc1:aaaa/block/mmcblk0' for mountable filesystems for '/sdcard'
D/MountListener( 119): handleEvent volume_checking:/sdcard
I//system/bin/fsck_msdos( 96): ** /dev/block//vold/179:1
I//system/bin/fsck_msdos( 96): ** Phase 1 - Read and Compare FATs
I//system/bin/fsck_msdos( 96): Attempting to allocate 3198 KB for FAT
W/InputManagerService( 119): Window already focused, ignoring focus gain of: [email protected]
W/AudioFlinger( 100): write blocked for 95 msecs
I/ActivityManager( 119): Process com.android.music (pid 819) has died.
I//system/bin/fsck_msdos( 96): Attempting to allocate 3198 KB for FAT
I/ActivityManager( 119): Process android.process.media (pid 807) has died.
I/ActivityManager( 119): Low Memory: No more background processes.
I/ActivityManager( 119): Process com.google.process.gapps (pid 170) has died.
W/ActivityManager( 119): Scheduling restart of crashed service com.google.android.apps.gtalkservice/com.google.android.gtalkservice.service.GTalkService in 5000ms
I/ActivityManager( 119): Low Memory: No more background processes.
I//system/bin/fsck_msdos( 96): ** Phase 2 - Check Cluster Chains
I//system/bin/fsck_msdos( 96): ** Phase 3 - Checking Directories
I//system/bin/fsck_msdos( 96): ** Phase 4 - Checking for Lost Files
I//system/bin/fsck_msdos( 96): Next free cluster in FSInfo block (11238) not free
I//system/bin/fsck_msdos( 96): FIXED
I//system/bin/fsck_msdos( 96): 69 files, 3227156 free (806789 clusters)
I/logwrapper( 96): /system/bin/fsck_msdos terminated by exit(0)
D/vold ( 96): Filesystem check completed OK
I/vold ( 96): Sucessfully mounted vfat filesystem 179:1 on /sdcard (safe-mode off)
D/MountListener( 119): handleEvent volume_mounted:/sdcard
I/ActivityManager( 119): Start proc android.process.media for broadcast com.android.providers.media/.MediaScannerReceiver: pid=859 uid=10021 gids={1015, 1006, 2001, 3003}
I/ActivityThread( 859): Publishing provider media: com.android.providers.media.MediaProvider
V/MediaProvider( 859): Attached volume: internal
V/MediaProvider( 859): /sdcard volume ID: 1845081507
V/MediaProvider( 859): Attached volume: external
I/ActivityThread( 859): Publishing provider downloads: com.android.providers.downloads.DownloadProvider
I/ActivityThread( 859): Publishing provider drm: com.android.providers.drm.DrmProvider
D/MediaScannerService( 859): start scanning volume external
D/MediaScanner( 859): found .nomedia, skipping directory
V/MediaScanner( 859): pruneDeadThumbnailFiles... [email protected]
V/MediaScanner( 859): /pruneDeadThumbnailFiles... [email protected]
D/MediaScanner( 859): prescan time: 45ms
D/MediaScanner( 859): scan time: 16ms
D/MediaScanner( 859): postscan time: 15ms
D/MediaScanner( 859): total time: 76ms
D/MediaScannerService( 859): done scanning volume external
I/ActivityManager( 119): Start proc com.google.process.gapps for service com.google.android.apps.gtalkservice/com.google.android.gtalkservice.service.GTalkService: pid=872 uid=10005 gids={3003}
I/ActivityThread( 872): Publishing provider com.google.settings: com.google.android.providers.settings.GoogleSettingsProvider
I/ActivityThread( 872): Publishing provider gmail-ls: com.google.android.providers.gmail.MailProvider
I/ActivityThread( 872): Publishing provider im: com.android.providers.im.ImProvider
D/dalvikvm( 872): GC freed 3858 objects / 314104 bytes in 117ms
D/gmail-ls( 872): Purging old attachments
I/gmail-ls( 872): calculateUnknownSyncRationalesAndPurgeInBackground: queueing
I/gmail-ls( 872): calculateUnknownSyncRationalesAndPurgeInBackground: running
D/skia ( 188): purging 18K from font cache [2 entries]
D/dalvikvm( 188): GC freed 2144 objects / 119144 bytes in 131ms
D/skia ( 119): purging 152K from font cache [18 entries]
D/dalvikvm( 119): GC freed 13488 objects / 812928 bytes in 224ms
D/dalvikvm( 552): GC freed 330 objects / 15568 bytes in 135ms
D/dalvikvm( 185): GC freed 2984 objects / 133896 bytes in 113ms
D/skia ( 786): purging 6K from font cache [1 entries]
D/dalvikvm( 786): GC freed 937 objects / 77872 bytes in 128ms
D/Sensors ( 119): sensors=00000000, real=00000000
D/WifiService( 119): ACTION_SCREEN_OFF
D/WifiService( 119): setting ACTION_DEVICE_IDLE timer for 900000ms
D/AKMD ( 105): Compass CLOSE
D/SurfaceFlinger( 119): About to give-up screen, flinger = 0x101100

G1 install sense rom help please

My G1:
spl:hboot-1.33.2005
radio-2.22.19.26i
sdcard:4G class4(sandisk)
Partition:swap(128M) ext4(384) fat32(Remaining)
Tried many different sense rom has the same question.
flashing, tips can't chown/mod /data/opt (no such file or directory)
Questions like these have many.
why?Have been wipe out prior to installation
Even the occasional installation is successful, unplug the usb cable to crash and can not boot into the system. Usb data cable but the connection can be a normal boot and normal use.
My English is poor, please forgive me.
thanks
I/DEBUG ( 2656): debuggerd: Feb 26 2010 17:06:43
I/vold ( 2655): Android Volume Daemon version 2.0
I/vold ( 2655): New MMC card 'SU04G' (serial 151595580) added @ /devices/platform/msm_sdcc.2/mmc_host/mmc1/mmc1:e624
I/vold ( 2655): Disk (blkdev 179:0), 7744512 secs (3781 MB) 3 partitions
I/vold ( 2655): New blkdev 179.0 on media SU04G, media path /devices/platform/msm_sdcc.2/mmc_host/mmc1/mmc1:e624, Dpp 3
I/vold ( 2655): Partition (blkdev 179:1), 6615234 secs (3230 MB) type 0xc
I/vold ( 2655): New blkdev 179.1 on media SU04G, media path /devices/platform/msm_sdcc.2/mmc_host/mmc1/mmc1:e624, Dpp 2
I/vold ( 2655): Partition (blkdev 179:2), 878906 secs (429 MB) type 0x83
I/vold ( 2655): New blkdev 179.2 on media SU04G, media path /devices/platform/msm_sdcc.2/mmc_host/mmc1/mmc1:e624, Dpp 1
I/vold ( 2655): Partition (blkdev 179:3), 250371 secs (122 MB) type 0x82
I/vold ( 2655): New blkdev 179.3 on media SU04G, media path /devices/platform/msm_sdcc.2/mmc_host/mmc1/mmc1:e624, Dpp 0
I/vold ( 2655): Evaluating dev '/devices/platform/msm_sdcc.2/mmc_host/mmc1/mmc1:e624/block/mmcblk0' for mountable filesystems for '/sdcard'
I/vold ( 2655): Aborting start of /sdcard (bootstrap = 1)
I/vold ( 2655): Volmgr not ready to handle device
D/vold ( 2655): Bootstrapping complete
D/AKMD ( 2663): akmd 1.6.4 START
D/AKMD ( 2663): library version: 1.2.1.1129
D/AndroidRuntime( 2658):
D/AndroidRuntime( 2658): >>>>>>>>>>>>>> AndroidRuntime START <<<<<<<<<<<<<<
D/AndroidRuntime( 2658): CheckJNI is OFF
I/dalvikvm( 2658): mlock: /data/dalvik-cache/[email protected]@[email protected], fd=7
I/dalvikvm( 2658): mlock(1097678848, 3722616), fd=7
I/ ( 2659): ServiceManager: 0xad08
I/HTC Acoustic( 2659): libhtc_acoustic.so version 1.0.1.2.
E/HTC Acoustic( 2659): Fail to open /system/etc/AudioPara_TMD.csv -1.
I/HTC Acoustic( 2659): open /system/etc/AudioPara4.csv success.
I/HTC Acoustic( 2659): acoustic table version: Sapphire_VODAFONE_20090305
I/HTC Acoustic( 2659): read_audio_para_from_file success.
I/HTC Acoustic( 2659): get_audpp_filter
I/HTC Acoustic( 2659): open /system/etc/AudioFilter.csv success.
I/HTC Acoustic( 2659): ADRC Filter ADRC FLAG = ffff.
I/HTC Acoustic( 2659): ADRC Filter COMP THRESHOLD = 2600.
I/HTC Acoustic( 2659): ADRC Filter COMP SLOPE = b333.
I/HTC Acoustic( 2659): ADRC Filter COMP RMS TIME = 106.
I/HTC Acoustic( 2659): ADRC Filter COMP ATTACK[0] = 7f7d.
I/HTC Acoustic( 2659): ADRC Filter COMP ATTACK[1] = 3096.
I/HTC Acoustic( 2659): ADRC Filter COMP RELEASE[0] = 7ff7.
I/HTC Acoustic( 2659): ADRC Filter COMP RELEASE[1] = 4356.
I/HTC Acoustic( 2659): ADRC Filter COMP DELAY = 16.
I/HTC Acoustic( 2659): EQ flag = 00.
I/HTC Acoustic( 2659): get_audpre_filter
I/HTC Acoustic( 2659): open /system/etc/AudioPreProcess.csv success.
D/AudioHardwareMSM72XX( 2659): mNumSndEndpoints = 67
D/AudioHardwareMSM72XX( 2659): BT MATCH HANDSET
D/AudioHardwareMSM72XX( 2659): BT MATCH SPEAKER
D/AudioHardwareMSM72XX( 2659): BT MATCH HEADSET
D/AudioHardwareMSM72XX( 2659): BT MATCH BT
D/AudioHardwareMSM72XX( 2659): BT MATCH CARKIT
D/AudioHardwareMSM72XX( 2659): BT MATCH TTY_FULL
D/AudioHardwareMSM72XX( 2659): BT MATCH TTY_VCO
D/AudioHardwareMSM72XX( 2659): BT MATCH TTY_HCO
D/AudioHardwareMSM72XX( 2659): BT MATCH NO_MIC_HEADSET
