D/AudioHardwareMSM72XX( 2659): BT MATCH FM_HEADSET
D/AudioHardwareMSM72XX( 2659): BT MATCH HEADSET_AND_SPEAKER
D/AudioHardwareMSM72XX( 2659): BT MATCH FM_SPEAKER
D/AudioHardwareMSM72XX( 2659): BT MATCH BT_EC_OFF
D/AudioHardwareMSM72XX( 2659): BT MATCH CURRENT
D/AudioHardwareMSM72XX( 2659): BT MATCH BT_EC_OFF
D/AudioHardwareInterface( 2659): setMode(NORMAL)
I/AudioHardwareMSM72XX( 2659): Set master volume to 5.
I/CameraService( 2659): CameraService started: pid=2659
V/A2dpAudioInterface( 2659): A2dpAudioInterface:penOutputStream() open HW device: 2
I/AudioFlinger( 2659): AudioFlinger's thread 0xd880 ready to run
I/AudioHardwareMSM72XX( 2659): Routing audio to Speakerphone
I/AudioHardwareMSM72XX( 2659): doAudioRouteOrMute() device 1, mMode 0, mMicMute 1
D/HTC Acoustic( 2659): msm72xx_enable_audpp: 0x0001
D/AudioHardwareMSM72XX( 2659): setVoiceVolume(1.000000)
I/AudioHardwareMSM72XX( 2659): Setting in-call volume to 5 (available range is 0 to 5)
I/AudioHardwareMSM72XX( 2659): AudioHardware pcm playback is going to standby.
I/dalvikvm( 2658): mlock: /data/dalvik-cache/[email protected]@[email protected], fd=14
I/dalvikvm( 2658): mlock(1118633984, 1815536), fd=14
D/AndroidRuntime( 2658): --- registering native functions ---
D/JBtlRBtlServicesNative( 2658): register_android_server_JBtlRbtlServicesNative: Entered
D/JBtlCommonNative( 2658): register_android_server_JBtlCommonNative: Entered
D/ ( 2658): Entered register_android_server_JBtlBmgNative
D/JBtlA2dpNative( 2658): <<<< Entered register_android_server_JBtlA2dpNative >>>>
D/JBtlAgNative( 2658): <<<< Entered register_android_server_JBtlAgNative >>>>
D/ ( 2658): Entered register_android_server_JBtlAvrcptgNative
D/JBtlPbapsNative( 2658): Entered register_android_server_JBtlPbapsNative
D/JBthalPbNative( 2658): Entered register_android_server_JBthalPbNative
D/JBtlSppNative( 2658): <<<< Entered register_android_server_JBtlSppNative >>>>
D/JBtlOppcNative( 2658): <<<< Entered register_android_server_JBtlOppcNative >>>>
D/JBtlOppsNative( 2658): <<<< Entered register_android_server_JBtlOppsNative >>>>
D/JBtlFtpsNative( 2658): <<<< Entered register_android_server_JBtlFtpsNative >>>>
D/ ( 2658): <<<< Entered register_android_server_JFmRxNative() >>>>
I/SamplingProfilerIntegration( 2658): Profiler is disabled.
I/Zygote ( 2658): Preloading classes...
D/dalvikvm( 2658): GC freed 818 objects / 51896 bytes in 5ms
D/dalvikvm( 2658): GC freed 246 objects / 15840 bytes in 6ms
D/dalvikvm( 2658): GC freed 287 objects / 18240 bytes in 7ms
D/dalvikvm( 2658): GC freed 239 objects / 13560 bytes in 8ms
D/dalvikvm( 2658): GC freed 374 objects / 23928 bytes in 9ms
D/dalvikvm( 2658): GC freed 458 objects / 29784 bytes in 10ms
D/skia ( 2658): ------ build_power_table 1.4
D/skia ( 2658): ------ build_power_table 0.714286
D/dalvikvm( 2658): Trying to load lib /system/lib/libmedia_jni.so 0x0
D/dalvikvm( 2658): Added shared lib /system/lib/libmedia_jni.so 0x0
D/dalvikvm( 2658): Trying to load lib /system/lib/libexif.so 0x0
D/dalvikvm( 2658): Added shared lib /system/lib/libexif.so 0x0
D/dalvikvm( 2658): GC freed 2389 objects / 127024 bytes in 13ms
D/dalvikvm( 2658): Trying to load lib /system/lib/libmedia_jni.so 0x0
D/dalvikvm( 2658): Shared lib '/system/lib/libmedia_jni.so' already loaded in same CL 0x0
D/dalvikvm( 2658): Trying to load lib /system/lib/libmedia_jni.so 0x0
D/dalvikvm( 2658): Shared lib '/system/lib/libmedia_jni.so' already loaded in same CL 0x0
D/dalvikvm( 2658): Trying to load lib /system/lib/libmedia_jni.so 0x0
D/dalvikvm( 2658): Shared lib '/system/lib/libmedia_jni.so' already loaded in same CL 0x0
D/dalvikvm( 2658): Trying to load lib /system/lib/libmedia_jni.so 0x0
D/dalvikvm( 2658): Shared lib '/system/lib/libmedia_jni.so' already loaded in same CL 0x0
D/dalvikvm( 2658): GC freed 3810 objects / 198192 bytes in 23ms
D/dalvikvm( 2658): GC freed 461 objects / 27096 bytes in 22ms
D/dalvikvm( 2658): GC freed 310 objects / 17936 bytes in 23ms
D/dalvikvm( 2658): GC freed 218 objects / 11808 bytes in 25ms
D/dalvikvm( 2658): GC freed 189 objects / 10272 bytes in 26ms
D/dalvikvm( 2658): Trying to load lib /system/lib/libsrec_jni.so 0x0
D/dalvikvm( 2658): Added shared lib /system/lib/libsrec_jni.so 0x0
D/dalvikvm( 2658): Trying to load lib /system/lib/libsrec_jni.so 0x0
D/dalvikvm( 2658): Shared lib '/system/lib/libsrec_jni.so' already loaded in same CL 0x0
D/dalvikvm( 2658): GC freed 344 objects / 37208 bytes in 32ms
D/dalvikvm( 2658): GC freed 125 objects / 24576 bytes in 46ms
D/dalvikvm( 2658): GC freed 337 objects / 38456 bytes in 47ms
D/dalvikvm( 2658): GC freed 365 objects / 22896 bytes in 48ms
D/dalvikvm( 2658): Trying to load lib /system/lib/libwebcore.so 0x0
D/dalvikvm( 2658): Added shared lib /system/lib/libwebcore.so 0x0
D/dalvikvm( 2658): Trying to load lib /system/lib/libwebcore.so 0x0
D/dalvikvm( 2658): Shared lib '/system/lib/libwebcore.so' already loaded in same CL 0x0
I/dalvikvm( 2658): threadid=3: recursive native library load attempt (/system/lib/libwebcore.so)
D/dalvikvm( 2658): GC freed 339 objects / 18864 bytes in 42ms
D/dalvikvm( 2658): GC freed 481 objects / 30120 bytes in 42ms
D/dalvikvm( 2658): GC freed 291 objects / 26968 bytes in 43ms
D/dalvikvm( 2658): GC freed 383 objects / 27456 bytes in 45ms
D/dalvikvm( 2658): GC freed 1107 objects / 93928 bytes in 48ms
D/dalvikvm( 2658): GC freed 664 objects / 35952 bytes in 49ms
D/dalvikvm( 2658): GC freed 709 objects / 41288 bytes in 50ms
D/dalvikvm( 2658): GC freed 13175 objects / 451128 bytes in 60ms
D/dalvikvm( 2658): GC freed 11325 objects / 482112 bytes in 64ms
D/dalvikvm( 2658): GC freed 10718 objects / 455968 bytes in 69ms
D/dalvikvm( 2658): GC freed 8739 objects / 491904 bytes in 69ms
D/dalvikvm( 2658): GC freed 8581 objects / 488936 bytes in 70ms
D/dalvikvm( 2658): GC freed 8093 objects / 485536 bytes in 71ms
D/dalvikvm( 2658): GC freed 6624 objects / 404496 bytes in 70ms
D/dalvikvm( 2658): GC freed 847 objects / 51376 bytes in 67ms
D/dalvikvm( 2658): GC freed 540 objects / 38952 bytes in 67ms
D/dalvikvm( 2658): GC freed 460 objects / 31528 bytes in 67ms
D/dalvikvm( 2658): GC freed 426 objects / 29640 bytes in 68ms
I/Zygote ( 2658): ...preloaded 1942 classes in 16269ms.
D/dalvikvm( 2658): GC freed 117 objects / 14872 bytes in 69ms
I/Zygote ( 2658): Preloading resources...
D/dalvikvm( 2658): GC freed 5 objects / 224 bytes in 67ms
D/dalvikvm( 2658): GC freed 304 objects / 15624 bytes in 69ms
D/dalvikvm( 2658): GC freed 252 objects / 11848 bytes in 71ms
I/Zygote ( 2658): ...preloaded 48 resources in 648ms.
I/Zygote ( 2658): ...preloaded 15 resources in 23ms.
D/dalvikvm( 2658): GC freed 141 objects / 10152 bytes in 73ms
D/dalvikvm( 2658): GC freed 224 objects / 8856 bytes in 73ms
D/dalvikvm( 2658): GC freed 19 objects / 768 bytes in 71ms
I/dalvikvm( 2658): Splitting out new zygote heap
D/dalvikvm( 2676): System server have a 24MB heap
I/dalvikvm( 2658): System server process 2676 has been created
I/Zygote ( 2658): Accepting command socket connections
D/dalvikvm( 2676): Trying to load lib /system/lib/libandroid_servers.so 0x0
D/dalvikvm( 2676): Added shared lib /system/lib/libandroid_servers.so 0x0
E/BatteryService( 2676): batteryUnsupportChargePath not found
I/sysproc ( 2676): Entered system_init()
I/sysproc ( 2676): ServiceManager: 0x16cfe8
I/SurfaceFlinger( 2676): SurfaceFlinger is starting
I/SurfaceFlinger( 2676): SurfaceFlinger's main thread ready to run. Initializing graphics H/W...
I/gralloc ( 2676): using (fd=27)
I/gralloc ( 2676): id = msmfb
I/gralloc ( 2676): xres = 320 px
I/gralloc ( 2676): yres = 480 px
I/gralloc ( 2676): xres_virtual = 320 px
I/gralloc ( 2676): yres_virtual = 960 px
I/gralloc ( 2676): bpp = 16
I/gralloc ( 2676): r = 11:5
I/gralloc ( 2676): g = 5:6
I/gralloc ( 2676): b = 0:5
I/gralloc ( 2676): width = 45 mm (180.622223 dpi)
I/gralloc ( 2676): height = 67 mm (181.970154 dpi)
I/gralloc ( 2676): refresh rate = 60.00 Hz
D/gralloc ( 2676): UPDATE_ON_DEMAND supported
D/libEGL ( 2676): loaded /system/lib/egl/libGLES_android.so
D/libEGL ( 2676): loaded /system/lib/egl/libGLES_qcom.so
D/EGL.oem ( 2676): system process, deny GL context
E/libEGL ( 2676): No EGLDisplay for hardware EGL!
I/SurfaceFlinger( 2676): EGL informations:
I/SurfaceFlinger( 2676): # of configs : 8
I/SurfaceFlinger( 2676): vendor : Android
I/SurfaceFlinger( 2676): version : 1.4 Android META-EGL
I/SurfaceFlinger( 2676): extensions: EGL_KHR_image EGL_KHR_image_base EGL_KHR_image_pixmap EGL_ANDROID_image_native_buffer EGL_ANDROID_swap_rectangle EGL_ANDROID_get_render_buffer
I/SurfaceFlinger( 2676): Client API: OpenGL ES
I/SurfaceFlinger( 2676): EGLSurface: 5-6-5-0, config=0x1000000
I/SurfaceFlinger( 2676): flags : 00160000
W/SurfaceFlinger( 2676): ro.sf.lcd_density not defined, using 160 dpi by default.
I/SurfaceFlinger( 2676): OpenGL informations:
I/SurfaceFlinger( 2676): vendor : Android
I/SurfaceFlinger( 2676): renderer : Android PixelFlinger 1.2
I/SurfaceFlinger( 2676): version : OpenGL ES-CM 1.0
I/SurfaceFlinger( 2676): extensions: GL_OES_byte_coordinates GL_OES_fixed_point GL_OES_single_precision GL_OES_read_format GL_OES_compressed_paletted_texture GL_OES_draw_texture GL_OES_matrix_get GL_OES_query_matrix GL_OES_EGL_image GL_ARB_texture_compression GL_ARB_texture_non_power_of_two GL_ANDROID_user_clip_plane GL_ANDROID_vertex_buffer_object GL_ANDROID_generate_mipmap
I/sysproc ( 2676): System server: starting Android runtime.
I/sysproc ( 2676): System server: starting Android services.
I/SystemServer( 2676): Entered the Android system server!
I/sysproc ( 2676): System server: entering thread pool.
I/SystemServer( 2676): Entropy Service
I/SystemServer( 2676): Power Manager
I/SystemServer( 2676): Activity Manager
I/ActivityManager( 2676): Memory class: 16
I/SystemServer( 2676): Telephony Registry
I/SystemServer( 2676): Package Manager
I/Installer( 2676): connecting...
I/installd( 2661): new connection
D/libEGL ( 2685): loaded /system/lib/egl/libGLES_android.so
D/libEGL ( 2685): loaded /system/lib/egl/libGLES_qcom.so
D/EGL.oem ( 2685): smi: offset=10000000, len=00700000, phys=0x0
D/EGL.oem ( 2685): ebi: offset=00000000, len=00800000, phys=0x16500000
D/EGL.oem ( 2685): reg: offset=20000000, len=00100000, phys=0xa0000000
D/gralloc ( 2676): smi: offset=10000000, len=00700000, phys=0x0
D/gralloc ( 2676): ebi: offset=00000000, len=00800000, phys=0x16500000
D/gralloc ( 2676): reg: offset=20000000, len=00100000, phys=0xa0000000
D/gralloc ( 2676): allocating GPU size=307200, offset=0
W/zipro ( 2685): Unable to open zip '/data/local/bootanimation.zip': No such file or directory
W/zipro ( 2685): Unable to open zip '/system/etc/customer/bootanimation.zip': No such file or directory
E/BootAnimation( 2685): Can't read CID, use default.
W/zipro ( 2685): Unable to open zip '/system/customize/resource/bootanimation.zip': No such file or directory
D/BootAnimation( 2685): Read default.xml failed, use bootanimation.zip.
D/BootAnimation( 2685): BootAnimation::checkAudioFromDb
E/BootAnimation( 2685): sqlite3_open error
D/BootAnimation( 2685): Audio Path: /system/media/android_audio.mp3
D/MediaPlayerService( 2659): player type = 1
D/dalvikvm( 2676): GC freed 3503 objects / 207112 bytes in 164ms
I/PackageManager( 2676): Libs: javax.obex:/system/framework/javax.obex.jar com.htc.android.easopen:/system/framework/com.htc.android.easopen.jar com.htc.framework:/system/framework/com.htc.framework.jar com.htc.rss:/system/framework/com.htc.rss.jar android.test.runner:/system/framework/android.test.runner.jar com.htc.android.pimlib:/system/framework/com.htc.android.pimlib.jar com.google.android.datamessaging:/system/framework/com.google.android.datamessaging.jar com.google.android.gtalkservice:/system/framework/com.google.android.gtalkservice.jar com.google.android.maps:/system/framework/com.google.android.maps.jar com.scalado.util.ScaladoUtil:/system/framework/com.scalado.util.ScaladoUtil.jar
I/PackageManager( 2676): Features: android.hardware.wifi android.hardware.location.network android.hardware.bluetooth android.hardware.location android.hardware.location.gps android.hardware.touchscreen android.hardware.sensor.accelerometer android.hardware.sensor.compass
I/QC_CORE ( 2659): OMXCORE API - OMX_Init
I/QC_CORE ( 2659): OMXCORE API - OMX_ComponentNameEnum 176a0 128 0
I/QC_CORE ( 2659): GetRolesOfComponent OMX.qcom.video.decoder.avc
I/QC_CORE ( 2659): GetRolesOfComponent OMX.qcom.video.decoder.avc
I/QC_CORE ( 2659): OMXCORE API - OMX_ComponentNameEnum 176a0 128 1
I/QC_CORE ( 2659): GetRolesOfComponent OMX.qcom.video.decoder.mpeg4
I/QC_CORE ( 2659): GetRolesOfComponent OMX.qcom.video.decoder.mpeg4
I/QC_CORE ( 2659): OMXCORE API - OMX_ComponentNameEnum 176a0 128 2
I/QC_CORE ( 2659): GetRolesOfComponent OMX.qcom.video.decoder.h263
I/QC_CORE ( 2659): GetRolesOfComponent OMX.qcom.video.decoder.h263
I/QC_CORE ( 2659): OMXCORE API - OMX_ComponentNameEnum 176a0 128 3
I/QC_CORE ( 2659): GetRolesOfComponent OMX.qcom.video.encoder.mpeg4
I/QC_CORE ( 2659): GetRolesOfComponent OMX.qcom.video.encoder.mpeg4
I/QC_CORE ( 2659): OMXCORE API - OMX_ComponentNameEnum 176a0 128 4
I/QC_CORE ( 2659): GetRolesOfComponent OMX.qcom.video.encoder.h263
I/QC_CORE ( 2659): GetRolesOfComponent OMX.qcom.video.encoder.h263
I/QC_CORE ( 2659): OMXCORE API - OMX_ComponentNameEnum 176a0 128 5
D/PVPlayer( 2659): setDataSource(/system/media/android_audio.mp3)
I/PlayerDriver( 2659): OpenCore disable firewall payload
I/ ( 2659): OpenCore codec name PVMFOMXAudioDecNode , OMX.PV.mp3dec
W/MediaPlayer( 2685): info/warning (1, 44)
E/MediaPlayer( 2685): setAudioStream called in state 8
D/gralloc ( 2676): allocating GPU size=307200, offset=307200
D/BootAnimation( 2685): play animation 0!
D/BootAnimation( 2685): play mp3 now!
I/AudioHardwareMSM72XX( 2659): AUDIO_START: start kernel pcm_out driver.
W/AudioFlinger( 2659): write blocked for 90 msecs, 1 delayed writes, thread 0xd880
D/dalvikvm( 2676): GC freed 6900 objects / 404560 bytes in 448ms
W/PackageManager( 2676): Library not found: /system/framework/com.google.android.datamessaging.jar
D/PackageManager( 2676): Scanning app dir /system/framework
D/PackageManager( 2676): Scanning app dir /system/app
D/dalvikvm( 2676): GC freed 5956 objects / 276936 bytes in 288ms
W/PackageParser( 2676): No actions in intent filter at /system/app/HtcContacts.apk Binary XML file line #850
W/PackageParser( 2676): No actions in intent filter at /system/app/HtcContacts.apk Binary XML file line #857
W/PackageParser( 2676): No actions in intent filter at /system/app/HtcContacts.apk Binary XML file line #864
W/PackageParser( 2676): Unknown element under <application>: intent-filter at /system/app/com.htc.MusicWidget.apk Binary XML file line #9
W/PackageParser( 2676): No actions in intent filter at /system/app/Mail.apk Binary XML file line #201
D/dalvikvm( 2676): GC freed 4559 objects / 259400 bytes in 301ms
I/AudioHardwareMSM72XX( 2659): AudioHardware pcm playback is going to standby.
W/PackageParser( 2676): Unknown element under <manifest>: uses-library at /system/app/HtcStreamPlayer.apk Binary XML file line #131
I/PackageParser( 2676): com.htc.fieldtest: compat added android.permission.WRITE_EXTERNAL_STORAGE android.permission.READ_PHONE_STATE
W/PackageParser( 2676): Unknown element under <manifest>: uses-library at /system/app/UploadProvider.apk Binary XML file line #5
D/dalvikvm( 2676): GC freed 5148 objects / 291288 bytes in 123ms
W/PackageParser( 2676): Unknown element under <application>: intent-filter at /system/app/HtcPhotoWidget.apk Binary XML file line #7
I/DEBUG ( 2656): *** *** *** *** *** *** *** *** *** *** *** *** *** *** *** ***
I/DEBUG ( 2656): Build fingerprint: 'google/passion/passion/mahimahi:2.1/ERD79/22607:user/release-keys'
I/DEBUG ( 2656): pid: 2676, tid: 2684 >>> system_server <<<
I/DEBUG ( 2656): signal 7 (SIGBUS), fault addr 43e0b748
I/DEBUG ( 2656): r0 0000000a r1 00153534 r2 471cfcc4 r3 43e2d278
I/DEBUG ( 2656): r4 43e0b744 r5 00000834 r6 a9d29ae0 r7 000a9798
I/DEBUG ( 2656): r8 471cfda0 r9 41a97c68 10 41a97c50 fp 001708c0
I/DEBUG ( 2656): ip a9d29c14 sp 471cfba0 lr a9d1c34d pc a9d18c82 cpsr 80000030
I/DEBUG ( 2656): #00 pc 00018c82 /system/lib/libutils.so
I/DEBUG ( 2656): #01 pc 00018e02 /system/lib/libutils.so
I/DEBUG ( 2656): #02 pc 00018ef8 /system/lib/libutils.so
I/DEBUG ( 2656): #03 pc 00012840 /system/lib/libutils.so
I/DEBUG ( 2656): #04 pc 000128be /system/lib/libutils.so
I/DEBUG ( 2656): #05 pc 00046b46 /system/lib/libandroid_runtime.so
I/DEBUG ( 2656): #06 pc 0000f3f4 /system/lib/libdvm.so
I/DEBUG ( 2656): #07 pc 000383c4 /system/lib/libdvm.so
I/DEBUG ( 2656): #08 pc 00014158 /system/lib/libdvm.so
I/DEBUG ( 2656): #09 pc 00019c74 /system/lib/libdvm.so
I/DEBUG ( 2656): #10 pc 0001914c /system/lib/libdvm.so
I/DEBUG ( 2656): #11 pc 0004dedc /system/lib/libdvm.so
I/DEBUG ( 2656): #12 pc 0004df0a /system/lib/libdvm.so
I/DEBUG ( 2656): #13 pc 000422c6 /system/lib/libdvm.so
I/DEBUG ( 2656): #14 pc 00010070 /system/lib/libc.so
I/DEBUG ( 2656): #15 pc 0000fb44 /system/lib/libc.so
I/DEBUG ( 2656):
I/DEBUG ( 2656): code around pc:
I/DEBUG ( 2656): a9d18c70 1c076068 9d03e015 9b021964 429c3b08
I/DEBUG ( 2656): a9d18c80 6860d812 90039a02 429c1a13 8823d80c
I/DEBUG ( 2656): a9d18c90 42934a0c e73ad000 9c4de6d7 625e6966
I/DEBUG ( 2656):
I/DEBUG ( 2656): code around lr:
I/DEBUG ( 2656): a9d1c33c d0062800 1c28682a 69541c33 47a09a01
I/DEBUG ( 2656): a9d1c34c 1c28e003 f7ff1c32 1c38fd89 bdf0b003
I/DEBUG ( 2656): a9d1c35c 6882b510 f7ff2301 bd10ffd5 2100b510
I/DEBUG ( 2656):
I/DEBUG ( 2656): stack:
I/DEBUG ( 2656): 471cfb60 471cfda0
I/DEBUG ( 2656): 471cfb64 43e0af10 /system/sd/app_s/HTCCamera.apk
I/DEBUG ( 2656): 471cfb68 0015347c [heap]
I/DEBUG ( 2656): 471cfb6c 00000001
I/DEBUG ( 2656): 471cfb70 0000000a
I/DEBUG ( 2656): 471cfb74 a9d1c32f /system/lib/libutils.so
I/DEBUG ( 2656): 471cfb78 001531f4 [heap]
I/DEBUG ( 2656): 471cfb7c 471cfcc4
I/DEBUG ( 2656): 471cfb80 00153144 [heap]
I/DEBUG ( 2656): 471cfb84 43e0af10 /system/sd/app_s/HTCCamera.apk
I/DEBUG ( 2656): 471cfb88 00153468 [heap]
I/DEBUG ( 2656): 471cfb8c a9d29ae0 /system/lib/libutils.so
I/DEBUG ( 2656): 471cfb90 000a9798 [heap]
I/DEBUG ( 2656): 471cfb94 a9d1c367 /system/lib/libutils.so
I/DEBUG ( 2656): 471cfb98 df002777
I/DEBUG ( 2656): 471cfb9c e3a070ad
I/DEBUG ( 2656): #00 471cfba0 afe3b9c8
I/DEBUG ( 2656): 471cfba4 00002bc0
I/DEBUG ( 2656): 471cfba8 43e2d280 /system/sd/app_s/HTCCamera.apk
I/DEBUG ( 2656): 471cfbac 00000834
I/DEBUG ( 2656): 471cfbb0 00147ee0 [heap]
I/DEBUG ( 2656): 471cfbb4 471cfcc0
I/DEBUG ( 2656): 471cfbb8 a9d2146c /system/lib/libutils.so
I/DEBUG ( 2656): 471cfbbc a9d213a3 /system/lib/libutils.so
I/DEBUG ( 2656): 471cfbc0 006f0063
I/DEBUG ( 2656): 471cfbc4 002e006d
I/DEBUG ( 2656): 471cfbc8 006e0061
I/DEBUG ( 2656): 471cfbcc 00720064
I/DEBUG ( 2656): 471cfbd0 0069006f
I/DEBUG ( 2656): 471cfbd4 002e0064
I/DEBUG ( 2656): 471cfbd8 00610063
I/DEBUG ( 2656): 471cfbdc 0065006d
I/DEBUG ( 2656): 471cfbe0 00610072
I/DEBUG ( 2656): 471cfbe4 00000000
I/DEBUG ( 2656): 471cfbe8 00000000
I/DEBUG ( 2656): 471cfbec 0000003f
I/DEBUG ( 2656): 471cfbf0 00292e7f [heap]
I/DEBUG ( 2656): 471cfbf4 00020000 [heap]
I/DEBUG ( 2656): 471cfbf8 00000000
I/DEBUG ( 2656): 471cfbfc 0000001b
I/DEBUG ( 2656): 471cfc00 00000000
I/DEBUG ( 2656): 471cfc04 00000000
I/DEBUG ( 2656): 471cfc08 afe3bb80
I/DEBUG ( 2656): 471cfc0c afe0f420 /system/lib/libc.so
I/DEBUG ( 2656): 471cfc10 00000000
I/DEBUG ( 2656): 471cfc14 afe0f330 /system/lib/libc.so
I/DEBUG ( 2656): 471cfc18 00000003
I/DEBUG ( 2656): 471cfc1c afe3b9c8
I/DEBUG ( 2656): 471cfc20 afe3bb80
I/DEBUG ( 2656): 471cfc24 afe0f420 /system/lib/libc.so
I/DEBUG ( 2656): 471cfc28 00000000
I/DEBUG ( 2656): 471cfc2c afe0f330 /system/lib/libc.so
I/DEBUG ( 2656): 471cfc30 afe3b9c8
I/DEBUG ( 2656): 471cfc34 00002bc0
I/DEBUG ( 2656): 471cfc38 000000da
I/DEBUG ( 2656): 471cfc3c 000001b8
I/DEBUG ( 2656): 471cfc40 471cfda0
I/DEBUG ( 2656): 471cfc44 afe0b411 /system/lib/libc.so
I/DEBUG ( 2656): 471cfc48 471cfda0
I/DEBUG ( 2656): 471cfc4c afe0bd1d /system/lib/libc.so
I/DEBUG ( 2656): 471cfc50 afe3bb80
I/DEBUG ( 2656): 471cfc54 afe0f420 /system/lib/libc.so
I/DEBUG ( 2656): 471cfc58 00147f90 [heap]
I/DEBUG ( 2656): 471cfc5c 00000038
I/DEBUG ( 2656): 471cfc60 00000002
I/DEBUG ( 2656): 471cfc64 00000004
I/DEBUG ( 2656): 471cfc68 41a97c68
I/DEBUG ( 2656): 471cfc6c 00147f50 [heap]
I/DEBUG ( 2656): 471cfc70 00147f90 [heap]
I/DEBUG ( 2656): 471cfc74 00000038
I/DEBUG ( 2656): 471cfc78 0000003e
I/DEBUG ( 2656): 471cfc7c afe0c103 /system/lib/libc.so
I/DEBUG ( 2656): 471cfc80 0000002e
I/DEBUG ( 2656): 471cfc84 00147f50 [heap]
I/DEBUG ( 2656): 471cfc88 00000000
I/DEBUG ( 2656): 471cfc8c 00000000
I/DEBUG ( 2656): 471cfc90 afe3bb80
I/DEBUG ( 2656): 471cfc94 afe0f420 /system/lib/libc.so
I/DEBUG ( 2656): 471cfc98 00000000
I/DEBUG ( 2656): 471cfc9c afe0f330 /system/lib/libc.so
I/DEBUG ( 2656): 471cfca0 00000003
I/DEBUG ( 2656): 471cfca4 a9d1c25b /system/lib/libutils.so
I/DEBUG ( 2656): 471cfca8 00147ee0 [heap]
I/DEBUG ( 2656): 471cfcac 00000000
I/DEBUG ( 2656): 471cfcb0 00000b3e
I/DEBUG ( 2656): 471cfcb4 a9d1880f /system/lib/libutils.so
I/DEBUG ( 2656): 471cfcb8 000a97c0 [heap]
I/DEBUG ( 2656): 471cfcbc 00000001
I/DEBUG ( 2656): 471cfcc0 00000002
I/DEBUG ( 2656): 471cfcc4 43e0af10 /system/sd/app_s/HTCCamera.apk
I/DEBUG ( 2656): 471cfcc8 00000000
I/DEBUG ( 2656): 471cfccc 001531c0 [heap]
I/DEBUG ( 2656): 471cfcd0 001531f0 [heap]
I/DEBUG ( 2656): 471cfcd4 00153138 [heap]
I/DEBUG ( 2656): 471cfcd8 a9d29ae0 /system/lib/libutils.so
I/DEBUG ( 2656): 471cfcdc 000a9798 [heap]
I/DEBUG ( 2656): 471cfce0 a9d29ae0 /system/lib/libutils.so
I/DEBUG ( 2656): 471cfce4 43dfdf1c /system/sd/app_s/HTCCamera.apk
I/DEBUG ( 2656): 471cfce8 00000000
I/DEBUG ( 2656): 471cfcec a9d18e07 /system/lib/libutils.so
I/DEBUG ( 2656): #01 471cfcf0 a9d0fb4d /system/lib/libutils.so
I/DEBUG ( 2656): 471cfcf4 00147ea8 [heap]
I/DEBUG ( 2656): 471cfcf8 a9d29ae0 /system/lib/libutils.so
I/DEBUG ( 2656): 471cfcfc 0002f364 [heap]
I/DEBUG ( 2656): 471cfd00 a9d203b8 /system/lib/libutils.so
I/DEBUG ( 2656): 471cfd04 a9d215cd /system/lib/libutils.so
I/DEBUG ( 2656): 471cfd08 00144980 [heap]
I/DEBUG ( 2656): 471cfd0c 00147ee0 [heap]
I/DEBUG ( 2656): 471cfd10 00000002
I/DEBUG ( 2656): 471cfd14 00147ea8 [heap]
I/DEBUG ( 2656): 471cfd18 a9d0f795 /system/lib/libutils.so
I/DEBUG ( 2656): 471cfd1c 43dcd4d8 /system/sd/app_s/HTCCamera.apk
I/DEBUG ( 2656): 471cfd20 00000000
I/DEBUG ( 2656): 471cfd24 a9d18efd /system/lib/libutils.so
I/ServiceManager( 2654): service 'usagestats' died
I/ServiceManager( 2654): service 'batteryinfo' died
I/ServiceManager( 2654): service 'telephony.registry' died
I/ServiceManager( 2654): service 'SurfaceFlinger' died
I/ServiceManager( 2654): service 'entropy' died
I/ServiceManager( 2654): service 'power' died
D/BootAnimation( 2685): SurfaceFlinger died, exiting...
E/installd( 2661): eof
E/installd( 2661): failed to read size
I/installd( 2661): closing connection
D/Zygote ( 2658): Process 2676 terminated by signal (7)
I/Zygote ( 2658): Exit zygote because system server (2676) has terminated
I/PlayerDriver( 2659): PlayerDriver::handleStop
D/MediaPlayerService( 2659): Process 2659 RSS is 4716
The above is logcat arrested, no plug usb boot system can not start the log.
In addition to sense version, other versions are normal, 2.1 2.2 1.6 are possible.

[Q] G1 to the Graveyard?

Hi, this is my first post although I'm kinda active on the forums but didn't found too much to share..
Well my problem is that my G1 had a little crack on the digitizer, but was working perfectly (even the digitizer) I wanted to change it since was cheap on ebay and the installation wasn't the big deal, so i change it and "i think" I messed up with the flex cable on the slider.. (the one with 4 connectors and a plastic guide that attaches on the bottom keys) now i get no picture at all.
Can be that i also break something inside, since i cant receive calls, neither control my phone from the PC, the phone seems to be stuck on boot, the phone was working before i changed the digitizer (carefully, but on reassembling something "stuck"), I'm totally noob on reading logcats or the android OS internals, but this looks related to the LCD?
Code:
E/FramebufferNativeWindow( 1620): couldn't open framebuffer HAL (No such file or directory)
I'ts worth trying to change the flex, or this can be a failure on another component like the Mainboard
Thanks!
Logcat:
Code:
D/AndroidRuntime( 1615):
D/AndroidRuntime( 1615): >>>>>>>>>>>>>> AndroidRuntime START <<<<<<<<<<<<<<
D/AndroidRuntime( 1615): CheckJNI is OFF
D/AndroidRuntime( 1615): --- registering native functions ---
I/ ( 1614): ServiceManager: 0xad08
I/HTC Acoustic( 1614): libhtc_acoustic.so version 1.0.1.2.
I/HTC Acoustic( 1614): open /system/etc/AudioPara_TMUS.csv success.
I/HTC Acoustic( 1614): acoustic table version: Dream_TMU_20090305
I/HTC Acoustic( 1614): read_audio_para_from_file success.
I/HTC Acoustic( 1614): get_audpp_filter
I/HTC Acoustic( 1614): open /system/etc/AudioFilter.csv success.
I/HTC Acoustic( 1614): ADRC Filter ADRC FLAG = ffff.
I/HTC Acoustic( 1614): ADRC Filter COMP THRESHOLD = 2600.
I/HTC Acoustic( 1614): ADRC Filter COMP SLOPE = b333.
I/HTC Acoustic( 1614): ADRC Filter COMP RMS TIME = 106.
I/HTC Acoustic( 1614): ADRC Filter COMP ATTACK[0] = 7f7d.
I/HTC Acoustic( 1614): ADRC Filter COMP ATTACK[1] = 3096.
I/HTC Acoustic( 1614): ADRC Filter COMP RELEASE[0] = 7ff7.
I/HTC Acoustic( 1614): ADRC Filter COMP RELEASE[1] = 4356.
I/HTC Acoustic( 1614): ADRC Filter COMP DELAY = 16.
I/HTC Acoustic( 1614): EQ flag = 00.
I/HTC Acoustic( 1614): get_audpre_filter
I/HTC Acoustic( 1614): open /system/etc/AudioPreProcess.csv success.
D/AudioHardwareMSM72XX( 1614): mNumSndEndpoints = 48
D/AudioHardwareMSM72XX( 1614): BT MATCH HANDSET
D/AudioHardwareMSM72XX( 1614): BT MATCH SPEAKER
D/AudioHardwareMSM72XX( 1614): BT MATCH HEADSET
D/AudioHardwareMSM72XX( 1614): BT MATCH BT
D/AudioHardwareMSM72XX( 1614): BT MATCH CARKIT
D/AudioHardwareMSM72XX( 1614): BT MATCH TTY_FULL
D/AudioHardwareMSM72XX( 1614): BT MATCH TTY_VCO
D/AudioHardwareMSM72XX( 1614): BT MATCH TTY_HCO
D/AudioHardwareMSM72XX( 1614): BT MATCH NO_MIC_HEADSET
D/AudioHardwareMSM72XX( 1614): BT MATCH FM_HEADSET
D/AudioHardwareMSM72XX( 1614): BT MATCH HEADSET_AND_SPEAKER
D/AudioHardwareMSM72XX( 1614): BT MATCH FM_SPEAKER
D/AudioHardwareMSM72XX( 1614): BT MATCH BT_EC_OFF
D/AudioHardwareMSM72XX( 1614): BT MATCH CURRENT
D/AudioHardwareMSM72XX( 1614): BT MATCH BT_EC_OFF
D/AudioHardwareInterface( 1614): setMode(NORMAL)
I/AudioHardwareMSM72XX( 1614): Set master volume to 5.
I/CameraService( 1614): CameraService started: pid=1614
I/AudioFlinger( 1614): AudioFlinger's thread 0xce98 ready to run
I/AudioHardwareMSM72XX( 1614): Routing audio to Speakerphone
D/HTC Acoustic( 1614): msm72xx_enable_audpp: 0x0001
D/AudioHardwareMSM72XX( 1614): setVoiceVolume(1.000000)
I/AudioHardwareMSM72XX( 1614): Setting in-call volume to 5 (available range is 0 to 5)
I/SamplingProfilerIntegration( 1615): Profiler is disabled.
I/Zygote ( 1615): Preloading classes...
D/dalvikvm( 1615): GC freed 793 objects / 50568 bytes in 5ms
D/dalvikvm( 1615): GC freed 251 objects / 16168 bytes in 5ms
D/dalvikvm( 1615): GC freed 295 objects / 18768 bytes in 7ms
D/dalvikvm( 1615): GC freed 214 objects / 13712 bytes in 8ms
D/dalvikvm( 1615): GC freed 413 objects / 26440 bytes in 9ms
D/skia ( 1615): ------ build_power_table 1.4
D/skia ( 1615): ------ build_power_table 0.714286
D/dalvikvm( 1615): GC freed 418 objects / 28416 bytes in 9ms
D/dalvikvm( 1615): Trying to load lib /system/lib/libmedia_jni.so 0x0
D/dalvikvm( 1615): Added shared lib /system/lib/libmedia_jni.so 0x0
D/dalvikvm( 1615): Trying to load lib /system/lib/libexif.so 0x0
D/dalvikvm( 1615): Added shared lib /system/lib/libexif.so 0x0
D/dalvikvm( 1615): GC freed 2311 objects / 121512 bytes in 13ms
D/dalvikvm( 1615): Trying to load lib /system/lib/libmedia_jni.so 0x0
D/dalvikvm( 1615): Shared lib '/system/lib/libmedia_jni.so' already loaded in same CL 0x0
D/dalvikvm( 1615): Trying to load lib /system/lib/libmedia_jni.so 0x0
D/dalvikvm( 1615): Shared lib '/system/lib/libmedia_jni.so' already loaded in same CL 0x0
D/dalvikvm( 1615): Trying to load lib /system/lib/libmedia_jni.so 0x0
D/dalvikvm( 1615): Shared lib '/system/lib/libmedia_jni.so' already loaded in same CL 0x0
D/dalvikvm( 1615): Trying to load lib /system/lib/libmedia_jni.so 0x0
D/dalvikvm( 1615): Shared lib '/system/lib/libmedia_jni.so' already loaded in same CL 0x0
D/dalvikvm( 1615): GC freed 3790 objects / 197024 bytes in 22ms
D/dalvikvm( 1615): GC freed 459 objects / 26000 bytes in 21ms
D/dalvikvm( 1615): GC freed 303 objects / 17576 bytes in 21ms
D/dalvikvm( 1615): GC freed 204 objects / 11440 bytes in 24ms
D/dalvikvm( 1615): GC freed 161 objects / 8728 bytes in 25ms
D/dalvikvm( 1615): Trying to load lib /system/lib/libsrec_jni.so 0x0
D/dalvikvm( 1615): Added shared lib /system/lib/libsrec_jni.so 0x0
D/dalvikvm( 1615): Trying to load lib /system/lib/libsrec_jni.so 0x0
D/dalvikvm( 1615): Shared lib '/system/lib/libsrec_jni.so' already loaded in same CL 0x0
D/dalvikvm( 1615): GC freed 365 objects / 71600 bytes in 27ms
D/dalvikvm( 1615): GC freed 126 objects / 24592 bytes in 36ms
D/dalvikvm( 1615): GC freed 331 objects / 38160 bytes in 39ms
D/dalvikvm( 1615): GC freed 418 objects / 25792 bytes in 41ms
D/dalvikvm( 1615): Trying to load lib /system/lib/libwebcore.so 0x0
D/dalvikvm( 1615): Added shared lib /system/lib/libwebcore.so 0x0
D/dalvikvm( 1615): GC freed 432 objects / 25120 bytes in 40ms
D/dalvikvm( 1615): GC freed 489 objects / 30736 bytes in 41ms
D/dalvikvm( 1615): GC freed 339 objects / 28144 bytes in 41ms
D/dalvikvm( 1615): GC freed 313 objects / 22024 bytes in 41ms
D/dalvikvm( 1615): GC freed 922 objects / 80960 bytes in 45ms
D/dalvikvm( 1615): GC freed 664 objects / 35952 bytes in 49ms
D/dalvikvm( 1615): GC freed 709 objects / 41208 bytes in 49ms
D/dalvikvm( 1615): GC freed 735 objects / 40672 bytes in 47ms
D/dalvikvm( 1615): GC freed 14066 objects / 476512 bytes in 58ms
D/dalvikvm( 1615): GC freed 10487 objects / 448872 bytes in 62ms
D/dalvikvm( 1615): GC freed 10716 objects / 463480 bytes in 66ms
D/dalvikvm( 1615): GC freed 8009 objects / 463072 bytes in 64ms
D/dalvikvm( 1615): GC freed 7841 objects / 459776 bytes in 68ms
D/dalvikvm( 1615): GC freed 8839 objects / 516912 bytes in 71ms
D/dalvikvm( 1615): GC freed 6638 objects / 397176 bytes in 66ms
D/dalvikvm( 1615): GC freed 832 objects / 49608 bytes in 64ms
D/dalvikvm( 1615): GC freed 541 objects / 38768 bytes in 64ms
D/dalvikvm( 1615): GC freed 456 objects / 31328 bytes in 65ms
D/dalvikvm( 1615): GC freed 430 objects / 30000 bytes in 68ms
I/Zygote ( 1615): ...preloaded 1939 classes in 9294ms.
D/dalvikvm( 1615): GC freed 112 objects / 14528 bytes in 68ms
I/Zygote ( 1615): Preloading resources...
D/dalvikvm( 1615): GC freed 5 objects / 224 bytes in 65ms
D/dalvikvm( 1615): GC freed 327 objects / 16688 bytes in 66ms
D/dalvikvm( 1615): GC freed 269 objects / 12656 bytes in 67ms
I/Zygote ( 1615): ...preloaded 48 resources in 569ms.
I/Zygote ( 1615): ...preloaded 15 resources in 22ms.
D/dalvikvm( 1615): GC freed 114 objects / 8704 bytes in 67ms
D/dalvikvm( 1615): GC freed 206 objects / 8144 bytes in 67ms
D/dalvikvm( 1615): GC freed 24 objects / 936 bytes in 66ms
I/dalvikvm( 1615): Splitting out new zygote heap
I/dalvikvm( 1615): System server process 1620 has been created
I/Zygote ( 1615): Accepting command socket connections
D/dalvikvm( 1620): Trying to load lib /system/lib/libandroid_servers.so 0x0
D/dalvikvm( 1620): Added shared lib /system/lib/libandroid_servers.so 0x0
I/sysproc ( 1620): Entered system_init()
I/sysproc ( 1620): ServiceManager: 0x11f338
I/SurfaceFlinger( 1620): SurfaceFlinger is starting
I/SurfaceFlinger( 1620): SurfaceFlinger's main thread ready to run. Initializing graphics H/W...
E/FramebufferNativeWindow( 1620): couldn't open framebuffer HAL (No such file or directory)
D/libEGL ( 1620): loaded /system/lib/egl/libGLES_android.so
D/libEGL ( 1620): loaded /system/lib/egl/libGLES_qcom.so
D/EGL.oem ( 1620): system process, deny GL context
E/libEGL ( 1620): No EGLDisplay for hardware EGL!
D/libEGL ( 1620): Setting TLS: 0x45205f00 to 0xac70a2ec
I/DEBUG ( 134): *** *** *** *** *** *** *** *** *** *** *** *** *** *** *** ***
I/DEBUG ( 134): Build fingerprint: 'google/passion/passion/mahimahi:2.1-update1/ERE27/24178:user/release-keys'
I/DEBUG ( 134): pid: 1620, tid: 1626 >>> system_server <<<
I/DEBUG ( 134): signal 11 (SIGSEGV), fault addr fffffffe
I/DEBUG ( 134): r0 001424a0 r1 00000002 r2 45205d54 r3 ffffffff
I/DEBUG ( 134): r4 00000001 r5 45205d94 r6 45205db8 r7 45205dc8
I/DEBUG ( 134): r8 00100000 r9 a9d1b8e5 10 45106000 fp 001316f8
I/DEBUG ( 134): ip acd291e8 sp 45205d50 lr ac41df17 pc fffffffe cpsr 00000030
I/DEBUG ( 134): #00 pc fffffffe
I/DEBUG ( 134): #01 pc 0001df14 /system/lib/libui.so
I/DEBUG ( 134): #02 pc 000164be /system/lib/libsurfaceflinger.so
I/DEBUG ( 134): #03 pc 0001698a /system/lib/libsurfaceflinger.so
I/DEBUG ( 134): #04 pc 00020bb4 /system/lib/libsurfaceflinger.so
I/DEBUG ( 134): #05 pc 0001b504 /system/lib/libutils.so
I/DEBUG ( 134): #06 pc 0001b94a /system/lib/libutils.so
I/DEBUG ( 134): #07 pc 000101d0 /system/lib/libc.so
I/DEBUG ( 134): #08 pc 0000fca0 /system/lib/libc.so
I/DEBUG ( 134):
I/DEBUG ( 134): code around lr:
I/DEBUG ( 134): ac41df04 2016d102 e00c4240 1c106d53 aa012102
I/DEBUG ( 134): ac41df14 28004798 1c20db05 9a011c29 f7ff1c33
I/DEBUG ( 134): ac41df24 b002ff5f 46c0bd70 47706880 d1002900
I/DEBUG ( 134):
I/DEBUG ( 134): stack:
I/DEBUG ( 134): 45205d10 ac708a4c /system/lib/libEGL.so
I/DEBUG ( 134): 45205d14 acc99501 /system/lib/egl/libGLES_android.so
I/DEBUG ( 134): 45205d18 ac708a40 /system/lib/libEGL.so
I/DEBUG ( 134): 45205d1c ac708964 /system/lib/libEGL.so
I/DEBUG ( 134): 45205d20 ac7087f8 /system/lib/libEGL.so
I/DEBUG ( 134): 45205d24 ac704b07 /system/lib/libEGL.so
I/DEBUG ( 134): 45205d28 ac70a2ec
I/DEBUG ( 134): 45205d2c afe0f6cc /system/lib/libc.so
I/DEBUG ( 134): 45205d30 00000002
I/DEBUG ( 134): 45205d34 00000001
I/DEBUG ( 134): 45205d38 ac708940 /system/lib/libEGL.so
I/DEBUG ( 134): 45205d3c 00000000
I/DEBUG ( 134): 45205d40 00000000
I/DEBUG ( 134): 45205d44 ac702ba1 /system/lib/libEGL.so
I/DEBUG ( 134): 45205d48 00100000 [heap]
I/DEBUG ( 134): 45205d4c 00000008
I/DEBUG ( 134): #01 45205d50 ac7087f8 /system/lib/libEGL.so
I/DEBUG ( 134): 45205d54 001316f8 [heap]
I/DEBUG ( 134): 45205d58 001316f8 [heap]
I/DEBUG ( 134): 45205d5c acd29118 /system/lib/libsurfaceflinger.so
I/DEBUG ( 134): 45205d60 00000001
I/DEBUG ( 134): 45205d64 acd164c1 /system/lib/libsurfaceflinger.so
D/Zygote ( 1615): Process 1620 terminated by signal (11)
I/Zygote ( 1615): Exit zygote because system server (1620) has terminated
I/ServiceManager( 132): service 'media.audio_flinger' died
I/ServiceManager( 132): service 'media.player' died
I/ServiceManager( 132): service 'media.camera' died
I/ServiceManager( 132): service 'media.audio_policy' died
D/libEGL ( 1628): Setting TLS: 0xafe43b6c to 0xac70a2ec
D/libEGL ( 1629): Setting TLS: 0xafe43b6c to 0xac70a2ec
Well I replaced the Flex Cable and this error doesn't showed up, the G1 es LCD Aware.. xD

LG Optimus 2X MIUI another discussion thread

Enjoy Your MIUI..
You can discuss it here
I want to try this Lets try and flash v7 and see what we get
Nice boot loop...
With another kernel it just hangs on LG screen with loading bar and adb logcat just quits...
Lucky we have a lot of talented developers here, so maybe they can help him out.
OK, fusingblackrose on MIUI forum is trying to make a MIUI Rom, and I help him trying them. Some Rom he made can't flash to O2X and others boot loop when reset. We need your help.Your helps can write at this post or here
I'm not going to join yet another forum to help sorry but I can probably fix your status #7 and probably get you logcat access if you want?
Status 0 and status 6 are script problems, you can fix these.
Status 7 means the assert can't complete, this is because you're using the wrong method to write the boot image... this is why your phone no boot...
Code:
package_extract_file("boot.img", "/tmp/boot.img");
run_program("/sbin/busybox", "dd", "if=/dev/zero", "of=/dev/block/mmcblk0p5");
run_program("/sbin/busybox", "dd", "if=/tmp/boot.img", "of=/dev/block/mmcblk0p5");
delete("/tmp/boot.img");
djmcnz said:
I'm not going to join yet another forum to help sorry but I can probably fix your status #7 and probably get you logcat access if you want?
Status 0 and status 6 are script problems, you can fix these.
Status 7 means the assert can't complete, this is because you're using the wrong method to write the boot image... this is why your phone no boot...
Code:
package_extract_file("boot.img", "/tmp/boot.img");
run_program("/sbin/busybox", "dd", "if=/dev/zero", "of=/dev/block/mmcblk0p5");
run_program("/sbin/busybox", "dd", "if=/tmp/boot.img", "of=/dev/block/mmcblk0p5");
delete("/tmp/boot.img");
Click to expand...
Click to collapse
I had a look in the updater-script from the version they get that error in and they got the correct version and the bad version for writing the boot in the same script.
Sent from my LG-P990 using XDA Premium App
Tayutama said:
I had a look in the updater-script from the version they get that error in and they got the correct version and the bad version for writing the boot in the same script.
Sent from my LG-P990 using XDA Premium App
Click to expand...
Click to collapse
Script will abort as soon as it hits the bad command.
djmcnz said:
Script will abort as soon as it hits the bad command.
Click to expand...
Click to collapse
Yeah I know but that bad part is the very last in the script and the boot.img has already been flashed with correct syntax earlier
Sent from my LG-P990 using XDA Premium App
Please post some screenshoot or video of this rom on optimus 2x... thanks...
Does v8 boot already?
djmcnz, what do they need to do to get it booting? Also how do I fix the status 0 when flashing some zip files?
ermacwins said:
djmcnz, what do they need to do to get it booting? Also how do I fix the status 0 when flashing some zip files?
Click to expand...
Click to collapse
What boot image are you using?
Post the full recovery log after flashing, I'll take a look.
Tano se fai la MIUI ti bacio ahahahahah
djmcnz said:
I'm not going to join yet another forum to help sorry but I can probably fix your status #7 and probably get you logcat access if you want?
Status 0 and status 6 are script problems, you can fix these.
Status 7 means the assert can't complete, this is because you're using the wrong method to write the boot image... this is why your phone no boot...
Code:
package_extract_file("boot.img", "/tmp/boot.img");
run_program("/sbin/busybox", "dd", "if=/dev/zero", "of=/dev/block/mmcblk0p5");
run_program("/sbin/busybox", "dd", "if=/tmp/boot.img", "of=/dev/block/mmcblk0p5");
delete("/tmp/boot.img");
Click to expand...
Click to collapse
Hi, thanks for reply,
i dont wanna to move the people in other forum, i only say, for our, maybe tihs guy need help, im not a developer, for this i make that...
the rom can will used by all
EDIT:
I have tryed v8, no boot
Installation aborted
Error (status 7)
tanoxxx said:
Hi, thanks for reply,
i dont wanna to move the people in other forum, i only say, for our, maybe tihs guy need help, im not a developer, for this i make that...
the rom can will used by all
EDIT:
I have tryed v8, no boot
Installation aborted
Error (status 7)
Click to expand...
Click to collapse
What is "v8" ?
Please get a recovery log... the screen info is pretty useless...
Code:
adb pull /tmp/recovery.log
But #7 is assert fail.
ermacwins said:
djmcnz, what do they need to do to get it booting? Also how do I fix the status 0 when flashing some zip files?
Click to expand...
Click to collapse
Status 0 is a script verification failure (didn't even start running). Make sure you have ';' at the end of every line and '↵' at the end of the script.
Thanks dj but im not learned in scripts and stuff
Btw heres a logcat error of someone who tried to do a GB miui port
http://pastebin.com/hp07gnS6
My phone boot loop after restarting. Any one can see this logcat and tell me what I must do
D:\LG OPTIMUS 2x\Adroid\Tools\android_SDK\android_SDK>cd tools
D:\LG OPTIMUS 2x\Adroid\Tools\android_SDK\android_SDK\tools>adb shell
error: device not found
D:\LG OPTIMUS 2x\Adroid\Tools\android_SDK\android_SDK\tools>adb shell
error: device not found
D:\LG OPTIMUS 2x\Adroid\Tools\android_SDK\android_SDK\tools>adb shell
# logcat
logcat
--------- beginning of /dev/log/system
I/Vold ( 1043): Vold 2.1 (the revenge) firing up
--------- beginning of /dev/log/main
I/Netd ( 1044): Netd 1.0 starting
D/Vold ( 1043): Volume extsdcard state changing -1 (Initializing) -> 0 (No-Media)
D/Vold ( 1043): Volume sdcard state changing -1 (Initializing) -> 0 (No-Media)
D/Vold ( 1043): Volume extsdcard state changing 0 (No-Media) -> 1 (Idle-Unmounted)
W/Vold ( 1043): Duplicate state (1)
D/Vold ( 1043): Volume sdcard state changing 0 (No-Media) -> 1 (Idle-Unmounted)
W/Vold ( 1043): Duplicate state (1)
W/Vold ( 1043): Duplicate state (1)
W/Vold ( 1043): Duplicate state (1)
I/DEBUG ( 1045): debuggerd: Apr 4 2011 21:39:42
D/ ( 1055): NVRM_DAEMON(1433): !!!!!!! nvrm main server starting !!!!!!!
D/ ( 1055): Open is OK, Now, we are in User_Land!
D/OSP_NDK ( 1057): [lgosp_hid] unable to read /system/lib/modules/lgosp-hid.ko
E/NetlinkEvent( 1043): NetlinkEvent::FindParam(): Parameter 'SWITCH_NAME' not found
E/NetlinkEvent( 1043): NetlinkEvent::FindParam(): Parameter 'SWITCH_STATE' not found
W/Vold ( 1043): Switch /devices/virtual/switch/usb_mass_storage event missing name/state info
E/NetlinkEvent( 1043): NetlinkEvent::FindParam(): Parameter 'SWITCH_NAME' not found
E/NetlinkEvent( 1043): NetlinkEvent::FindParam(): Parameter 'SWITCH_STATE' not found
W/Vold ( 1043): Switch /devices/virtual/switch/usb_mass_storage event missing name/state info
I/lgdrmserver( 1047): Start lgdrmserver
D/LGDRM ( 1047): [DRM] drmLibGetFlexInfo() : FLEX_REGION_CODE (0)
D/LGDRM ( 1047): [DRM] drmLibGetFlexInfo() : FLEX_REGION_CODE (0)
I/LGDRM ( 1047): [DRM] DRMAgent_Init() : Entering
D/LGDRM ( 1047): [DRM] drmLibGetFlexInfo() : FLEX_REGION_CODE (0)
D/LGDRM ( 1047): [DRM] DRMCert_InitCert() : g_DRM_Settings - 927
D/LGDRM ( 1047): [DRM] Cert_CheckCerts() : Entering
D/LGDRM ( 1047): [DRM] Cert_CheckCerts() : Cert encryption is not completed
D/LGDRM ( 1047): [DRM] drmLibGetFlexInfo() : FLEX_REGION_CODE (0)
E/LGDRM ( 1047): [DRMERR] DRMCert_VerifyCerts(): Cert Reading Error !!
E/LGDRM ( 1047): [DRMERR] DRMCert_InitCert(): DRM Certificate verify error !!
D/AndroidRuntime( 1048):
D/AndroidRuntime( 1048): >>>>>>>>>>>>>> AndroidRuntime START <<<<<<<<<<<<<<
D/AndroidRuntime( 1048): CheckJNI is OFF
D/dalvikvm( 1048): creating instr width table
I/ ( 1058): Screencaptured Accept lsocket: 10
V/NvOmxCameraSettings( 1049): NvOmxCameraModeParams()
I/ ( 1049): ServiceManager: 0xaff0
D/ ( 1055): nvrm_daemon: rt_exist from client: 0
D/ ( 1055): nvrm_daemon: rt_exist to client: 1
D/AndroidRuntime( 1048): --- registering native functions ---
D/AudioHardwareInterface( 1049): setMode(NORMAL)
V/MediaPlayerService( 1049): MediaPlayerService created
I/CameraService( 1049): CameraService started: pid=1049
V/AudioPolicyManagerBase( 1049): setOutputDevice() output 1 device 2 delayMs 0
I/AudioFlinger( 1049): AudioFlinger's thread 0xc170 ready to run
D/ ( 1055): nvrm_daemon: rt_exist from client: 1
D/ ( 1055): rt_exist=1, add client ref
D/ ( 1055): nvrm_daemon: rt_exist to client: 1
W/NvAudioDevice( 1049): @@(Device.cpp-hal)@@ setOutputDevice(), device = 2
V/AudioPolicyManagerBase( 1049): applyStreamVolumes() for output 1 and device 2
V/AudioPolicyManagerBase( 1049): volume stream = 0, volint = 100, volume = 1.000000
V/AudioPolicyManagerBase( 1049): setStreamVolume() for output 1 stream 0, volume 1.000000, delay 0
D/ ( 1055): nvrm_daemon: rt_exist from client: 1
D/ ( 1055): rt_exist=1, add client ref
D/ ( 1055): nvrm_daemon: rt_exist to client: 1
E/AudioPolicyManagerBase( 1049): setStreamVolume() for output 1 stream 0, volume 1.000000, delay 0
V/AudioPolicyManagerBase( 1049): volume stream = 1, volint = 100, volume = 1.000000
V/AudioPolicyManagerBase( 1049): setStreamVolume() for output 1 stream 1, volume 1.000000, delay 0
E/AudioPolicyManagerBase( 1049): setStreamVolume() for output 1 stream 1, volume 1.000000, delay 0
V/AudioPolicyManagerBase( 1049): volume stream = 2, volint = 100, volume = 1.000000
V/AudioPolicyManagerBase( 1049): setStreamVolume() for output 1 stream 2, volume 1.000000, delay 0
E/AudioPolicyManagerBase( 1049): setStreamVolume() for output 1 stream 2, volume 1.000000, delay 0
V/AudioPolicyManagerBase( 1049): volume stream = 3, volint = 100, volume = 1.000000
V/AudioPolicyManagerBase( 1049): setStreamVolume() for output 1 stream 3, volume 1.000000, delay 0
E/AudioPolicyManagerBase( 1049): setStreamVolume() for output 1 stream 3, volume 1.000000, delay 0
V/AudioPolicyManagerBase( 1049): volume stream = 4, volint = 100, volume = 1.000000
V/AudioPolicyManagerBase( 1049): setStreamVolume() for output 1 stream 4, volume 1.000000, delay 0
E/AudioPolicyManagerBase( 1049): setStreamVolume() for output 1 stream 4, volume 1.000000, delay 0
V/AudioPolicyManagerBase( 1049): volume stream = 5, volint = 100, volume = 1.000000
V/AudioPolicyManagerBase( 1049): setStreamVolume() for output 1 stream 5, volume 1.000000, delay 0
E/AudioPolicyManagerBase( 1049): setStreamVolume() for output 1 stream 5, volume 1.000000, delay 0
V/AudioPolicyManagerBase( 1049): checkAndSetVolume() cannot set stream 6 volume with force use = 0 for comm
V/AudioPolicyManagerBase( 1049): volume stream = 7, volint = 100, volume = 1.000000
V/AudioPolicyManagerBase( 1049): setStreamVolume() for output 1 stream 7, volume 1.000000, delay 0
E/AudioPolicyManagerBase( 1049): setStreamVolume() for output 1 stream 7, volume 1.000000, delay 0
V/AudioPolicyManagerBase( 1049): volume stream = 8, volint = 100, volume = 1.000000
V/AudioPolicyManagerBase( 1049): setStreamVolume() for output 1 stream 8, volume 1.000000, delay 0
E/AudioPolicyManagerBase( 1049): setStreamVolume() for output 1 stream 8, volume 1.000000, delay 0
V/AudioPolicyManagerBase( 1049): volume stream = 9, volint = 100, volume = 1.000000
V/AudioPolicyManagerBase( 1049): setStreamVolume() for output 1 stream 9, volume 1.000000, delay 0
E/AudioPolicyManagerBase( 1049): setStreamVolume() for output 1 stream 9, volume 1.000000, delay 0
V/AudioPolicyManagerBase( 1049): volume stream = 10, volint = 100, volume = 1.000000
V/AudioPolicyManagerBase( 1049): setStreamVolume() for output 1 stream 10, volume 1.000000, delay 0
E/AudioPolicyManagerBase( 1049): setStreamVolume() for output 1 stream 10, volume 1.000000, delay 0
V/AudioPolicyManagerBase( 1049): volume stream = 11, volint = 100, volume = 1.000000
V/AudioPolicyManagerBase( 1049): setStreamVolume() for output 1 stream 11, volume 1.000000, delay 0
E/AudioPolicyManagerBase( 1049): setStreamVolume() for output 1 stream 11, volume 1.000000, delay 0
V/AudioPolicyManagerBase( 1049): volume stream = 12, volint = 100, volume = 1.000000
V/AudioPolicyManagerBase( 1049): setStreamVolume() for output 1 stream 12, volume 1.000000, delay 0
E/AudioPolicyManagerBase( 1049): setStreamVolume() for output 1 stream 12, volume 1.000000, delay 0
V/AudioPolicyManagerBase( 1049): volume stream = 13, volint = 100, volume = 1.000000
V/AudioPolicyManagerBase( 1049): setStreamVolume() for output 1 stream 13, volume 1.000000, delay 0
E/AudioPolicyManagerBase( 1049): setStreamVolume() for output 1 stream 13, volume 1.000000, delay 0
E/AudioPolicyManagerBase( 1049): [LGE] Parameter Value=2
V/AudioPolicyManagerBase( 1049): getDeviceForStrategy() strategy 0, device 2
V/AudioPolicyManagerBase( 1049): getDeviceForStrategy() strategy 1, device 1
V/AudioPolicyManagerBase( 1049): getDeviceForStrategy() strategy 2, device 2
V/AudioPolicyManagerBase( 1049): getDeviceForStrategy() strategy 0, device 2
V/AudioPolicyManagerBase( 1049): getDeviceForStrategy() strategy 3, device 2
V/AudioPolicyManagerBase( 1049): setSystemProperty() property ro.camera.sound.forced, value 0
V/AudioPolicyManagerBase( 1049): ENFORCED_AUDIBLE can be muted
D/GpsLocationProvider( 1048): Call register_android_location_GpsLocationProvider
D/ATCommandsNative( 1048): Call register_android_hardware_ATCommandsNative
I/SamplingProfilerIntegration( 1048): Profiler is disabled.
I/Zygote ( 1048): Preloading classes...
E/Zygote ( 1048): setreuid() failed. errno: 2
D/dalvikvm( 1048): GC_EXPLICIT freed 873 objects / 51040 bytes in 1ms
D/dalvikvm( 1048): GC_EXPLICIT freed 219 objects / 13568 bytes in 2ms
I/bluetooth_ScoSocket.cpp( 1048): Entry name = MY-CAR ScoTypes = 0x7f
I/bluetooth_ScoSocket.cpp( 1048): Entry name = Motorola HF850 ScoTypes = 0x7
D/dalvikvm( 1048): GC_EXPLICIT freed 357 objects / 17384 bytes in 2ms
D/dalvikvm( 1048): GC_EXPLICIT freed 446 objects / 27592 bytes in 2ms
D/dalvikvm( 1048): GC_EXPLICIT freed 2134 objects / 110792 bytes in 3ms
D/dalvikvm( 1048): GC_EXPLICIT freed 230 objects / 13880 bytes in 3ms
D/dalvikvm( 1048): GC_FOR_MALLOC freed 4963 objects / 222224 bytes in 6ms
D/dalvikvm( 1048): GC_FOR_MALLOC freed 10843 objects / 392776 bytes in 7ms
D/dalvikvm( 1048): GC_FOR_MALLOC freed 8931 objects / 419248 bytes in 8ms
D/dalvikvm( 1048): GC_FOR_MALLOC freed 9144 objects / 442320 bytes in 9ms
D/dalvikvm( 1048): GC_FOR_MALLOC freed 7845 objects / 472800 bytes in 10ms
D/dalvikvm( 1048): GC_FOR_MALLOC freed 7247 objects / 468928 bytes in 10ms
D/dalvikvm( 1048): GC_FOR_MALLOC freed 8510 objects / 466504 bytes in 10ms
D/dalvikvm( 1048): GC_FOR_MALLOC freed 7668 objects / 465216 bytes in 10ms
D/dalvikvm( 1048): GC_EXPLICIT freed 3423 objects / 226600 bytes in 10ms
V/http ( 1048): 11764 main Connection Count 10Browser Optimization true
D/dalvikvm( 1048): GC_EXPLICIT freed 615 objects / 29544 bytes in 10ms
D/dalvikvm( 1048): GC_EXPLICIT freed 460 objects / 26168 bytes in 9ms
D/dalvikvm( 1048): GC_EXPLICIT freed 214 objects / 11808 bytes in 10ms
